{"id":3981,"date":"2022-05-03T09:21:48","date_gmt":"2022-05-03T09:21:48","guid":{"rendered":"https:\/\/www.promusicsmallorca.org\/?post_type=product&#038;p=3981"},"modified":"2022-05-03T09:21:48","modified_gmt":"2022-05-03T09:21:48","slug":"mandinga-songs-of-brasil","status":"publish","type":"product","link":"https:\/\/www.promusicsmallorca.org\/es\/catalogo-promusics\/mandinga-songs-of-brasil\/","title":{"rendered":"Mandinga Songs of Brasil"},"content":{"rendered":"<p>Aninha Paschoal es autodidacta, empezando su camino musical a trav\u00e9s de la capoeira y de la investigaci\u00f3n de la cultura popular de Brasil. Cantante y percusionista. Con Forr\u00f3 da Madame Bai\u00e3o particip\u00f3 en varios festivales de Europa. Ahora con Daniel Roth a la guitarra (\u00f3 piano) presenta Mandinga Songs of Brasil, tb con temas de Reggae y Swing,(Ella canta en ingl\u00e9s tambi\u00e9n.) Daniel Roth, nacido en Nyc, es bien conocido en guitarra y piano, por su calidad musical. Graduado del Berklee College (Boston) ha sido profe en el Aula, y Taller de Musics (Bcn.)<\/p>\n<p>&nbsp;<\/p>\n<p style=\"text-align: right;\">Dan J. Roth: 65554344 \/ <a href=\"mailto:rothdani@hotmail.com\">rothdani@hotmail.com<\/a><\/p>\n","protected":false},"excerpt":{"rendered":"<p style=\"text-align: center;\">Dan J. Roth &#8211; Guitarra, Piano<br \/>\nAna Claudia Paschoal &#8211; Voz, Pecusi\u00f3n<\/p>\n","protected":false},"featured_media":3982,"template":"","meta":{"_et_pb_use_builder":"","_et_pb_old_content":"","_et_gb_content_width":""},"product_cat":[132,158,122],"product_tag":[91],"yoast_head":"<!-- This site is optimized with the Yoast SEO Premium plugin v15.7 - https:\/\/yoast.com\/wordpress\/plugins\/seo\/ -->\n<title>Mandinga Songs of Brasil - ProM\u00fasics Mallorca<\/title>\n<meta name=\"robots\" content=\"index, follow, max-snippet:-1, max-image-preview:large, max-video-preview:-1\" \/>\n<link rel=\"canonical\" href=\"https:\/\/www.promusicsmallorca.org\/es\/catalogo-promusics\/mandinga-songs-of-brasil\/\" \/>\n<meta property=\"og:locale\" content=\"es_ES\" \/>\n<meta property=\"og:type\" content=\"article\" \/>\n<meta property=\"og:title\" content=\"Mandinga Songs of Brasil - ProM\u00fasics Mallorca\" \/>\n<meta property=\"og:description\" content=\"Dan J. Roth - Guitarra, Piano Ana Claudia Paschoal - Voz, Pecusi\u00f3n\" \/>\n<meta property=\"og:url\" content=\"https:\/\/www.promusicsmallorca.org\/es\/catalogo-promusics\/mandinga-songs-of-brasil\/\" \/>\n<meta property=\"og:site_name\" content=\"ProM\u00fasics Mallorca\" \/>\n<meta property=\"article:publisher\" content=\"https:\/\/www.facebook.com\/promusicsmallorca\" \/>\n<meta property=\"og:image\" content=\"https:\/\/i0.wp.com\/www.promusicsmallorca.org\/wp-content\/uploads\/2022\/05\/Aninha-y-Dani-small-scaled.jpg?fit=1917%2C2560&#038;ssl=1\" \/>\n\t<meta property=\"og:image:width\" content=\"1917\" \/>\n\t<meta property=\"og:image:height\" content=\"2560\" \/>\n<meta name=\"twitter:card\" content=\"summary_large_image\" \/>\n<meta name=\"twitter:label1\" content=\"Tiempo de lectura\">\n\t<meta name=\"twitter:data1\" content=\"1 minuto\">\n<script type=\"application\/ld+json\" class=\"yoast-schema-graph\">{\"@context\":\"https:\/\/schema.org\",\"@graph\":[{\"@type\":\"Organization\",\"@id\":\"https:\/\/www.promusicsmallorca.org\/#organization\",\"name\":\"ProM\\u00fasics Mallorca\",\"url\":\"https:\/\/www.promusicsmallorca.org\/\",\"sameAs\":[\"https:\/\/www.facebook.com\/promusicsmallorca\",\"https:\/\/www.instagram.com\/promusicsmallorca\/\",\"https:\/\/www.youtube.com\/channel\/UCWwttYA4JPovS2RZiGlHgpA\"],\"logo\":{\"@type\":\"ImageObject\",\"@id\":\"https:\/\/www.promusicsmallorca.org\/#logo\",\"inLanguage\":\"es\",\"url\":\"https:\/\/i0.wp.com\/www.promusicsmallorca.org\/wp-content\/uploads\/2021\/02\/image0.png?fit=10224%2C7725&ssl=1\",\"width\":10224,\"height\":7725,\"caption\":\"ProM\\u00fasics Mallorca\"},\"image\":{\"@id\":\"https:\/\/www.promusicsmallorca.org\/#logo\"}},{\"@type\":\"WebSite\",\"@id\":\"https:\/\/www.promusicsmallorca.org\/#website\",\"url\":\"https:\/\/www.promusicsmallorca.org\/\",\"name\":\"ProM\\u00fasics Mallorca\",\"description\":\"Associaci\\u00f3 de Professionals de la M\\u00fasica de Mallorca\",\"publisher\":{\"@id\":\"https:\/\/www.promusicsmallorca.org\/#organization\"},\"potentialAction\":[{\"@type\":\"SearchAction\",\"target\":\"https:\/\/www.promusicsmallorca.org\/?s={search_term_string}\",\"query-input\":\"required name=search_term_string\"}],\"inLanguage\":\"es\"},{\"@type\":\"ImageObject\",\"@id\":\"https:\/\/www.promusicsmallorca.org\/es\/catalogo-promusics\/mandinga-songs-of-brasil\/#primaryimage\",\"inLanguage\":\"es\",\"url\":\"https:\/\/i0.wp.com\/www.promusicsmallorca.org\/wp-content\/uploads\/2022\/05\/Aninha-y-Dani-small-scaled.jpg?fit=1917%2C2560&ssl=1\",\"width\":1917,\"height\":2560},{\"@type\":\"WebPage\",\"@id\":\"https:\/\/www.promusicsmallorca.org\/es\/catalogo-promusics\/mandinga-songs-of-brasil\/#webpage\",\"url\":\"https:\/\/www.promusicsmallorca.org\/es\/catalogo-promusics\/mandinga-songs-of-brasil\/\",\"name\":\"Mandinga Songs of Brasil - ProM\\u00fasics Mallorca\",\"isPartOf\":{\"@id\":\"https:\/\/www.promusicsmallorca.org\/#website\"},\"primaryImageOfPage\":{\"@id\":\"https:\/\/www.promusicsmallorca.org\/es\/catalogo-promusics\/mandinga-songs-of-brasil\/#primaryimage\"},\"datePublished\":\"2022-05-03T09:21:48+00:00\",\"dateModified\":\"2022-05-03T09:21:48+00:00\",\"inLanguage\":\"es\",\"potentialAction\":[{\"@type\":\"ReadAction\",\"target\":[\"https:\/\/www.promusicsmallorca.org\/es\/catalogo-promusics\/mandinga-songs-of-brasil\/\"]}]}]}<\/script>\n<!-- \/ Yoast SEO Premium plugin. -->","jetpack_sharing_enabled":true,"_links":{"self":[{"href":"https:\/\/www.promusicsmallorca.org\/es\/wp-json\/wp\/v2\/product\/3981"}],"collection":[{"href":"https:\/\/www.promusicsmallorca.org\/es\/wp-json\/wp\/v2\/product"}],"about":[{"href":"https:\/\/www.promusicsmallorca.org\/es\/wp-json\/wp\/v2\/types\/product"}],"wp:featuredmedia":[{"embeddable":true,"href":"https:\/\/www.promusicsmallorca.org\/es\/wp-json\/wp\/v2\/media\/3982"}],"wp:attachment":[{"href":"https:\/\/www.promusicsmallorca.org\/es\/wp-json\/wp\/v2\/media?parent=3981"}],"wp:term":[{"taxonomy":"product_cat","embeddable":true,"href":"https:\/\/www.promusicsmallorca.org\/es\/wp-json\/wp\/v2\/product_cat?post=3981"},{"taxonomy":"product_tag","embeddable":true,"href":"https:\/\/www.promusicsmallorca.org\/es\/wp-json\/wp\/v2\/product_tag?post=3981"}],"curies":[{"name":"wp","href":"https:\/\/api.w.org\/{rel}","templated":true}]}}

<p>Aninha Paschoal es autodidacta, empezando su camino musical a través de la capoeira y de la investigación de la cultura popular de Brasil. Cantante y percusionista. Con Forró da Madame Baião participó en varios festivales de Europa. Ahora con Daniel Roth a la guitarra (ó piano) presenta Mandinga Songs of Brasil, tb con temas de Reggae y Swing,(Ella canta en inglés también.) Daniel Roth, nacido en Nyc, es bien conocido en guitarra y piano, por su calidad musical. Graduado del Berklee College (Boston) ha sido profe en el Aula, y Taller de Musics (Bcn.)</p>
<p>&nbsp;</p>
<p style="text-align: right;">Dan J. Roth: 65554344 / <a href="mailto:rothdani@hotmail.com">rothdani@hotmail.com</a></p>

<p style="text-align: center;">Dan J. Roth &#8211; Guitarra, Piano<br />
Ana Claudia Paschoal &#8211; Voz, Pecusión</p>

<!-- This site is optimized with the Yoast SEO Premium plugin v15.7 - https://yoast.com/wordpress/plugins/seo/ -->
<title>Mandinga Songs of Brasil - ProMúsics Mallorca</title>
<meta name="robots" content="index, follow, max-snippet:-1, max-image-preview:large, max-video-preview:-1" />
<link rel="canonical" href="https://www.promusicsmallorca.org/es/catalogo-promusics/mandinga-songs-of-brasil/" />
<meta property="og:locale" content="es_ES" />
<meta property="og:type" content="article" />
<meta property="og:title" content="Mandinga Songs of Brasil - ProMúsics Mallorca" />
<meta property="og:description" content="Dan J. Roth - Guitarra, Piano Ana Claudia Paschoal - Voz, Pecusión" />
<meta property="og:url" content="https://www.promusicsmallorca.org/es/catalogo-promusics/mandinga-songs-of-brasil/" />
<meta property="og:site_name" content="ProMúsics Mallorca" />
<meta property="article:publisher" content="https://www.facebook.com/promusicsmallorca" />
<meta property="og:image" content="https://i0.wp.com/www.promusicsmallorca.org/wp-content/uploads/2022/05/Aninha-y-Dani-small-scaled.jpg?fit=1917%2C2560&#038;ssl=1" />
	<meta property="og:image:width" content="1917" />
	<meta property="og:image:height" content="2560" />
<meta name="twitter:card" content="summary_large_image" />
<meta name="twitter:label1" content="Tiempo de lectura">
	<meta name="twitter:data1" content="1 minuto">
<script type="application/ld+json" class="yoast-schema-graph">{"@context":"https://schema.org","@graph":[{"@type":"Organization","@id":"https://www.promusicsmallorca.org/#organization","name":"ProM\u00fasics Mallorca","url":"https://www.promusicsmallorca.org/","sameAs":["https://www.facebook.com/promusicsmallorca","https://www.instagram.com/promusicsmallorca/","https://www.youtube.com/channel/UCWwttYA4JPovS2RZiGlHgpA"],"logo":{"@type":"ImageObject","@id":"https://www.promusicsmallorca.org/#logo","inLanguage":"es","url":"https://i0.wp.com/www.promusicsmallorca.org/wp-content/uploads/2021/02/image0.png?fit=10224%2C7725&ssl=1","width":10224,"height":7725,"caption":"ProM\u00fasics Mallorca"},"image":{"@id":"https://www.promusicsmallorca.org/#logo"}},{"@type":"WebSite","@id":"https://www.promusicsmallorca.org/#website","url":"https://www.promusicsmallorca.org/","name":"ProM\u00fasics Mallorca","description":"Associaci\u00f3 de Professionals de la M\u00fasica de Mallorca","publisher":{"@id":"https://www.promusicsmallorca.org/#organization"},"potentialAction":[{"@type":"SearchAction","target":"https://www.promusicsmallorca.org/?s={search_term_string}","query-input":"required name=search_term_string"}],"inLanguage":"es"},{"@type":"ImageObject","@id":"https://www.promusicsmallorca.org/es/catalogo-promusics/mandinga-songs-of-brasil/#primaryimage","inLanguage":"es","url":"https://i0.wp.com/www.promusicsmallorca.org/wp-content/uploads/2022/05/Aninha-y-Dani-small-scaled.jpg?fit=1917%2C2560&ssl=1","width":1917,"height":2560},{"@type":"WebPage","@id":"https://www.promusicsmallorca.org/es/catalogo-promusics/mandinga-songs-of-brasil/#webpage","url":"https://www.promusicsmallorca.org/es/catalogo-promusics/mandinga-songs-of-brasil/","name":"Mandinga Songs of Brasil - ProM\u00fasics Mallorca","isPartOf":{"@id":"https://www.promusicsmallorca.org/#website"},"primaryImageOfPage":{"@id":"https://www.promusicsmallorca.org/es/catalogo-promusics/mandinga-songs-of-brasil/#primaryimage"},"datePublished":"2022-05-03T09:21:48+00:00","dateModified":"2022-05-03T09:21:48+00:00","inLanguage":"es","potentialAction":[{"@type":"ReadAction","target":["https://www.promusicsmallorca.org/es/catalogo-promusics/mandinga-songs-of-brasil/"]}]}]}</script>
<!-- / Yoast SEO Premium plugin. -->
