{"id":3883,"date":"2022-01-10T09:47:28","date_gmt":"2022-01-10T09:47:28","guid":{"rendered":"https:\/\/www.promusicsmallorca.org\/?post_type=product&#038;p=3883"},"modified":"2022-05-04T09:00:55","modified_gmt":"2022-05-04T09:00:55","slug":"psiconautas","status":"publish","type":"product","link":"https:\/\/www.promusicsmallorca.org\/es\/catalogo-promusics\/psiconautas\/","title":{"rendered":"Psiconautas"},"content":{"rendered":"<p>Como buenos y experimentados navegantes, los miembros de \u00abPsiconautas\u00bb, se enfrentan sin miedo y expectantes a los m\u00faltiples retos de un viaje apasionante. Seguir en la m\u00fasica, ofrecer conciertos, hacer un nuevo disco, forman parte de un recorrido estimulante, pero nada f\u00e1cil, aunque estos nautas de nuestro tiempo saben timonear con maestr\u00eda, para sortear los m\u00faltiples escollos con los que se encuentra su periplo. -Tato Puerto- Director de \u00bb en un mundo feliz\u00bb Radio 3<\/p>\n<pre style=\"text-align: center;\"><a href=\"http:\/\/www.albertovizcaino.net\">http:\/\/www.albertovizcaino.net<\/a><\/pre>\n<p style=\"text-align: right;\">Alberto Vizcaino: 658530449 \/ <a href=\"mailto:avesubmarinista@gmail.com\">avesubmarinista@gmail.com<\/a><\/p>\n","protected":false},"excerpt":{"rendered":"<p style=\"text-align: center;\">Alberto Vizcaino &#8211; Guitarra y Voz.<br \/>\nFran Sobrino -Bajo.<br \/>\nAngel Urpi &#8211; Violin y Trompeta.<br \/>\nJavier Fernandez &#8211; Guitarra.<br \/>\nJuan Mateo Coll &#8211; Bateria.<\/p>\n","protected":false},"featured_media":3884,"template":"","meta":{"_et_pb_use_builder":"","_et_pb_old_content":"","_et_gb_content_width":""},"product_cat":[65],"product_tag":[92],"yoast_head":"<!-- This site is optimized with the Yoast SEO Premium plugin v15.7 - https:\/\/yoast.com\/wordpress\/plugins\/seo\/ -->\n<title>Psiconautas - ProM\u00fasics Mallorca<\/title>\n<meta name=\"robots\" content=\"index, follow, max-snippet:-1, max-image-preview:large, max-video-preview:-1\" \/>\n<link rel=\"canonical\" href=\"https:\/\/www.promusicsmallorca.org\/es\/catalogo-promusics\/psiconautas\/\" \/>\n<meta property=\"og:locale\" content=\"es_ES\" \/>\n<meta property=\"og:type\" content=\"article\" \/>\n<meta property=\"og:title\" content=\"Psiconautas - ProM\u00fasics Mallorca\" \/>\n<meta property=\"og:description\" content=\"Alberto Vizcaino - Guitarra y Voz. Fran Sobrino -Bajo. Angel Urpi - Violin y Trompeta. Javier Fernandez - Guitarra. Juan Mateo Coll - Bateria.\" \/>\n<meta property=\"og:url\" content=\"https:\/\/www.promusicsmallorca.org\/es\/catalogo-promusics\/psiconautas\/\" \/>\n<meta property=\"og:site_name\" content=\"ProM\u00fasics Mallorca\" \/>\n<meta property=\"article:publisher\" content=\"https:\/\/www.facebook.com\/promusicsmallorca\" \/>\n<meta property=\"article:modified_time\" content=\"2022-05-04T09:00:55+00:00\" \/>\n<meta property=\"og:image\" content=\"https:\/\/i0.wp.com\/www.promusicsmallorca.org\/wp-content\/uploads\/2022\/01\/WhatsApp-Image-2021-10-14-at-17.06.49.jpeg?fit=1599%2C1200&#038;ssl=1\" \/>\n\t<meta property=\"og:image:width\" content=\"1599\" \/>\n\t<meta property=\"og:image:height\" content=\"1200\" \/>\n<meta name=\"twitter:card\" content=\"summary_large_image\" \/>\n<script type=\"application\/ld+json\" class=\"yoast-schema-graph\">{\"@context\":\"https:\/\/schema.org\",\"@graph\":[{\"@type\":\"Organization\",\"@id\":\"https:\/\/www.promusicsmallorca.org\/#organization\",\"name\":\"ProM\\u00fasics Mallorca\",\"url\":\"https:\/\/www.promusicsmallorca.org\/\",\"sameAs\":[\"https:\/\/www.facebook.com\/promusicsmallorca\",\"https:\/\/www.instagram.com\/promusicsmallorca\/\",\"https:\/\/www.youtube.com\/channel\/UCWwttYA4JPovS2RZiGlHgpA\"],\"logo\":{\"@type\":\"ImageObject\",\"@id\":\"https:\/\/www.promusicsmallorca.org\/#logo\",\"inLanguage\":\"es\",\"url\":\"https:\/\/i0.wp.com\/www.promusicsmallorca.org\/wp-content\/uploads\/2021\/02\/image0.png?fit=10224%2C7725&ssl=1\",\"width\":10224,\"height\":7725,\"caption\":\"ProM\\u00fasics Mallorca\"},\"image\":{\"@id\":\"https:\/\/www.promusicsmallorca.org\/#logo\"}},{\"@type\":\"WebSite\",\"@id\":\"https:\/\/www.promusicsmallorca.org\/#website\",\"url\":\"https:\/\/www.promusicsmallorca.org\/\",\"name\":\"ProM\\u00fasics Mallorca\",\"description\":\"Associaci\\u00f3 de Professionals de la M\\u00fasica de Mallorca\",\"publisher\":{\"@id\":\"https:\/\/www.promusicsmallorca.org\/#organization\"},\"potentialAction\":[{\"@type\":\"SearchAction\",\"target\":\"https:\/\/www.promusicsmallorca.org\/?s={search_term_string}\",\"query-input\":\"required name=search_term_string\"}],\"inLanguage\":\"es\"},{\"@type\":\"ImageObject\",\"@id\":\"https:\/\/www.promusicsmallorca.org\/es\/catalogo-promusics\/psiconautas\/#primaryimage\",\"inLanguage\":\"es\",\"url\":\"https:\/\/i0.wp.com\/www.promusicsmallorca.org\/wp-content\/uploads\/2022\/01\/WhatsApp-Image-2021-10-14-at-17.06.49.jpeg?fit=1599%2C1200&ssl=1\",\"width\":1599,\"height\":1200},{\"@type\":\"WebPage\",\"@id\":\"https:\/\/www.promusicsmallorca.org\/es\/catalogo-promusics\/psiconautas\/#webpage\",\"url\":\"https:\/\/www.promusicsmallorca.org\/es\/catalogo-promusics\/psiconautas\/\",\"name\":\"Psiconautas - ProM\\u00fasics Mallorca\",\"isPartOf\":{\"@id\":\"https:\/\/www.promusicsmallorca.org\/#website\"},\"primaryImageOfPage\":{\"@id\":\"https:\/\/www.promusicsmallorca.org\/es\/catalogo-promusics\/psiconautas\/#primaryimage\"},\"datePublished\":\"2022-01-10T09:47:28+00:00\",\"dateModified\":\"2022-05-04T09:00:55+00:00\",\"inLanguage\":\"es\",\"potentialAction\":[{\"@type\":\"ReadAction\",\"target\":[\"https:\/\/www.promusicsmallorca.org\/es\/catalogo-promusics\/psiconautas\/\"]}]}]}<\/script>\n<!-- \/ Yoast SEO Premium plugin. -->","jetpack_sharing_enabled":true,"_links":{"self":[{"href":"https:\/\/www.promusicsmallorca.org\/es\/wp-json\/wp\/v2\/product\/3883"}],"collection":[{"href":"https:\/\/www.promusicsmallorca.org\/es\/wp-json\/wp\/v2\/product"}],"about":[{"href":"https:\/\/www.promusicsmallorca.org\/es\/wp-json\/wp\/v2\/types\/product"}],"wp:featuredmedia":[{"embeddable":true,"href":"https:\/\/www.promusicsmallorca.org\/es\/wp-json\/wp\/v2\/media\/3884"}],"wp:attachment":[{"href":"https:\/\/www.promusicsmallorca.org\/es\/wp-json\/wp\/v2\/media?parent=3883"}],"wp:term":[{"taxonomy":"product_cat","embeddable":true,"href":"https:\/\/www.promusicsmallorca.org\/es\/wp-json\/wp\/v2\/product_cat?post=3883"},{"taxonomy":"product_tag","embeddable":true,"href":"https:\/\/www.promusicsmallorca.org\/es\/wp-json\/wp\/v2\/product_tag?post=3883"}],"curies":[{"name":"wp","href":"https:\/\/api.w.org\/{rel}","templated":true}]}}

<p>Como buenos y experimentados navegantes, los miembros de «Psiconautas», se enfrentan sin miedo y expectantes a los múltiples retos de un viaje apasionante. Seguir en la música, ofrecer conciertos, hacer un nuevo disco, forman parte de un recorrido estimulante, pero nada fácil, aunque estos nautas de nuestro tiempo saben timonear con maestría, para sortear los múltiples escollos con los que se encuentra su periplo. -Tato Puerto- Director de » en un mundo feliz» Radio 3</p>
<pre style="text-align: center;"><a href="http://www.albertovizcaino.net">http://www.albertovizcaino.net</a></pre>
<p style="text-align: right;">Alberto Vizcaino: 658530449 / <a href="mailto:avesubmarinista@gmail.com">avesubmarinista@gmail.com</a></p>

<!-- This site is optimized with the Yoast SEO Premium plugin v15.7 - https://yoast.com/wordpress/plugins/seo/ -->
<title>Psiconautas - ProMúsics Mallorca</title>
<meta name="robots" content="index, follow, max-snippet:-1, max-image-preview:large, max-video-preview:-1" />
<link rel="canonical" href="https://www.promusicsmallorca.org/es/catalogo-promusics/psiconautas/" />
<meta property="og:locale" content="es_ES" />
<meta property="og:type" content="article" />
<meta property="og:title" content="Psiconautas - ProMúsics Mallorca" />
<meta property="og:description" content="Alberto Vizcaino - Guitarra y Voz. Fran Sobrino -Bajo. Angel Urpi - Violin y Trompeta. Javier Fernandez - Guitarra. Juan Mateo Coll - Bateria." />
<meta property="og:url" content="https://www.promusicsmallorca.org/es/catalogo-promusics/psiconautas/" />
<meta property="og:site_name" content="ProMúsics Mallorca" />
<meta property="article:publisher" content="https://www.facebook.com/promusicsmallorca" />
<meta property="article:modified_time" content="2022-05-04T09:00:55+00:00" />
<meta property="og:image" content="https://i0.wp.com/www.promusicsmallorca.org/wp-content/uploads/2022/01/WhatsApp-Image-2021-10-14-at-17.06.49.jpeg?fit=1599%2C1200&#038;ssl=1" />
	<meta property="og:image:width" content="1599" />
	<meta property="og:image:height" content="1200" />
<meta name="twitter:card" content="summary_large_image" />
<script type="application/ld+json" class="yoast-schema-graph">{"@context":"https://schema.org","@graph":[{"@type":"Organization","@id":"https://www.promusicsmallorca.org/#organization","name":"ProM\u00fasics Mallorca","url":"https://www.promusicsmallorca.org/","sameAs":["https://www.facebook.com/promusicsmallorca","https://www.instagram.com/promusicsmallorca/","https://www.youtube.com/channel/UCWwttYA4JPovS2RZiGlHgpA"],"logo":{"@type":"ImageObject","@id":"https://www.promusicsmallorca.org/#logo","inLanguage":"es","url":"https://i0.wp.com/www.promusicsmallorca.org/wp-content/uploads/2021/02/image0.png?fit=10224%2C7725&ssl=1","width":10224,"height":7725,"caption":"ProM\u00fasics Mallorca"},"image":{"@id":"https://www.promusicsmallorca.org/#logo"}},{"@type":"WebSite","@id":"https://www.promusicsmallorca.org/#website","url":"https://www.promusicsmallorca.org/","name":"ProM\u00fasics Mallorca","description":"Associaci\u00f3 de Professionals de la M\u00fasica de Mallorca","publisher":{"@id":"https://www.promusicsmallorca.org/#organization"},"potentialAction":[{"@type":"SearchAction","target":"https://www.promusicsmallorca.org/?s={search_term_string}","query-input":"required name=search_term_string"}],"inLanguage":"es"},{"@type":"ImageObject","@id":"https://www.promusicsmallorca.org/es/catalogo-promusics/psiconautas/#primaryimage","inLanguage":"es","url":"https://i0.wp.com/www.promusicsmallorca.org/wp-content/uploads/2022/01/WhatsApp-Image-2021-10-14-at-17.06.49.jpeg?fit=1599%2C1200&ssl=1","width":1599,"height":1200},{"@type":"WebPage","@id":"https://www.promusicsmallorca.org/es/catalogo-promusics/psiconautas/#webpage","url":"https://www.promusicsmallorca.org/es/catalogo-promusics/psiconautas/","name":"Psiconautas - ProM\u00fasics Mallorca","isPartOf":{"@id":"https://www.promusicsmallorca.org/#website"},"primaryImageOfPage":{"@id":"https://www.promusicsmallorca.org/es/catalogo-promusics/psiconautas/#primaryimage"},"datePublished":"2022-01-10T09:47:28+00:00","dateModified":"2022-05-04T09:00:55+00:00","inLanguage":"es","potentialAction":[{"@type":"ReadAction","target":["https://www.promusicsmallorca.org/es/catalogo-promusics/psiconautas/"]}]}]}</script>
<!-- / Yoast SEO Premium plugin. -->
