{"id":3631,"date":"2021-04-03T07:58:09","date_gmt":"2021-04-03T07:58:09","guid":{"rendered":"https:\/\/www.promusicsmallorca.org\/?post_type=product&#038;p=3631"},"modified":"2022-05-04T08:57:30","modified_gmt":"2022-05-04T08:57:30","slug":"sebastia-cardell","status":"publish","type":"product","link":"https:\/\/www.promusicsmallorca.org\/es\/catalogo-promusics\/sebastia-cardell\/","title":{"rendered":"Sebasti\u00e0 Cardell"},"content":{"rendered":"<div class=\"btns-llengues row\">\n<div class=\"col-xs-12\">\n<div class=\"btns-llengues-origen btn-group\" role=\"group\">\n<div class=\"btn-group\" role=\"group\">\n<div id=\"div_select_origin\">\n<p class=\"form-control second-textarea\">Estudia guitarra cl\u00e1sica en el Conservatorio de su Ciudad. A los 17 despierta su inter\u00e9s por el Jazz y la guitarra el\u00e9ctrica y contacta con el guitarrista catal\u00e1n Manolo Bolao, del que toma clases. Poco tiempo despu\u00e9s forma parte del tr\u00edo de su maestro junto al violinista Salvador Font \u00abMantequilla\u00bb. Durante su amplia trayectoria ha tocado en numerosos grupos en los locales m\u00e1s emblem\u00e1ticos de la Isla y en varias ediciones del Festival de Jazz de Palma. Su repertorio incluye Jazz, bossa, temas pop y de cine.<\/p>\n<p style=\"text-align: right;\">Sebasti\u00e1n Cardell Flux\u00e1: 601081887 \/ <a href=\"mailto:tia_cardell@hotmail.es\" target=\"_blank\" rel=\"noopener\">tia_cardell@hotmail.es<\/a><\/p>\n<\/div>\n<\/div>\n<\/div>\n<\/div>\n<\/div>\n<form class=\"formulari form-horizontal\"><\/form>\n","protected":false},"excerpt":{"rendered":"<p style=\"text-align: center;\">Sebasti\u00e1n Cardell Flux\u00e1 &#8211; guitarra<\/p>\n","protected":false},"featured_media":3632,"template":"","meta":{"_et_pb_use_builder":"","_et_pb_old_content":"","_et_gb_content_width":""},"product_cat":[100,153],"product_tag":[101],"yoast_head":"<!-- This site is optimized with the Yoast SEO Premium plugin v15.7 - https:\/\/yoast.com\/wordpress\/plugins\/seo\/ -->\n<title>Sebasti\u00e0 Cardell - ProM\u00fasics Mallorca<\/title>\n<meta name=\"robots\" content=\"index, follow, max-snippet:-1, max-image-preview:large, max-video-preview:-1\" \/>\n<link rel=\"canonical\" href=\"https:\/\/www.promusicsmallorca.org\/es\/catalogo-promusics\/sebastia-cardell\/\" \/>\n<meta property=\"og:locale\" content=\"es_ES\" \/>\n<meta property=\"og:type\" content=\"article\" \/>\n<meta property=\"og:title\" content=\"Sebasti\u00e0 Cardell - ProM\u00fasics Mallorca\" \/>\n<meta property=\"og:description\" content=\"Sebasti\u00e1n Cardell Flux\u00e1 - guitarra\" \/>\n<meta property=\"og:url\" content=\"https:\/\/www.promusicsmallorca.org\/es\/catalogo-promusics\/sebastia-cardell\/\" \/>\n<meta property=\"og:site_name\" content=\"ProM\u00fasics Mallorca\" \/>\n<meta property=\"article:publisher\" content=\"https:\/\/www.facebook.com\/promusicsmallorca\" \/>\n<meta property=\"article:modified_time\" content=\"2022-05-04T08:57:30+00:00\" \/>\n<meta property=\"og:image\" content=\"https:\/\/i0.wp.com\/www.promusicsmallorca.org\/wp-content\/uploads\/2021\/04\/Sebastia-Cardell-guitarrista.jpg?fit=1862%2C1779&#038;ssl=1\" \/>\n\t<meta property=\"og:image:width\" content=\"1862\" \/>\n\t<meta property=\"og:image:height\" content=\"1779\" \/>\n<meta name=\"twitter:card\" content=\"summary_large_image\" \/>\n<meta name=\"twitter:label1\" content=\"Tiempo de lectura\">\n\t<meta name=\"twitter:data1\" content=\"1 minuto\">\n<script type=\"application\/ld+json\" class=\"yoast-schema-graph\">{\"@context\":\"https:\/\/schema.org\",\"@graph\":[{\"@type\":\"Organization\",\"@id\":\"https:\/\/www.promusicsmallorca.org\/#organization\",\"name\":\"ProM\\u00fasics Mallorca\",\"url\":\"https:\/\/www.promusicsmallorca.org\/\",\"sameAs\":[\"https:\/\/www.facebook.com\/promusicsmallorca\",\"https:\/\/www.instagram.com\/promusicsmallorca\/\",\"https:\/\/www.youtube.com\/channel\/UCWwttYA4JPovS2RZiGlHgpA\"],\"logo\":{\"@type\":\"ImageObject\",\"@id\":\"https:\/\/www.promusicsmallorca.org\/#logo\",\"inLanguage\":\"es\",\"url\":\"https:\/\/i0.wp.com\/www.promusicsmallorca.org\/wp-content\/uploads\/2021\/02\/image0.png?fit=10224%2C7725&ssl=1\",\"width\":10224,\"height\":7725,\"caption\":\"ProM\\u00fasics Mallorca\"},\"image\":{\"@id\":\"https:\/\/www.promusicsmallorca.org\/#logo\"}},{\"@type\":\"WebSite\",\"@id\":\"https:\/\/www.promusicsmallorca.org\/#website\",\"url\":\"https:\/\/www.promusicsmallorca.org\/\",\"name\":\"ProM\\u00fasics Mallorca\",\"description\":\"Associaci\\u00f3 de Professionals de la M\\u00fasica de Mallorca\",\"publisher\":{\"@id\":\"https:\/\/www.promusicsmallorca.org\/#organization\"},\"potentialAction\":[{\"@type\":\"SearchAction\",\"target\":\"https:\/\/www.promusicsmallorca.org\/?s={search_term_string}\",\"query-input\":\"required name=search_term_string\"}],\"inLanguage\":\"es\"},{\"@type\":\"ImageObject\",\"@id\":\"https:\/\/www.promusicsmallorca.org\/es\/catalogo-promusics\/sebastia-cardell\/#primaryimage\",\"inLanguage\":\"es\",\"url\":\"https:\/\/i0.wp.com\/www.promusicsmallorca.org\/wp-content\/uploads\/2021\/04\/Sebastia-Cardell-guitarrista.jpg?fit=1862%2C1779&ssl=1\",\"width\":1862,\"height\":1779},{\"@type\":\"WebPage\",\"@id\":\"https:\/\/www.promusicsmallorca.org\/es\/catalogo-promusics\/sebastia-cardell\/#webpage\",\"url\":\"https:\/\/www.promusicsmallorca.org\/es\/catalogo-promusics\/sebastia-cardell\/\",\"name\":\"Sebasti\\u00e0 Cardell - ProM\\u00fasics Mallorca\",\"isPartOf\":{\"@id\":\"https:\/\/www.promusicsmallorca.org\/#website\"},\"primaryImageOfPage\":{\"@id\":\"https:\/\/www.promusicsmallorca.org\/es\/catalogo-promusics\/sebastia-cardell\/#primaryimage\"},\"datePublished\":\"2021-04-03T07:58:09+00:00\",\"dateModified\":\"2022-05-04T08:57:30+00:00\",\"inLanguage\":\"es\",\"potentialAction\":[{\"@type\":\"ReadAction\",\"target\":[\"https:\/\/www.promusicsmallorca.org\/es\/catalogo-promusics\/sebastia-cardell\/\"]}]}]}<\/script>\n<!-- \/ Yoast SEO Premium plugin. -->","jetpack_sharing_enabled":true,"_links":{"self":[{"href":"https:\/\/www.promusicsmallorca.org\/es\/wp-json\/wp\/v2\/product\/3631"}],"collection":[{"href":"https:\/\/www.promusicsmallorca.org\/es\/wp-json\/wp\/v2\/product"}],"about":[{"href":"https:\/\/www.promusicsmallorca.org\/es\/wp-json\/wp\/v2\/types\/product"}],"wp:featuredmedia":[{"embeddable":true,"href":"https:\/\/www.promusicsmallorca.org\/es\/wp-json\/wp\/v2\/media\/3632"}],"wp:attachment":[{"href":"https:\/\/www.promusicsmallorca.org\/es\/wp-json\/wp\/v2\/media?parent=3631"}],"wp:term":[{"taxonomy":"product_cat","embeddable":true,"href":"https:\/\/www.promusicsmallorca.org\/es\/wp-json\/wp\/v2\/product_cat?post=3631"},{"taxonomy":"product_tag","embeddable":true,"href":"https:\/\/www.promusicsmallorca.org\/es\/wp-json\/wp\/v2\/product_tag?post=3631"}],"curies":[{"name":"wp","href":"https:\/\/api.w.org\/{rel}","templated":true}]}}

Sebastià Cardell

<div class="btns-llengues row">
<div class="col-xs-12">
<div class="btns-llengues-origen btn-group" role="group">
<div class="btn-group" role="group">
<div id="div_select_origin">
<p class="form-control second-textarea">Estudia guitarra clásica en el Conservatorio de su Ciudad. A los 17 despierta su interés por el Jazz y la guitarra eléctrica y contacta con el guitarrista catalán Manolo Bolao, del que toma clases. Poco tiempo después forma parte del trío de su maestro junto al violinista Salvador Font «Mantequilla». Durante su amplia trayectoria ha tocado en numerosos grupos en los locales más emblemáticos de la Isla y en varias ediciones del Festival de Jazz de Palma. Su repertorio incluye Jazz, bossa, temas pop y de cine.</p>
<p style="text-align: right;">Sebastián Cardell Fluxá: 601081887 / <a href="mailto:tia_cardell@hotmail.es" target="_blank" rel="noopener">tia_cardell@hotmail.es</a></p>
</div>
</div>
</div>
</div>
</div>
<form class="formulari form-horizontal"></form>

<p style="text-align: center;">Sebastián Cardell Fluxá &#8211; guitarra</p>

<!-- This site is optimized with the Yoast SEO Premium plugin v15.7 - https://yoast.com/wordpress/plugins/seo/ -->
<title>Sebastià Cardell - ProMúsics Mallorca</title>
<meta name="robots" content="index, follow, max-snippet:-1, max-image-preview:large, max-video-preview:-1" />
<link rel="canonical" href="https://www.promusicsmallorca.org/es/catalogo-promusics/sebastia-cardell/" />
<meta property="og:locale" content="es_ES" />
<meta property="og:type" content="article" />
<meta property="og:title" content="Sebastià Cardell - ProMúsics Mallorca" />
<meta property="og:description" content="Sebastián Cardell Fluxá - guitarra" />
<meta property="og:url" content="https://www.promusicsmallorca.org/es/catalogo-promusics/sebastia-cardell/" />
<meta property="og:site_name" content="ProMúsics Mallorca" />
<meta property="article:publisher" content="https://www.facebook.com/promusicsmallorca" />
<meta property="article:modified_time" content="2022-05-04T08:57:30+00:00" />
<meta property="og:image" content="https://i0.wp.com/www.promusicsmallorca.org/wp-content/uploads/2021/04/Sebastia-Cardell-guitarrista.jpg?fit=1862%2C1779&#038;ssl=1" />
	<meta property="og:image:width" content="1862" />
	<meta property="og:image:height" content="1779" />
<meta name="twitter:card" content="summary_large_image" />
<meta name="twitter:label1" content="Tiempo de lectura">
	<meta name="twitter:data1" content="1 minuto">
<script type="application/ld+json" class="yoast-schema-graph">{"@context":"https://schema.org","@graph":[{"@type":"Organization","@id":"https://www.promusicsmallorca.org/#organization","name":"ProM\u00fasics Mallorca","url":"https://www.promusicsmallorca.org/","sameAs":["https://www.facebook.com/promusicsmallorca","https://www.instagram.com/promusicsmallorca/","https://www.youtube.com/channel/UCWwttYA4JPovS2RZiGlHgpA"],"logo":{"@type":"ImageObject","@id":"https://www.promusicsmallorca.org/#logo","inLanguage":"es","url":"https://i0.wp.com/www.promusicsmallorca.org/wp-content/uploads/2021/02/image0.png?fit=10224%2C7725&ssl=1","width":10224,"height":7725,"caption":"ProM\u00fasics Mallorca"},"image":{"@id":"https://www.promusicsmallorca.org/#logo"}},{"@type":"WebSite","@id":"https://www.promusicsmallorca.org/#website","url":"https://www.promusicsmallorca.org/","name":"ProM\u00fasics Mallorca","description":"Associaci\u00f3 de Professionals de la M\u00fasica de Mallorca","publisher":{"@id":"https://www.promusicsmallorca.org/#organization"},"potentialAction":[{"@type":"SearchAction","target":"https://www.promusicsmallorca.org/?s={search_term_string}","query-input":"required name=search_term_string"}],"inLanguage":"es"},{"@type":"ImageObject","@id":"https://www.promusicsmallorca.org/es/catalogo-promusics/sebastia-cardell/#primaryimage","inLanguage":"es","url":"https://i0.wp.com/www.promusicsmallorca.org/wp-content/uploads/2021/04/Sebastia-Cardell-guitarrista.jpg?fit=1862%2C1779&ssl=1","width":1862,"height":1779},{"@type":"WebPage","@id":"https://www.promusicsmallorca.org/es/catalogo-promusics/sebastia-cardell/#webpage","url":"https://www.promusicsmallorca.org/es/catalogo-promusics/sebastia-cardell/","name":"Sebasti\u00e0 Cardell - ProM\u00fasics Mallorca","isPartOf":{"@id":"https://www.promusicsmallorca.org/#website"},"primaryImageOfPage":{"@id":"https://www.promusicsmallorca.org/es/catalogo-promusics/sebastia-cardell/#primaryimage"},"datePublished":"2021-04-03T07:58:09+00:00","dateModified":"2022-05-04T08:57:30+00:00","inLanguage":"es","potentialAction":[{"@type":"ReadAction","target":["https://www.promusicsmallorca.org/es/catalogo-promusics/sebastia-cardell/"]}]}]}</script>
<!-- / Yoast SEO Premium plugin. -->
