{"id":3428,"date":"2021-03-04T13:44:52","date_gmt":"2021-03-04T13:44:52","guid":{"rendered":"https:\/\/www.promusicsmallorca.org\/?post_type=product&#038;p=3428"},"modified":"2022-03-20T17:26:33","modified_gmt":"2022-03-20T17:26:33","slug":"purple-music","status":"publish","type":"product","link":"https:\/\/www.promusicsmallorca.org\/es\/catalogo-promusics\/purple-music\/","title":{"rendered":"Purple Music"},"content":{"rendered":"<p>D\u00fao especial de viol\u00edn y piano, en su formato m\u00e1s ac\u00fastico y con un repertorio moderno fusionando estilos como: Love songs, G\u00f3spel, Soul, Jazz, Bossa-nova, Pop y algunos conocidos de todos los tiempos. Una actuaci\u00f3n diferente ya que estos dos instrumentos suelen ser m\u00e1s cl\u00e1sicos y estas dos bellezas femeninas, con su larga trayectoria en m\u00fasica moderna, ofrecen un formato y estilo totalmente diferente al acostumbrado con estos instrumentos.<\/p>\n<pre style=\"text-align: center;\"><a href=\"https:\/\/www.youtube.com\/watch?v=xgBhX9RS2DM\" target=\"_blank\" rel=\"noopener\">https:\/\/www.youtube.com\/watch?v=xgBhX9RS2DM<\/a><\/pre>\n<p style=\"text-align: right;\">ISIS MONTERO: 660387454 \/<a href=\"mailto:isismontero@yahoo.es\" target=\"_blank\" rel=\"noopener\"> isismontero@yahoo.es<\/a><\/p>\n","protected":false},"excerpt":{"rendered":"<p style=\"text-align: center;\">Soriana Ivaniv &#8211; Violin<br \/>\nIsis \u00abApache\u00bb Montero &#8211; Piano<\/p>\n","protected":false},"featured_media":3429,"template":"","meta":{"_et_pb_use_builder":"","_et_pb_old_content":"","_et_gb_content_width":""},"product_cat":[237,132,96,84,66],"product_tag":[91],"yoast_head":"<!-- This site is optimized with the Yoast SEO Premium plugin v15.7 - https:\/\/yoast.com\/wordpress\/plugins\/seo\/ -->\n<title>Purple Music - ProM\u00fasics Mallorca<\/title>\n<meta name=\"robots\" content=\"index, follow, max-snippet:-1, max-image-preview:large, max-video-preview:-1\" \/>\n<link rel=\"canonical\" href=\"https:\/\/www.promusicsmallorca.org\/es\/catalogo-promusics\/purple-music\/\" \/>\n<meta property=\"og:locale\" content=\"es_ES\" \/>\n<meta property=\"og:type\" content=\"article\" \/>\n<meta property=\"og:title\" content=\"Purple Music - ProM\u00fasics Mallorca\" \/>\n<meta property=\"og:description\" content=\"Soriana Ivaniv - Violin Isis &quot;Apache&quot; Montero - Piano\" \/>\n<meta property=\"og:url\" content=\"https:\/\/www.promusicsmallorca.org\/es\/catalogo-promusics\/purple-music\/\" \/>\n<meta property=\"og:site_name\" content=\"ProM\u00fasics Mallorca\" \/>\n<meta property=\"article:publisher\" content=\"https:\/\/www.facebook.com\/promusicsmallorca\" \/>\n<meta property=\"article:modified_time\" content=\"2022-03-20T17:26:33+00:00\" \/>\n<meta property=\"og:image\" content=\"https:\/\/i0.wp.com\/www.promusicsmallorca.org\/wp-content\/uploads\/2021\/03\/purple-music-menos-resolucion-2-scaled.jpg?fit=2560%2C1436&#038;ssl=1\" \/>\n\t<meta property=\"og:image:width\" content=\"2560\" \/>\n\t<meta property=\"og:image:height\" content=\"1436\" \/>\n<meta name=\"twitter:card\" content=\"summary_large_image\" \/>\n<script type=\"application\/ld+json\" class=\"yoast-schema-graph\">{\"@context\":\"https:\/\/schema.org\",\"@graph\":[{\"@type\":\"Organization\",\"@id\":\"https:\/\/www.promusicsmallorca.org\/#organization\",\"name\":\"ProM\\u00fasics Mallorca\",\"url\":\"https:\/\/www.promusicsmallorca.org\/\",\"sameAs\":[\"https:\/\/www.facebook.com\/promusicsmallorca\",\"https:\/\/www.instagram.com\/promusicsmallorca\/\",\"https:\/\/www.youtube.com\/channel\/UCWwttYA4JPovS2RZiGlHgpA\"],\"logo\":{\"@type\":\"ImageObject\",\"@id\":\"https:\/\/www.promusicsmallorca.org\/#logo\",\"inLanguage\":\"es\",\"url\":\"https:\/\/i0.wp.com\/www.promusicsmallorca.org\/wp-content\/uploads\/2021\/02\/image0.png?fit=10224%2C7725&ssl=1\",\"width\":10224,\"height\":7725,\"caption\":\"ProM\\u00fasics Mallorca\"},\"image\":{\"@id\":\"https:\/\/www.promusicsmallorca.org\/#logo\"}},{\"@type\":\"WebSite\",\"@id\":\"https:\/\/www.promusicsmallorca.org\/#website\",\"url\":\"https:\/\/www.promusicsmallorca.org\/\",\"name\":\"ProM\\u00fasics Mallorca\",\"description\":\"Associaci\\u00f3 de Professionals de la M\\u00fasica de Mallorca\",\"publisher\":{\"@id\":\"https:\/\/www.promusicsmallorca.org\/#organization\"},\"potentialAction\":[{\"@type\":\"SearchAction\",\"target\":\"https:\/\/www.promusicsmallorca.org\/?s={search_term_string}\",\"query-input\":\"required name=search_term_string\"}],\"inLanguage\":\"es\"},{\"@type\":\"ImageObject\",\"@id\":\"https:\/\/www.promusicsmallorca.org\/es\/catalogo-promusics\/purple-music\/#primaryimage\",\"inLanguage\":\"es\",\"url\":\"https:\/\/i0.wp.com\/www.promusicsmallorca.org\/wp-content\/uploads\/2021\/03\/purple-music-menos-resolucion-2-scaled.jpg?fit=2560%2C1436&ssl=1\",\"width\":2560,\"height\":1436},{\"@type\":\"WebPage\",\"@id\":\"https:\/\/www.promusicsmallorca.org\/es\/catalogo-promusics\/purple-music\/#webpage\",\"url\":\"https:\/\/www.promusicsmallorca.org\/es\/catalogo-promusics\/purple-music\/\",\"name\":\"Purple Music - ProM\\u00fasics Mallorca\",\"isPartOf\":{\"@id\":\"https:\/\/www.promusicsmallorca.org\/#website\"},\"primaryImageOfPage\":{\"@id\":\"https:\/\/www.promusicsmallorca.org\/es\/catalogo-promusics\/purple-music\/#primaryimage\"},\"datePublished\":\"2021-03-04T13:44:52+00:00\",\"dateModified\":\"2022-03-20T17:26:33+00:00\",\"inLanguage\":\"es\",\"potentialAction\":[{\"@type\":\"ReadAction\",\"target\":[\"https:\/\/www.promusicsmallorca.org\/es\/catalogo-promusics\/purple-music\/\"]}]}]}<\/script>\n<!-- \/ Yoast SEO Premium plugin. -->","jetpack_sharing_enabled":true,"_links":{"self":[{"href":"https:\/\/www.promusicsmallorca.org\/es\/wp-json\/wp\/v2\/product\/3428"}],"collection":[{"href":"https:\/\/www.promusicsmallorca.org\/es\/wp-json\/wp\/v2\/product"}],"about":[{"href":"https:\/\/www.promusicsmallorca.org\/es\/wp-json\/wp\/v2\/types\/product"}],"wp:featuredmedia":[{"embeddable":true,"href":"https:\/\/www.promusicsmallorca.org\/es\/wp-json\/wp\/v2\/media\/3429"}],"wp:attachment":[{"href":"https:\/\/www.promusicsmallorca.org\/es\/wp-json\/wp\/v2\/media?parent=3428"}],"wp:term":[{"taxonomy":"product_cat","embeddable":true,"href":"https:\/\/www.promusicsmallorca.org\/es\/wp-json\/wp\/v2\/product_cat?post=3428"},{"taxonomy":"product_tag","embeddable":true,"href":"https:\/\/www.promusicsmallorca.org\/es\/wp-json\/wp\/v2\/product_tag?post=3428"}],"curies":[{"name":"wp","href":"https:\/\/api.w.org\/{rel}","templated":true}]}}

<p>Dúo especial de violín y piano, en su formato más acústico y con un repertorio moderno fusionando estilos como: Love songs, Góspel, Soul, Jazz, Bossa-nova, Pop y algunos conocidos de todos los tiempos. Una actuación diferente ya que estos dos instrumentos suelen ser más clásicos y estas dos bellezas femeninas, con su larga trayectoria en música moderna, ofrecen un formato y estilo totalmente diferente al acostumbrado con estos instrumentos.</p>
<pre style="text-align: center;"><a href="https://www.youtube.com/watch?v=xgBhX9RS2DM" target="_blank" rel="noopener">https://www.youtube.com/watch?v=xgBhX9RS2DM</a></pre>
<p style="text-align: right;">ISIS MONTERO: 660387454 /<a href="mailto:isismontero@yahoo.es" target="_blank" rel="noopener"> isismontero@yahoo.es</a></p>

<!-- This site is optimized with the Yoast SEO Premium plugin v15.7 - https://yoast.com/wordpress/plugins/seo/ -->
<title>Purple Music - ProMúsics Mallorca</title>
<meta name="robots" content="index, follow, max-snippet:-1, max-image-preview:large, max-video-preview:-1" />
<link rel="canonical" href="https://www.promusicsmallorca.org/es/catalogo-promusics/purple-music/" />
<meta property="og:locale" content="es_ES" />
<meta property="og:type" content="article" />
<meta property="og:title" content="Purple Music - ProMúsics Mallorca" />
<meta property="og:description" content="Soriana Ivaniv - Violin Isis &quot;Apache&quot; Montero - Piano" />
<meta property="og:url" content="https://www.promusicsmallorca.org/es/catalogo-promusics/purple-music/" />
<meta property="og:site_name" content="ProMúsics Mallorca" />
<meta property="article:publisher" content="https://www.facebook.com/promusicsmallorca" />
<meta property="article:modified_time" content="2022-03-20T17:26:33+00:00" />
<meta property="og:image" content="https://i0.wp.com/www.promusicsmallorca.org/wp-content/uploads/2021/03/purple-music-menos-resolucion-2-scaled.jpg?fit=2560%2C1436&#038;ssl=1" />
	<meta property="og:image:width" content="2560" />
	<meta property="og:image:height" content="1436" />
<meta name="twitter:card" content="summary_large_image" />
<script type="application/ld+json" class="yoast-schema-graph">{"@context":"https://schema.org","@graph":[{"@type":"Organization","@id":"https://www.promusicsmallorca.org/#organization","name":"ProM\u00fasics Mallorca","url":"https://www.promusicsmallorca.org/","sameAs":["https://www.facebook.com/promusicsmallorca","https://www.instagram.com/promusicsmallorca/","https://www.youtube.com/channel/UCWwttYA4JPovS2RZiGlHgpA"],"logo":{"@type":"ImageObject","@id":"https://www.promusicsmallorca.org/#logo","inLanguage":"es","url":"https://i0.wp.com/www.promusicsmallorca.org/wp-content/uploads/2021/02/image0.png?fit=10224%2C7725&ssl=1","width":10224,"height":7725,"caption":"ProM\u00fasics Mallorca"},"image":{"@id":"https://www.promusicsmallorca.org/#logo"}},{"@type":"WebSite","@id":"https://www.promusicsmallorca.org/#website","url":"https://www.promusicsmallorca.org/","name":"ProM\u00fasics Mallorca","description":"Associaci\u00f3 de Professionals de la M\u00fasica de Mallorca","publisher":{"@id":"https://www.promusicsmallorca.org/#organization"},"potentialAction":[{"@type":"SearchAction","target":"https://www.promusicsmallorca.org/?s={search_term_string}","query-input":"required name=search_term_string"}],"inLanguage":"es"},{"@type":"ImageObject","@id":"https://www.promusicsmallorca.org/es/catalogo-promusics/purple-music/#primaryimage","inLanguage":"es","url":"https://i0.wp.com/www.promusicsmallorca.org/wp-content/uploads/2021/03/purple-music-menos-resolucion-2-scaled.jpg?fit=2560%2C1436&ssl=1","width":2560,"height":1436},{"@type":"WebPage","@id":"https://www.promusicsmallorca.org/es/catalogo-promusics/purple-music/#webpage","url":"https://www.promusicsmallorca.org/es/catalogo-promusics/purple-music/","name":"Purple Music - ProM\u00fasics Mallorca","isPartOf":{"@id":"https://www.promusicsmallorca.org/#website"},"primaryImageOfPage":{"@id":"https://www.promusicsmallorca.org/es/catalogo-promusics/purple-music/#primaryimage"},"datePublished":"2021-03-04T13:44:52+00:00","dateModified":"2022-03-20T17:26:33+00:00","inLanguage":"es","potentialAction":[{"@type":"ReadAction","target":["https://www.promusicsmallorca.org/es/catalogo-promusics/purple-music/"]}]}]}</script>
<!-- / Yoast SEO Premium plugin. -->
