{"id":3424,"date":"2021-03-04T13:39:33","date_gmt":"2021-03-04T13:39:33","guid":{"rendered":"https:\/\/www.promusicsmallorca.org\/?post_type=product&#038;p=3424"},"modified":"2022-03-20T17:25:47","modified_gmt":"2022-03-20T17:25:47","slug":"jazz-in-out","status":"publish","type":"product","link":"https:\/\/www.promusicsmallorca.org\/es\/catalogo-promusics\/jazz-in-out\/","title":{"rendered":"Jazz in Out"},"content":{"rendered":"<p>Grupo que ofrece el m\u00e1s puro jazz y latin-jazz con alguna pincelada de algunos ritmos brasile\u00f1os. En su repertorio incluyen composiciones propias de la pianista que es la l\u00edder de este proyecto, Isis \u00abApache\u00bb Montero, disc\u00edpula de Bebo Vald\u00e9s y reconocida como primera figura femenina del latin-jazz en Espa\u00f1a. Cuarteto instrumental formado por m\u00fasicos con una larga trayectoria nacional e internacional en estos estilos.<\/p>\n<pre style=\"text-align: center;\"><a href=\"https:\/\/www.youtube.com\/watch?v=ApESlToLZhE\" target=\"_blank\" rel=\"noopener\">https:\/\/www.youtube.com\/watch?v=ApESlToLZhE<\/a><\/pre>\n<p style=\"text-align: right;\">ISIS MONTERO: 660387454 \/<a href=\"mailto:isismontero@yahoo.es\" target=\"_blank\" rel=\"noopener\"> isismontero@yahoo.es<\/a><\/p>\n","protected":false},"excerpt":{"rendered":"<p style=\"text-align: center;\">Isis \u00abApache\u00bb Montero &#8211; Piano<br \/>\nToni Cuenca &#8211; Bajo y Contrabajo<br \/>\nThomas Fontin &#8211; Saxo<br \/>\nJaume Ginard &#8211; Bater\u00eda<\/p>\n","protected":false},"featured_media":3425,"template":"","meta":{"_et_pb_use_builder":"","_et_pb_old_content":"","_et_gb_content_width":""},"product_cat":[132,96,115],"product_tag":[72],"yoast_head":"<!-- This site is optimized with the Yoast SEO Premium plugin v15.7 - https:\/\/yoast.com\/wordpress\/plugins\/seo\/ -->\n<title>Jazz in Out - ProM\u00fasics Mallorca<\/title>\n<meta name=\"robots\" content=\"index, follow, max-snippet:-1, max-image-preview:large, max-video-preview:-1\" \/>\n<link rel=\"canonical\" href=\"https:\/\/www.promusicsmallorca.org\/es\/catalogo-promusics\/jazz-in-out\/\" \/>\n<meta property=\"og:locale\" content=\"es_ES\" \/>\n<meta property=\"og:type\" content=\"article\" \/>\n<meta property=\"og:title\" content=\"Jazz in Out - ProM\u00fasics Mallorca\" \/>\n<meta property=\"og:description\" content=\"Isis &quot;Apache&quot; Montero - Piano Toni Cuenca - Bajo y Contrabajo Thomas Fontin - Saxo Jaume Ginard - Bater\u00eda\" \/>\n<meta property=\"og:url\" content=\"https:\/\/www.promusicsmallorca.org\/es\/catalogo-promusics\/jazz-in-out\/\" \/>\n<meta property=\"og:site_name\" content=\"ProM\u00fasics Mallorca\" \/>\n<meta property=\"article:publisher\" content=\"https:\/\/www.facebook.com\/promusicsmallorca\" \/>\n<meta property=\"article:modified_time\" content=\"2022-03-20T17:25:47+00:00\" \/>\n<meta property=\"og:image\" content=\"https:\/\/i0.wp.com\/www.promusicsmallorca.org\/wp-content\/uploads\/2021\/03\/jazz-cuartet-instrumental-scaled.jpg?fit=2560%2C1436&#038;ssl=1\" \/>\n\t<meta property=\"og:image:width\" content=\"2560\" \/>\n\t<meta property=\"og:image:height\" content=\"1436\" \/>\n<meta name=\"twitter:card\" content=\"summary_large_image\" \/>\n<script type=\"application\/ld+json\" class=\"yoast-schema-graph\">{\"@context\":\"https:\/\/schema.org\",\"@graph\":[{\"@type\":\"Organization\",\"@id\":\"https:\/\/www.promusicsmallorca.org\/#organization\",\"name\":\"ProM\\u00fasics Mallorca\",\"url\":\"https:\/\/www.promusicsmallorca.org\/\",\"sameAs\":[\"https:\/\/www.facebook.com\/promusicsmallorca\",\"https:\/\/www.instagram.com\/promusicsmallorca\/\",\"https:\/\/www.youtube.com\/channel\/UCWwttYA4JPovS2RZiGlHgpA\"],\"logo\":{\"@type\":\"ImageObject\",\"@id\":\"https:\/\/www.promusicsmallorca.org\/#logo\",\"inLanguage\":\"es\",\"url\":\"https:\/\/i0.wp.com\/www.promusicsmallorca.org\/wp-content\/uploads\/2021\/02\/image0.png?fit=10224%2C7725&ssl=1\",\"width\":10224,\"height\":7725,\"caption\":\"ProM\\u00fasics Mallorca\"},\"image\":{\"@id\":\"https:\/\/www.promusicsmallorca.org\/#logo\"}},{\"@type\":\"WebSite\",\"@id\":\"https:\/\/www.promusicsmallorca.org\/#website\",\"url\":\"https:\/\/www.promusicsmallorca.org\/\",\"name\":\"ProM\\u00fasics Mallorca\",\"description\":\"Associaci\\u00f3 de Professionals de la M\\u00fasica de Mallorca\",\"publisher\":{\"@id\":\"https:\/\/www.promusicsmallorca.org\/#organization\"},\"potentialAction\":[{\"@type\":\"SearchAction\",\"target\":\"https:\/\/www.promusicsmallorca.org\/?s={search_term_string}\",\"query-input\":\"required name=search_term_string\"}],\"inLanguage\":\"es\"},{\"@type\":\"ImageObject\",\"@id\":\"https:\/\/www.promusicsmallorca.org\/es\/catalogo-promusics\/jazz-in-out\/#primaryimage\",\"inLanguage\":\"es\",\"url\":\"https:\/\/i0.wp.com\/www.promusicsmallorca.org\/wp-content\/uploads\/2021\/03\/jazz-cuartet-instrumental-scaled.jpg?fit=2560%2C1436&ssl=1\",\"width\":2560,\"height\":1436,\"caption\":\"SONY DSC\"},{\"@type\":\"WebPage\",\"@id\":\"https:\/\/www.promusicsmallorca.org\/es\/catalogo-promusics\/jazz-in-out\/#webpage\",\"url\":\"https:\/\/www.promusicsmallorca.org\/es\/catalogo-promusics\/jazz-in-out\/\",\"name\":\"Jazz in Out - ProM\\u00fasics Mallorca\",\"isPartOf\":{\"@id\":\"https:\/\/www.promusicsmallorca.org\/#website\"},\"primaryImageOfPage\":{\"@id\":\"https:\/\/www.promusicsmallorca.org\/es\/catalogo-promusics\/jazz-in-out\/#primaryimage\"},\"datePublished\":\"2021-03-04T13:39:33+00:00\",\"dateModified\":\"2022-03-20T17:25:47+00:00\",\"inLanguage\":\"es\",\"potentialAction\":[{\"@type\":\"ReadAction\",\"target\":[\"https:\/\/www.promusicsmallorca.org\/es\/catalogo-promusics\/jazz-in-out\/\"]}]}]}<\/script>\n<!-- \/ Yoast SEO Premium plugin. -->","jetpack_sharing_enabled":true,"_links":{"self":[{"href":"https:\/\/www.promusicsmallorca.org\/es\/wp-json\/wp\/v2\/product\/3424"}],"collection":[{"href":"https:\/\/www.promusicsmallorca.org\/es\/wp-json\/wp\/v2\/product"}],"about":[{"href":"https:\/\/www.promusicsmallorca.org\/es\/wp-json\/wp\/v2\/types\/product"}],"wp:featuredmedia":[{"embeddable":true,"href":"https:\/\/www.promusicsmallorca.org\/es\/wp-json\/wp\/v2\/media\/3425"}],"wp:attachment":[{"href":"https:\/\/www.promusicsmallorca.org\/es\/wp-json\/wp\/v2\/media?parent=3424"}],"wp:term":[{"taxonomy":"product_cat","embeddable":true,"href":"https:\/\/www.promusicsmallorca.org\/es\/wp-json\/wp\/v2\/product_cat?post=3424"},{"taxonomy":"product_tag","embeddable":true,"href":"https:\/\/www.promusicsmallorca.org\/es\/wp-json\/wp\/v2\/product_tag?post=3424"}],"curies":[{"name":"wp","href":"https:\/\/api.w.org\/{rel}","templated":true}]}}

<p>Grupo que ofrece el más puro jazz y latin-jazz con alguna pincelada de algunos ritmos brasileños. En su repertorio incluyen composiciones propias de la pianista que es la líder de este proyecto, Isis «Apache» Montero, discípula de Bebo Valdés y reconocida como primera figura femenina del latin-jazz en España. Cuarteto instrumental formado por músicos con una larga trayectoria nacional e internacional en estos estilos.</p>
<pre style="text-align: center;"><a href="https://www.youtube.com/watch?v=ApESlToLZhE" target="_blank" rel="noopener">https://www.youtube.com/watch?v=ApESlToLZhE</a></pre>
<p style="text-align: right;">ISIS MONTERO: 660387454 /<a href="mailto:isismontero@yahoo.es" target="_blank" rel="noopener"> isismontero@yahoo.es</a></p>

<p style="text-align: center;">Isis «Apache» Montero &#8211; Piano<br />
Toni Cuenca &#8211; Bajo y Contrabajo<br />
Thomas Fontin &#8211; Saxo<br />
Jaume Ginard &#8211; Batería</p>

<!-- This site is optimized with the Yoast SEO Premium plugin v15.7 - https://yoast.com/wordpress/plugins/seo/ -->
<title>Jazz in Out - ProMúsics Mallorca</title>
<meta name="robots" content="index, follow, max-snippet:-1, max-image-preview:large, max-video-preview:-1" />
<link rel="canonical" href="https://www.promusicsmallorca.org/es/catalogo-promusics/jazz-in-out/" />
<meta property="og:locale" content="es_ES" />
<meta property="og:type" content="article" />
<meta property="og:title" content="Jazz in Out - ProMúsics Mallorca" />
<meta property="og:description" content="Isis &quot;Apache&quot; Montero - Piano Toni Cuenca - Bajo y Contrabajo Thomas Fontin - Saxo Jaume Ginard - Batería" />
<meta property="og:url" content="https://www.promusicsmallorca.org/es/catalogo-promusics/jazz-in-out/" />
<meta property="og:site_name" content="ProMúsics Mallorca" />
<meta property="article:publisher" content="https://www.facebook.com/promusicsmallorca" />
<meta property="article:modified_time" content="2022-03-20T17:25:47+00:00" />
<meta property="og:image" content="https://i0.wp.com/www.promusicsmallorca.org/wp-content/uploads/2021/03/jazz-cuartet-instrumental-scaled.jpg?fit=2560%2C1436&#038;ssl=1" />
	<meta property="og:image:width" content="2560" />
	<meta property="og:image:height" content="1436" />
<meta name="twitter:card" content="summary_large_image" />
<script type="application/ld+json" class="yoast-schema-graph">{"@context":"https://schema.org","@graph":[{"@type":"Organization","@id":"https://www.promusicsmallorca.org/#organization","name":"ProM\u00fasics Mallorca","url":"https://www.promusicsmallorca.org/","sameAs":["https://www.facebook.com/promusicsmallorca","https://www.instagram.com/promusicsmallorca/","https://www.youtube.com/channel/UCWwttYA4JPovS2RZiGlHgpA"],"logo":{"@type":"ImageObject","@id":"https://www.promusicsmallorca.org/#logo","inLanguage":"es","url":"https://i0.wp.com/www.promusicsmallorca.org/wp-content/uploads/2021/02/image0.png?fit=10224%2C7725&ssl=1","width":10224,"height":7725,"caption":"ProM\u00fasics Mallorca"},"image":{"@id":"https://www.promusicsmallorca.org/#logo"}},{"@type":"WebSite","@id":"https://www.promusicsmallorca.org/#website","url":"https://www.promusicsmallorca.org/","name":"ProM\u00fasics Mallorca","description":"Associaci\u00f3 de Professionals de la M\u00fasica de Mallorca","publisher":{"@id":"https://www.promusicsmallorca.org/#organization"},"potentialAction":[{"@type":"SearchAction","target":"https://www.promusicsmallorca.org/?s={search_term_string}","query-input":"required name=search_term_string"}],"inLanguage":"es"},{"@type":"ImageObject","@id":"https://www.promusicsmallorca.org/es/catalogo-promusics/jazz-in-out/#primaryimage","inLanguage":"es","url":"https://i0.wp.com/www.promusicsmallorca.org/wp-content/uploads/2021/03/jazz-cuartet-instrumental-scaled.jpg?fit=2560%2C1436&ssl=1","width":2560,"height":1436,"caption":"SONY DSC"},{"@type":"WebPage","@id":"https://www.promusicsmallorca.org/es/catalogo-promusics/jazz-in-out/#webpage","url":"https://www.promusicsmallorca.org/es/catalogo-promusics/jazz-in-out/","name":"Jazz in Out - ProM\u00fasics Mallorca","isPartOf":{"@id":"https://www.promusicsmallorca.org/#website"},"primaryImageOfPage":{"@id":"https://www.promusicsmallorca.org/es/catalogo-promusics/jazz-in-out/#primaryimage"},"datePublished":"2021-03-04T13:39:33+00:00","dateModified":"2022-03-20T17:25:47+00:00","inLanguage":"es","potentialAction":[{"@type":"ReadAction","target":["https://www.promusicsmallorca.org/es/catalogo-promusics/jazz-in-out/"]}]}]}</script>
<!-- / Yoast SEO Premium plugin. -->
