{"id":3420,"date":"2021-03-04T13:32:59","date_gmt":"2021-03-04T13:32:59","guid":{"rendered":"https:\/\/www.promusicsmallorca.org\/?post_type=product&#038;p=3420"},"modified":"2022-03-20T17:27:08","modified_gmt":"2022-03-20T17:27:08","slug":"jazz-wine-roses","status":"publish","type":"product","link":"https:\/\/www.promusicsmallorca.org\/es\/catalogo-promusics\/jazz-wine-roses\/","title":{"rendered":"Jazz Wine &#038; Roses"},"content":{"rendered":"<p>Grupo que ofrece el m\u00e1s puro jazz con alguna pincelada de algunos ritmos brasile\u00f1os. Quinteto formado con una espectacular voz al frente, acompa\u00f1ada de una base de un cuarteto de m\u00fasicos con una larga trayectoria nacional e internacional en estos estilos. Esta formaci\u00f3n tambi\u00e9n ofrece la posibilidad en ocasiones de ir a cuarteto (sin saxof\u00f3n).<\/p>\n<pre style=\"text-align: center;\"><a href=\"https:\/\/www.youtube.com\/watch?v=vvkJ9UWA68s\" target=\"_blank\" rel=\"noopener\">https:\/\/www.youtube.com\/watch?v=vvkJ9UWA68s<\/a><\/pre>\n<p style=\"text-align: right;\">ISIS MONTERO: 660387454 \/ <a href=\"mailto:isismontero@yahoo.es\" target=\"_blank\" rel=\"noopener\">isismontero@yahoo.es<\/a><\/p>\n","protected":false},"excerpt":{"rendered":"<p style=\"text-align: center;\">Mireia Aumatell &#8211; Voz<br \/>\nIsis \u00abApache\u00bb Montero &#8211; Piano<br \/>\nToni Cuenca &#8211; Bajo y contrabajo<br \/>\nThomas Fontin &#8211; Saxo<br \/>\nJaume Ginard &#8211; Bater\u00eda<\/p>\n","protected":false},"featured_media":3421,"template":"","meta":{"_et_pb_use_builder":"","_et_pb_old_content":"","_et_gb_content_width":""},"product_cat":[132,96],"product_tag":[72,92],"yoast_head":"<!-- This site is optimized with the Yoast SEO Premium plugin v15.7 - https:\/\/yoast.com\/wordpress\/plugins\/seo\/ -->\n<title>Jazz Wine &amp; Roses - ProM\u00fasics Mallorca<\/title>\n<meta name=\"robots\" content=\"index, follow, max-snippet:-1, max-image-preview:large, max-video-preview:-1\" \/>\n<link rel=\"canonical\" href=\"https:\/\/www.promusicsmallorca.org\/es\/catalogo-promusics\/jazz-wine-roses\/\" \/>\n<meta property=\"og:locale\" content=\"es_ES\" \/>\n<meta property=\"og:type\" content=\"article\" \/>\n<meta property=\"og:title\" content=\"Jazz Wine &amp; Roses - ProM\u00fasics Mallorca\" \/>\n<meta property=\"og:description\" content=\"Mireia Aumatell - Voz Isis &quot;Apache&quot; Montero - Piano Toni Cuenca - Bajo y contrabajo Thomas Fontin - Saxo Jaume Ginard - Bater\u00eda\" \/>\n<meta property=\"og:url\" content=\"https:\/\/www.promusicsmallorca.org\/es\/catalogo-promusics\/jazz-wine-roses\/\" \/>\n<meta property=\"og:site_name\" content=\"ProM\u00fasics Mallorca\" \/>\n<meta property=\"article:publisher\" content=\"https:\/\/www.facebook.com\/promusicsmallorca\" \/>\n<meta property=\"article:modified_time\" content=\"2022-03-20T17:27:08+00:00\" \/>\n<meta property=\"og:image\" content=\"https:\/\/i0.wp.com\/www.promusicsmallorca.org\/wp-content\/uploads\/2021\/03\/CUARTETO-JAZZ-VOZ.jpg?fit=604%2C453&#038;ssl=1\" \/>\n\t<meta property=\"og:image:width\" content=\"604\" \/>\n\t<meta property=\"og:image:height\" content=\"453\" \/>\n<meta name=\"twitter:card\" content=\"summary_large_image\" \/>\n<script type=\"application\/ld+json\" class=\"yoast-schema-graph\">{\"@context\":\"https:\/\/schema.org\",\"@graph\":[{\"@type\":\"Organization\",\"@id\":\"https:\/\/www.promusicsmallorca.org\/#organization\",\"name\":\"ProM\\u00fasics Mallorca\",\"url\":\"https:\/\/www.promusicsmallorca.org\/\",\"sameAs\":[\"https:\/\/www.facebook.com\/promusicsmallorca\",\"https:\/\/www.instagram.com\/promusicsmallorca\/\",\"https:\/\/www.youtube.com\/channel\/UCWwttYA4JPovS2RZiGlHgpA\"],\"logo\":{\"@type\":\"ImageObject\",\"@id\":\"https:\/\/www.promusicsmallorca.org\/#logo\",\"inLanguage\":\"es\",\"url\":\"https:\/\/i0.wp.com\/www.promusicsmallorca.org\/wp-content\/uploads\/2021\/02\/image0.png?fit=10224%2C7725&ssl=1\",\"width\":10224,\"height\":7725,\"caption\":\"ProM\\u00fasics Mallorca\"},\"image\":{\"@id\":\"https:\/\/www.promusicsmallorca.org\/#logo\"}},{\"@type\":\"WebSite\",\"@id\":\"https:\/\/www.promusicsmallorca.org\/#website\",\"url\":\"https:\/\/www.promusicsmallorca.org\/\",\"name\":\"ProM\\u00fasics Mallorca\",\"description\":\"Associaci\\u00f3 de Professionals de la M\\u00fasica de Mallorca\",\"publisher\":{\"@id\":\"https:\/\/www.promusicsmallorca.org\/#organization\"},\"potentialAction\":[{\"@type\":\"SearchAction\",\"target\":\"https:\/\/www.promusicsmallorca.org\/?s={search_term_string}\",\"query-input\":\"required name=search_term_string\"}],\"inLanguage\":\"es\"},{\"@type\":\"ImageObject\",\"@id\":\"https:\/\/www.promusicsmallorca.org\/es\/catalogo-promusics\/jazz-wine-roses\/#primaryimage\",\"inLanguage\":\"es\",\"url\":\"https:\/\/i0.wp.com\/www.promusicsmallorca.org\/wp-content\/uploads\/2021\/03\/CUARTETO-JAZZ-VOZ.jpg?fit=604%2C453&ssl=1\",\"width\":604,\"height\":453},{\"@type\":\"WebPage\",\"@id\":\"https:\/\/www.promusicsmallorca.org\/es\/catalogo-promusics\/jazz-wine-roses\/#webpage\",\"url\":\"https:\/\/www.promusicsmallorca.org\/es\/catalogo-promusics\/jazz-wine-roses\/\",\"name\":\"Jazz Wine & Roses - ProM\\u00fasics Mallorca\",\"isPartOf\":{\"@id\":\"https:\/\/www.promusicsmallorca.org\/#website\"},\"primaryImageOfPage\":{\"@id\":\"https:\/\/www.promusicsmallorca.org\/es\/catalogo-promusics\/jazz-wine-roses\/#primaryimage\"},\"datePublished\":\"2021-03-04T13:32:59+00:00\",\"dateModified\":\"2022-03-20T17:27:08+00:00\",\"inLanguage\":\"es\",\"potentialAction\":[{\"@type\":\"ReadAction\",\"target\":[\"https:\/\/www.promusicsmallorca.org\/es\/catalogo-promusics\/jazz-wine-roses\/\"]}]}]}<\/script>\n<!-- \/ Yoast SEO Premium plugin. -->","jetpack_sharing_enabled":true,"_links":{"self":[{"href":"https:\/\/www.promusicsmallorca.org\/es\/wp-json\/wp\/v2\/product\/3420"}],"collection":[{"href":"https:\/\/www.promusicsmallorca.org\/es\/wp-json\/wp\/v2\/product"}],"about":[{"href":"https:\/\/www.promusicsmallorca.org\/es\/wp-json\/wp\/v2\/types\/product"}],"wp:featuredmedia":[{"embeddable":true,"href":"https:\/\/www.promusicsmallorca.org\/es\/wp-json\/wp\/v2\/media\/3421"}],"wp:attachment":[{"href":"https:\/\/www.promusicsmallorca.org\/es\/wp-json\/wp\/v2\/media?parent=3420"}],"wp:term":[{"taxonomy":"product_cat","embeddable":true,"href":"https:\/\/www.promusicsmallorca.org\/es\/wp-json\/wp\/v2\/product_cat?post=3420"},{"taxonomy":"product_tag","embeddable":true,"href":"https:\/\/www.promusicsmallorca.org\/es\/wp-json\/wp\/v2\/product_tag?post=3420"}],"curies":[{"name":"wp","href":"https:\/\/api.w.org\/{rel}","templated":true}]}}

<p>Grupo que ofrece el más puro jazz con alguna pincelada de algunos ritmos brasileños. Quinteto formado con una espectacular voz al frente, acompañada de una base de un cuarteto de músicos con una larga trayectoria nacional e internacional en estos estilos. Esta formación también ofrece la posibilidad en ocasiones de ir a cuarteto (sin saxofón).</p>
<pre style="text-align: center;"><a href="https://www.youtube.com/watch?v=vvkJ9UWA68s" target="_blank" rel="noopener">https://www.youtube.com/watch?v=vvkJ9UWA68s</a></pre>
<p style="text-align: right;">ISIS MONTERO: 660387454 / <a href="mailto:isismontero@yahoo.es" target="_blank" rel="noopener">isismontero@yahoo.es</a></p>

<p style="text-align: center;">Mireia Aumatell &#8211; Voz<br />
Isis «Apache» Montero &#8211; Piano<br />
Toni Cuenca &#8211; Bajo y contrabajo<br />
Thomas Fontin &#8211; Saxo<br />
Jaume Ginard &#8211; Batería</p>

<!-- This site is optimized with the Yoast SEO Premium plugin v15.7 - https://yoast.com/wordpress/plugins/seo/ -->
<title>Jazz Wine &amp; Roses - ProMúsics Mallorca</title>
<meta name="robots" content="index, follow, max-snippet:-1, max-image-preview:large, max-video-preview:-1" />
<link rel="canonical" href="https://www.promusicsmallorca.org/es/catalogo-promusics/jazz-wine-roses/" />
<meta property="og:locale" content="es_ES" />
<meta property="og:type" content="article" />
<meta property="og:title" content="Jazz Wine &amp; Roses - ProMúsics Mallorca" />
<meta property="og:description" content="Mireia Aumatell - Voz Isis &quot;Apache&quot; Montero - Piano Toni Cuenca - Bajo y contrabajo Thomas Fontin - Saxo Jaume Ginard - Batería" />
<meta property="og:url" content="https://www.promusicsmallorca.org/es/catalogo-promusics/jazz-wine-roses/" />
<meta property="og:site_name" content="ProMúsics Mallorca" />
<meta property="article:publisher" content="https://www.facebook.com/promusicsmallorca" />
<meta property="article:modified_time" content="2022-03-20T17:27:08+00:00" />
<meta property="og:image" content="https://i0.wp.com/www.promusicsmallorca.org/wp-content/uploads/2021/03/CUARTETO-JAZZ-VOZ.jpg?fit=604%2C453&#038;ssl=1" />
	<meta property="og:image:width" content="604" />
	<meta property="og:image:height" content="453" />
<meta name="twitter:card" content="summary_large_image" />
<script type="application/ld+json" class="yoast-schema-graph">{"@context":"https://schema.org","@graph":[{"@type":"Organization","@id":"https://www.promusicsmallorca.org/#organization","name":"ProM\u00fasics Mallorca","url":"https://www.promusicsmallorca.org/","sameAs":["https://www.facebook.com/promusicsmallorca","https://www.instagram.com/promusicsmallorca/","https://www.youtube.com/channel/UCWwttYA4JPovS2RZiGlHgpA"],"logo":{"@type":"ImageObject","@id":"https://www.promusicsmallorca.org/#logo","inLanguage":"es","url":"https://i0.wp.com/www.promusicsmallorca.org/wp-content/uploads/2021/02/image0.png?fit=10224%2C7725&ssl=1","width":10224,"height":7725,"caption":"ProM\u00fasics Mallorca"},"image":{"@id":"https://www.promusicsmallorca.org/#logo"}},{"@type":"WebSite","@id":"https://www.promusicsmallorca.org/#website","url":"https://www.promusicsmallorca.org/","name":"ProM\u00fasics Mallorca","description":"Associaci\u00f3 de Professionals de la M\u00fasica de Mallorca","publisher":{"@id":"https://www.promusicsmallorca.org/#organization"},"potentialAction":[{"@type":"SearchAction","target":"https://www.promusicsmallorca.org/?s={search_term_string}","query-input":"required name=search_term_string"}],"inLanguage":"es"},{"@type":"ImageObject","@id":"https://www.promusicsmallorca.org/es/catalogo-promusics/jazz-wine-roses/#primaryimage","inLanguage":"es","url":"https://i0.wp.com/www.promusicsmallorca.org/wp-content/uploads/2021/03/CUARTETO-JAZZ-VOZ.jpg?fit=604%2C453&ssl=1","width":604,"height":453},{"@type":"WebPage","@id":"https://www.promusicsmallorca.org/es/catalogo-promusics/jazz-wine-roses/#webpage","url":"https://www.promusicsmallorca.org/es/catalogo-promusics/jazz-wine-roses/","name":"Jazz Wine & Roses - ProM\u00fasics Mallorca","isPartOf":{"@id":"https://www.promusicsmallorca.org/#website"},"primaryImageOfPage":{"@id":"https://www.promusicsmallorca.org/es/catalogo-promusics/jazz-wine-roses/#primaryimage"},"datePublished":"2021-03-04T13:32:59+00:00","dateModified":"2022-03-20T17:27:08+00:00","inLanguage":"es","potentialAction":[{"@type":"ReadAction","target":["https://www.promusicsmallorca.org/es/catalogo-promusics/jazz-wine-roses/"]}]}]}</script>
<!-- / Yoast SEO Premium plugin. -->
