{"id":3412,"date":"2021-03-03T17:27:39","date_gmt":"2021-03-03T17:27:39","guid":{"rendered":"https:\/\/www.promusicsmallorca.org\/?post_type=product&#038;p=3412"},"modified":"2022-03-20T17:27:48","modified_gmt":"2022-03-20T17:27:48","slug":"apache-soul-band","status":"publish","type":"product","link":"https:\/\/www.promusicsmallorca.org\/es\/catalogo-promusics\/apache-soul-band\/","title":{"rendered":"The Apache Soul Band"},"content":{"rendered":"<p>Grupo que ofrece un repertorio variado de los mejores hits de soul, Disco, Funk, Pop junto a un peque\u00f1o tributo a las mejores \u00abDivas\u00bb de todos los tiempos, temas de Michael Jackson, James Brown, Lionel Richie, Kool &amp; the Gain, Bonie M, Arteha Franklin, Duffy, Donna Summer, Gloria Gaynor, Amy One House, Tina Turner, etc,. Especial para baile y fiesta, pero por otra parte tambi\u00e9n tienen un repertorio mucho m\u00e1s tranquilo de smooth soul, para las ocasiones de amenizaci\u00f3n. Sus actuaciones tienen una gran calidad musical.<\/p>\n<pre style=\"text-align: center;\"><a href=\"https:\/\/www.youtube.com\/watch?v=EcDRjjixZSg\" target=\"_blank\" rel=\"noopener\">https:\/\/www.youtube.com\/watch?v=EcDRjjixZSg<\/a><\/pre>\n<p style=\"text-align: right;\">ISIS MONTERO: 660387454 \/ <a href=\"mailto:isismontero@yahoo.es\" target=\"_blank\" rel=\"noopener\">isismontero@yahoo.es<\/a><\/p>\n","protected":false},"excerpt":{"rendered":"<p style=\"text-align: center;\">Mireia Aumatell &#8211; Voz<br \/>\nIsis \u00abApache\u00bb Montero &#8211; Piano , Bass y Voz<br \/>\nThomas Fontin &#8211; Saxo<br \/>\nDiego ferral &#8211; Bater\u00eda<br \/>\nJoan Palerm &#8211; Guitarra<\/p>\n","protected":false},"featured_media":3560,"template":"","meta":{"_et_pb_use_builder":"","_et_pb_old_content":"","_et_gb_content_width":""},"product_cat":[78,84,66],"product_tag":[92],"yoast_head":"<!-- This site is optimized with the Yoast SEO Premium plugin v15.7 - https:\/\/yoast.com\/wordpress\/plugins\/seo\/ -->\n<title>The Apache Soul Band - ProM\u00fasics Mallorca<\/title>\n<meta name=\"robots\" content=\"index, follow, max-snippet:-1, max-image-preview:large, max-video-preview:-1\" \/>\n<link rel=\"canonical\" href=\"https:\/\/www.promusicsmallorca.org\/es\/catalogo-promusics\/apache-soul-band\/\" \/>\n<meta property=\"og:locale\" content=\"es_ES\" \/>\n<meta property=\"og:type\" content=\"article\" \/>\n<meta property=\"og:title\" content=\"The Apache Soul Band - ProM\u00fasics Mallorca\" \/>\n<meta property=\"og:description\" content=\"Mireia Aumatell - Voz Isis &quot;Apache&quot; Montero - Piano , Bass y Voz Thomas Fontin - Saxo Diego ferral - Bater\u00eda Joan Palerm - Guitarra\" \/>\n<meta property=\"og:url\" content=\"https:\/\/www.promusicsmallorca.org\/es\/catalogo-promusics\/apache-soul-band\/\" \/>\n<meta property=\"og:site_name\" content=\"ProM\u00fasics Mallorca\" \/>\n<meta property=\"article:publisher\" content=\"https:\/\/www.facebook.com\/promusicsmallorca\" \/>\n<meta property=\"article:modified_time\" content=\"2022-03-20T17:27:48+00:00\" \/>\n<meta property=\"og:image\" content=\"https:\/\/i0.wp.com\/www.promusicsmallorca.org\/wp-content\/uploads\/2021\/03\/B0C14A38-3D3F-4E88-990A-EF61861A8DB2.jpeg?fit=1024%2C724&#038;ssl=1\" \/>\n\t<meta property=\"og:image:width\" content=\"1024\" \/>\n\t<meta property=\"og:image:height\" content=\"724\" \/>\n<meta name=\"twitter:card\" content=\"summary_large_image\" \/>\n<meta name=\"twitter:label1\" content=\"Tiempo de lectura\">\n\t<meta name=\"twitter:data1\" content=\"1 minuto\">\n<script type=\"application\/ld+json\" class=\"yoast-schema-graph\">{\"@context\":\"https:\/\/schema.org\",\"@graph\":[{\"@type\":\"Organization\",\"@id\":\"https:\/\/www.promusicsmallorca.org\/#organization\",\"name\":\"ProM\\u00fasics Mallorca\",\"url\":\"https:\/\/www.promusicsmallorca.org\/\",\"sameAs\":[\"https:\/\/www.facebook.com\/promusicsmallorca\",\"https:\/\/www.instagram.com\/promusicsmallorca\/\",\"https:\/\/www.youtube.com\/channel\/UCWwttYA4JPovS2RZiGlHgpA\"],\"logo\":{\"@type\":\"ImageObject\",\"@id\":\"https:\/\/www.promusicsmallorca.org\/#logo\",\"inLanguage\":\"es\",\"url\":\"https:\/\/i0.wp.com\/www.promusicsmallorca.org\/wp-content\/uploads\/2021\/02\/image0.png?fit=10224%2C7725&ssl=1\",\"width\":10224,\"height\":7725,\"caption\":\"ProM\\u00fasics Mallorca\"},\"image\":{\"@id\":\"https:\/\/www.promusicsmallorca.org\/#logo\"}},{\"@type\":\"WebSite\",\"@id\":\"https:\/\/www.promusicsmallorca.org\/#website\",\"url\":\"https:\/\/www.promusicsmallorca.org\/\",\"name\":\"ProM\\u00fasics Mallorca\",\"description\":\"Associaci\\u00f3 de Professionals de la M\\u00fasica de Mallorca\",\"publisher\":{\"@id\":\"https:\/\/www.promusicsmallorca.org\/#organization\"},\"potentialAction\":[{\"@type\":\"SearchAction\",\"target\":\"https:\/\/www.promusicsmallorca.org\/?s={search_term_string}\",\"query-input\":\"required name=search_term_string\"}],\"inLanguage\":\"es\"},{\"@type\":\"ImageObject\",\"@id\":\"https:\/\/www.promusicsmallorca.org\/es\/catalogo-promusics\/apache-soul-band\/#primaryimage\",\"inLanguage\":\"es\",\"url\":\"https:\/\/i0.wp.com\/www.promusicsmallorca.org\/wp-content\/uploads\/2021\/03\/B0C14A38-3D3F-4E88-990A-EF61861A8DB2.jpeg?fit=1024%2C724&ssl=1\",\"width\":1024,\"height\":724},{\"@type\":\"WebPage\",\"@id\":\"https:\/\/www.promusicsmallorca.org\/es\/catalogo-promusics\/apache-soul-band\/#webpage\",\"url\":\"https:\/\/www.promusicsmallorca.org\/es\/catalogo-promusics\/apache-soul-band\/\",\"name\":\"The Apache Soul Band - ProM\\u00fasics Mallorca\",\"isPartOf\":{\"@id\":\"https:\/\/www.promusicsmallorca.org\/#website\"},\"primaryImageOfPage\":{\"@id\":\"https:\/\/www.promusicsmallorca.org\/es\/catalogo-promusics\/apache-soul-band\/#primaryimage\"},\"datePublished\":\"2021-03-03T17:27:39+00:00\",\"dateModified\":\"2022-03-20T17:27:48+00:00\",\"inLanguage\":\"es\",\"potentialAction\":[{\"@type\":\"ReadAction\",\"target\":[\"https:\/\/www.promusicsmallorca.org\/es\/catalogo-promusics\/apache-soul-band\/\"]}]}]}<\/script>\n<!-- \/ Yoast SEO Premium plugin. -->","jetpack_sharing_enabled":true,"_links":{"self":[{"href":"https:\/\/www.promusicsmallorca.org\/es\/wp-json\/wp\/v2\/product\/3412"}],"collection":[{"href":"https:\/\/www.promusicsmallorca.org\/es\/wp-json\/wp\/v2\/product"}],"about":[{"href":"https:\/\/www.promusicsmallorca.org\/es\/wp-json\/wp\/v2\/types\/product"}],"wp:featuredmedia":[{"embeddable":true,"href":"https:\/\/www.promusicsmallorca.org\/es\/wp-json\/wp\/v2\/media\/3560"}],"wp:attachment":[{"href":"https:\/\/www.promusicsmallorca.org\/es\/wp-json\/wp\/v2\/media?parent=3412"}],"wp:term":[{"taxonomy":"product_cat","embeddable":true,"href":"https:\/\/www.promusicsmallorca.org\/es\/wp-json\/wp\/v2\/product_cat?post=3412"},{"taxonomy":"product_tag","embeddable":true,"href":"https:\/\/www.promusicsmallorca.org\/es\/wp-json\/wp\/v2\/product_tag?post=3412"}],"curies":[{"name":"wp","href":"https:\/\/api.w.org\/{rel}","templated":true}]}}

<p>Grupo que ofrece un repertorio variado de los mejores hits de soul, Disco, Funk, Pop junto a un pequeño tributo a las mejores «Divas» de todos los tiempos, temas de Michael Jackson, James Brown, Lionel Richie, Kool &amp; the Gain, Bonie M, Arteha Franklin, Duffy, Donna Summer, Gloria Gaynor, Amy One House, Tina Turner, etc,. Especial para baile y fiesta, pero por otra parte también tienen un repertorio mucho más tranquilo de smooth soul, para las ocasiones de amenización. Sus actuaciones tienen una gran calidad musical.</p>
<pre style="text-align: center;"><a href="https://www.youtube.com/watch?v=EcDRjjixZSg" target="_blank" rel="noopener">https://www.youtube.com/watch?v=EcDRjjixZSg</a></pre>
<p style="text-align: right;">ISIS MONTERO: 660387454 / <a href="mailto:isismontero@yahoo.es" target="_blank" rel="noopener">isismontero@yahoo.es</a></p>

<p style="text-align: center;">Mireia Aumatell &#8211; Voz<br />
Isis «Apache» Montero &#8211; Piano , Bass y Voz<br />
Thomas Fontin &#8211; Saxo<br />
Diego ferral &#8211; Batería<br />
Joan Palerm &#8211; Guitarra</p>

<!-- This site is optimized with the Yoast SEO Premium plugin v15.7 - https://yoast.com/wordpress/plugins/seo/ -->
<title>The Apache Soul Band - ProMúsics Mallorca</title>
<meta name="robots" content="index, follow, max-snippet:-1, max-image-preview:large, max-video-preview:-1" />
<link rel="canonical" href="https://www.promusicsmallorca.org/es/catalogo-promusics/apache-soul-band/" />
<meta property="og:locale" content="es_ES" />
<meta property="og:type" content="article" />
<meta property="og:title" content="The Apache Soul Band - ProMúsics Mallorca" />
<meta property="og:description" content="Mireia Aumatell - Voz Isis &quot;Apache&quot; Montero - Piano , Bass y Voz Thomas Fontin - Saxo Diego ferral - Batería Joan Palerm - Guitarra" />
<meta property="og:url" content="https://www.promusicsmallorca.org/es/catalogo-promusics/apache-soul-band/" />
<meta property="og:site_name" content="ProMúsics Mallorca" />
<meta property="article:publisher" content="https://www.facebook.com/promusicsmallorca" />
<meta property="article:modified_time" content="2022-03-20T17:27:48+00:00" />
<meta property="og:image" content="https://i0.wp.com/www.promusicsmallorca.org/wp-content/uploads/2021/03/B0C14A38-3D3F-4E88-990A-EF61861A8DB2.jpeg?fit=1024%2C724&#038;ssl=1" />
	<meta property="og:image:width" content="1024" />
	<meta property="og:image:height" content="724" />
<meta name="twitter:card" content="summary_large_image" />
<meta name="twitter:label1" content="Tiempo de lectura">
	<meta name="twitter:data1" content="1 minuto">
<script type="application/ld+json" class="yoast-schema-graph">{"@context":"https://schema.org","@graph":[{"@type":"Organization","@id":"https://www.promusicsmallorca.org/#organization","name":"ProM\u00fasics Mallorca","url":"https://www.promusicsmallorca.org/","sameAs":["https://www.facebook.com/promusicsmallorca","https://www.instagram.com/promusicsmallorca/","https://www.youtube.com/channel/UCWwttYA4JPovS2RZiGlHgpA"],"logo":{"@type":"ImageObject","@id":"https://www.promusicsmallorca.org/#logo","inLanguage":"es","url":"https://i0.wp.com/www.promusicsmallorca.org/wp-content/uploads/2021/02/image0.png?fit=10224%2C7725&ssl=1","width":10224,"height":7725,"caption":"ProM\u00fasics Mallorca"},"image":{"@id":"https://www.promusicsmallorca.org/#logo"}},{"@type":"WebSite","@id":"https://www.promusicsmallorca.org/#website","url":"https://www.promusicsmallorca.org/","name":"ProM\u00fasics Mallorca","description":"Associaci\u00f3 de Professionals de la M\u00fasica de Mallorca","publisher":{"@id":"https://www.promusicsmallorca.org/#organization"},"potentialAction":[{"@type":"SearchAction","target":"https://www.promusicsmallorca.org/?s={search_term_string}","query-input":"required name=search_term_string"}],"inLanguage":"es"},{"@type":"ImageObject","@id":"https://www.promusicsmallorca.org/es/catalogo-promusics/apache-soul-band/#primaryimage","inLanguage":"es","url":"https://i0.wp.com/www.promusicsmallorca.org/wp-content/uploads/2021/03/B0C14A38-3D3F-4E88-990A-EF61861A8DB2.jpeg?fit=1024%2C724&ssl=1","width":1024,"height":724},{"@type":"WebPage","@id":"https://www.promusicsmallorca.org/es/catalogo-promusics/apache-soul-band/#webpage","url":"https://www.promusicsmallorca.org/es/catalogo-promusics/apache-soul-band/","name":"The Apache Soul Band - ProM\u00fasics Mallorca","isPartOf":{"@id":"https://www.promusicsmallorca.org/#website"},"primaryImageOfPage":{"@id":"https://www.promusicsmallorca.org/es/catalogo-promusics/apache-soul-band/#primaryimage"},"datePublished":"2021-03-03T17:27:39+00:00","dateModified":"2022-03-20T17:27:48+00:00","inLanguage":"es","potentialAction":[{"@type":"ReadAction","target":["https://www.promusicsmallorca.org/es/catalogo-promusics/apache-soul-band/"]}]}]}</script>
<!-- / Yoast SEO Premium plugin. -->
