{"id":3361,"date":"2021-03-02T08:56:51","date_gmt":"2021-03-02T08:56:51","guid":{"rendered":"https:\/\/www.promusicsmallorca.org\/?post_type=product&#038;p=3361"},"modified":"2022-04-06T07:11:28","modified_gmt":"2022-04-06T07:11:28","slug":"glasford-the-providence","status":"publish","type":"product","link":"https:\/\/www.promusicsmallorca.org\/es\/catalogo-promusics\/glasford-the-providence\/","title":{"rendered":"Glasford &#038; the providence"},"content":{"rendered":"<p>Tr\u00edo extraordinario con su sello inconfundible del m\u00e1s puro estilo Reggae, fusionado con el Pop, Funk y ritmos del Caribe. A parte de su conocido tributo a Bob Marley, fusiona los mejores cl\u00e1sicos del Reggae mezcl\u00e1ndolos tambi\u00e9n con Pop y Funk, adem\u00e1s de sus composiciones propias, creando una energ\u00eda muy c\u00e1lida. La peculiaridad de este grupo es la improvisaci\u00f3n y el contacto con el p\u00fablico. Con canciones tan conocidas como: No Woman No Cry, I Shot The Sheriff, One Love, Is This Love, Could You Be Love, Stir It Up, Jammin\u2019, Exodus , Get Up Stand Up, etc., m\u00e1s sus incre\u00edbles temas propios.<\/p>\n<pre style=\"text-align: center;\"><a href=\"https:\/\/www.youtube.com\/watch?v=DDrH6Z7hdTk\" target=\"_blank\" rel=\"noopener\">https:\/\/www.youtube.com\/watch?v=DDrH6Z7hdTk<\/a>\r\n<a href=\"https:\/\/www.youtube.com\/watch?v=YZg_eqPPIbQ&amp;feature=youtu.be\" target=\"_blank\" rel=\"noopener\">https:\/\/www.youtube.com\/watch?v=YZg_eqPPIbQ&amp;feature=youtu.be<\/a><\/pre>\n<p style=\"text-align: right;\">Pep estrada: 670729871 \/ <a href=\"mailto:adartsepep@gmail.com\" target=\"_blank\" rel=\"noopener\">adartsepep@gmail.com<\/a><\/p>\n","protected":false},"excerpt":{"rendered":"<p style=\"text-align: center;\">Glasford Howard &#8211; Voz y Guitarra<br \/>\nPep Estrada &#8211; Bajo<br \/>\nDiego Ferral &#8211; Bater\u00eda<\/p>\n","protected":false},"featured_media":3365,"template":"","meta":{"_et_pb_use_builder":"","_et_pb_old_content":"","_et_gb_content_width":""},"product_cat":[84,158],"product_tag":[86],"yoast_head":"<!-- This site is optimized with the Yoast SEO Premium plugin v15.7 - https:\/\/yoast.com\/wordpress\/plugins\/seo\/ -->\n<title>Glasford &amp; the providence - ProM\u00fasics Mallorca<\/title>\n<meta name=\"robots\" content=\"index, follow, max-snippet:-1, max-image-preview:large, max-video-preview:-1\" \/>\n<link rel=\"canonical\" href=\"https:\/\/www.promusicsmallorca.org\/es\/catalogo-promusics\/glasford-the-providence\/\" \/>\n<meta property=\"og:locale\" content=\"es_ES\" \/>\n<meta property=\"og:type\" content=\"article\" \/>\n<meta property=\"og:title\" content=\"Glasford &amp; the providence - ProM\u00fasics Mallorca\" \/>\n<meta property=\"og:description\" content=\"Glasford Howard - Voz y Guitarra Pep Estrada - Bajo Diego Ferral - Bater\u00eda\" \/>\n<meta property=\"og:url\" content=\"https:\/\/www.promusicsmallorca.org\/es\/catalogo-promusics\/glasford-the-providence\/\" \/>\n<meta property=\"og:site_name\" content=\"ProM\u00fasics Mallorca\" \/>\n<meta property=\"article:publisher\" content=\"https:\/\/www.facebook.com\/promusicsmallorca\" \/>\n<meta property=\"article:modified_time\" content=\"2022-04-06T07:11:28+00:00\" \/>\n<meta property=\"og:image\" content=\"https:\/\/i0.wp.com\/www.promusicsmallorca.org\/wp-content\/uploads\/2021\/03\/GLASFORD-portada-band-camp-derecha.jpg?fit=1904%2C1500&#038;ssl=1\" \/>\n\t<meta property=\"og:image:width\" content=\"1904\" \/>\n\t<meta property=\"og:image:height\" content=\"1500\" \/>\n<meta name=\"twitter:card\" content=\"summary_large_image\" \/>\n<meta name=\"twitter:label1\" content=\"Tiempo de lectura\">\n\t<meta name=\"twitter:data1\" content=\"1 minuto\">\n<script type=\"application\/ld+json\" class=\"yoast-schema-graph\">{\"@context\":\"https:\/\/schema.org\",\"@graph\":[{\"@type\":\"Organization\",\"@id\":\"https:\/\/www.promusicsmallorca.org\/#organization\",\"name\":\"ProM\\u00fasics Mallorca\",\"url\":\"https:\/\/www.promusicsmallorca.org\/\",\"sameAs\":[\"https:\/\/www.facebook.com\/promusicsmallorca\",\"https:\/\/www.instagram.com\/promusicsmallorca\/\",\"https:\/\/www.youtube.com\/channel\/UCWwttYA4JPovS2RZiGlHgpA\"],\"logo\":{\"@type\":\"ImageObject\",\"@id\":\"https:\/\/www.promusicsmallorca.org\/#logo\",\"inLanguage\":\"es\",\"url\":\"https:\/\/i0.wp.com\/www.promusicsmallorca.org\/wp-content\/uploads\/2021\/02\/image0.png?fit=10224%2C7725&ssl=1\",\"width\":10224,\"height\":7725,\"caption\":\"ProM\\u00fasics Mallorca\"},\"image\":{\"@id\":\"https:\/\/www.promusicsmallorca.org\/#logo\"}},{\"@type\":\"WebSite\",\"@id\":\"https:\/\/www.promusicsmallorca.org\/#website\",\"url\":\"https:\/\/www.promusicsmallorca.org\/\",\"name\":\"ProM\\u00fasics Mallorca\",\"description\":\"Associaci\\u00f3 de Professionals de la M\\u00fasica de Mallorca\",\"publisher\":{\"@id\":\"https:\/\/www.promusicsmallorca.org\/#organization\"},\"potentialAction\":[{\"@type\":\"SearchAction\",\"target\":\"https:\/\/www.promusicsmallorca.org\/?s={search_term_string}\",\"query-input\":\"required name=search_term_string\"}],\"inLanguage\":\"es\"},{\"@type\":\"ImageObject\",\"@id\":\"https:\/\/www.promusicsmallorca.org\/es\/catalogo-promusics\/glasford-the-providence\/#primaryimage\",\"inLanguage\":\"es\",\"url\":\"https:\/\/i0.wp.com\/www.promusicsmallorca.org\/wp-content\/uploads\/2021\/03\/GLASFORD-portada-band-camp-derecha.jpg?fit=1904%2C1500&ssl=1\",\"width\":1904,\"height\":1500},{\"@type\":\"WebPage\",\"@id\":\"https:\/\/www.promusicsmallorca.org\/es\/catalogo-promusics\/glasford-the-providence\/#webpage\",\"url\":\"https:\/\/www.promusicsmallorca.org\/es\/catalogo-promusics\/glasford-the-providence\/\",\"name\":\"Glasford & the providence - ProM\\u00fasics Mallorca\",\"isPartOf\":{\"@id\":\"https:\/\/www.promusicsmallorca.org\/#website\"},\"primaryImageOfPage\":{\"@id\":\"https:\/\/www.promusicsmallorca.org\/es\/catalogo-promusics\/glasford-the-providence\/#primaryimage\"},\"datePublished\":\"2021-03-02T08:56:51+00:00\",\"dateModified\":\"2022-04-06T07:11:28+00:00\",\"inLanguage\":\"es\",\"potentialAction\":[{\"@type\":\"ReadAction\",\"target\":[\"https:\/\/www.promusicsmallorca.org\/es\/catalogo-promusics\/glasford-the-providence\/\"]}]}]}<\/script>\n<!-- \/ Yoast SEO Premium plugin. -->","jetpack_sharing_enabled":true,"_links":{"self":[{"href":"https:\/\/www.promusicsmallorca.org\/es\/wp-json\/wp\/v2\/product\/3361"}],"collection":[{"href":"https:\/\/www.promusicsmallorca.org\/es\/wp-json\/wp\/v2\/product"}],"about":[{"href":"https:\/\/www.promusicsmallorca.org\/es\/wp-json\/wp\/v2\/types\/product"}],"wp:featuredmedia":[{"embeddable":true,"href":"https:\/\/www.promusicsmallorca.org\/es\/wp-json\/wp\/v2\/media\/3365"}],"wp:attachment":[{"href":"https:\/\/www.promusicsmallorca.org\/es\/wp-json\/wp\/v2\/media?parent=3361"}],"wp:term":[{"taxonomy":"product_cat","embeddable":true,"href":"https:\/\/www.promusicsmallorca.org\/es\/wp-json\/wp\/v2\/product_cat?post=3361"},{"taxonomy":"product_tag","embeddable":true,"href":"https:\/\/www.promusicsmallorca.org\/es\/wp-json\/wp\/v2\/product_tag?post=3361"}],"curies":[{"name":"wp","href":"https:\/\/api.w.org\/{rel}","templated":true}]}}

<p>Trío extraordinario con su sello inconfundible del más puro estilo Reggae, fusionado con el Pop, Funk y ritmos del Caribe. A parte de su conocido tributo a Bob Marley, fusiona los mejores clásicos del Reggae mezclándolos también con Pop y Funk, además de sus composiciones propias, creando una energía muy cálida. La peculiaridad de este grupo es la improvisación y el contacto con el público. Con canciones tan conocidas como: No Woman No Cry, I Shot The Sheriff, One Love, Is This Love, Could You Be Love, Stir It Up, Jammin’, Exodus , Get Up Stand Up, etc., más sus increíbles temas propios.</p>
<pre style="text-align: center;"><a href="https://www.youtube.com/watch?v=DDrH6Z7hdTk" target="_blank" rel="noopener">https://www.youtube.com/watch?v=DDrH6Z7hdTk</a>
<a href="https://www.youtube.com/watch?v=YZg_eqPPIbQ&amp;feature=youtu.be" target="_blank" rel="noopener">https://www.youtube.com/watch?v=YZg_eqPPIbQ&amp;feature=youtu.be</a></pre>
<p style="text-align: right;">Pep estrada: 670729871 / <a href="mailto:adartsepep@gmail.com" target="_blank" rel="noopener">adartsepep@gmail.com</a></p>

<p style="text-align: center;">Glasford Howard &#8211; Voz y Guitarra<br />
Pep Estrada &#8211; Bajo<br />
Diego Ferral &#8211; Batería</p>

<!-- This site is optimized with the Yoast SEO Premium plugin v15.7 - https://yoast.com/wordpress/plugins/seo/ -->
<title>Glasford &amp; the providence - ProMúsics Mallorca</title>
<meta name="robots" content="index, follow, max-snippet:-1, max-image-preview:large, max-video-preview:-1" />
<link rel="canonical" href="https://www.promusicsmallorca.org/es/catalogo-promusics/glasford-the-providence/" />
<meta property="og:locale" content="es_ES" />
<meta property="og:type" content="article" />
<meta property="og:title" content="Glasford &amp; the providence - ProMúsics Mallorca" />
<meta property="og:description" content="Glasford Howard - Voz y Guitarra Pep Estrada - Bajo Diego Ferral - Batería" />
<meta property="og:url" content="https://www.promusicsmallorca.org/es/catalogo-promusics/glasford-the-providence/" />
<meta property="og:site_name" content="ProMúsics Mallorca" />
<meta property="article:publisher" content="https://www.facebook.com/promusicsmallorca" />
<meta property="article:modified_time" content="2022-04-06T07:11:28+00:00" />
<meta property="og:image" content="https://i0.wp.com/www.promusicsmallorca.org/wp-content/uploads/2021/03/GLASFORD-portada-band-camp-derecha.jpg?fit=1904%2C1500&#038;ssl=1" />
	<meta property="og:image:width" content="1904" />
	<meta property="og:image:height" content="1500" />
<meta name="twitter:card" content="summary_large_image" />
<meta name="twitter:label1" content="Tiempo de lectura">
	<meta name="twitter:data1" content="1 minuto">
<script type="application/ld+json" class="yoast-schema-graph">{"@context":"https://schema.org","@graph":[{"@type":"Organization","@id":"https://www.promusicsmallorca.org/#organization","name":"ProM\u00fasics Mallorca","url":"https://www.promusicsmallorca.org/","sameAs":["https://www.facebook.com/promusicsmallorca","https://www.instagram.com/promusicsmallorca/","https://www.youtube.com/channel/UCWwttYA4JPovS2RZiGlHgpA"],"logo":{"@type":"ImageObject","@id":"https://www.promusicsmallorca.org/#logo","inLanguage":"es","url":"https://i0.wp.com/www.promusicsmallorca.org/wp-content/uploads/2021/02/image0.png?fit=10224%2C7725&ssl=1","width":10224,"height":7725,"caption":"ProM\u00fasics Mallorca"},"image":{"@id":"https://www.promusicsmallorca.org/#logo"}},{"@type":"WebSite","@id":"https://www.promusicsmallorca.org/#website","url":"https://www.promusicsmallorca.org/","name":"ProM\u00fasics Mallorca","description":"Associaci\u00f3 de Professionals de la M\u00fasica de Mallorca","publisher":{"@id":"https://www.promusicsmallorca.org/#organization"},"potentialAction":[{"@type":"SearchAction","target":"https://www.promusicsmallorca.org/?s={search_term_string}","query-input":"required name=search_term_string"}],"inLanguage":"es"},{"@type":"ImageObject","@id":"https://www.promusicsmallorca.org/es/catalogo-promusics/glasford-the-providence/#primaryimage","inLanguage":"es","url":"https://i0.wp.com/www.promusicsmallorca.org/wp-content/uploads/2021/03/GLASFORD-portada-band-camp-derecha.jpg?fit=1904%2C1500&ssl=1","width":1904,"height":1500},{"@type":"WebPage","@id":"https://www.promusicsmallorca.org/es/catalogo-promusics/glasford-the-providence/#webpage","url":"https://www.promusicsmallorca.org/es/catalogo-promusics/glasford-the-providence/","name":"Glasford & the providence - ProM\u00fasics Mallorca","isPartOf":{"@id":"https://www.promusicsmallorca.org/#website"},"primaryImageOfPage":{"@id":"https://www.promusicsmallorca.org/es/catalogo-promusics/glasford-the-providence/#primaryimage"},"datePublished":"2021-03-02T08:56:51+00:00","dateModified":"2022-04-06T07:11:28+00:00","inLanguage":"es","potentialAction":[{"@type":"ReadAction","target":["https://www.promusicsmallorca.org/es/catalogo-promusics/glasford-the-providence/"]}]}]}</script>
<!-- / Yoast SEO Premium plugin. -->
