{"id":3356,"date":"2021-03-02T08:45:29","date_gmt":"2021-03-02T08:45:29","guid":{"rendered":"https:\/\/www.promusicsmallorca.org\/?post_type=product&#038;p=3356"},"modified":"2022-03-20T15:16:06","modified_gmt":"2022-03-20T15:16:06","slug":"did","status":"publish","type":"product","link":"https:\/\/www.promusicsmallorca.org\/es\/catalogo-promusics\/did\/","title":{"rendered":"DID"},"content":{"rendered":"<p>DID es el nombre de este potente tr\u00edo formado por voz, piano que a la vez toca los bajos y bater\u00eda. Apuestan por una fusi\u00f3n \u00fanica entre el Neo Soul, la energ\u00eda del Rock y sonidos m\u00e1s electr\u00f3nicos. Una propuesta diferente y que viene pisando fuerte, creando un sonido propio y muy personal. Sus conciertos est\u00e1n llenos de magia. Forman su repertorio canciones de Robert Glasper, Roy Ayers, Lalah Hataway, Hiatus Kaiote, Met\u00e1lica, Jay Kaye Band, Nirvana, Alicia Keys, Michael Jackson, etc., y composiciones propias.<\/p>\n<pre style=\"text-align: center;\"><a href=\"https:\/\/www.youtube.com\/watch?v=l56U5PvWZ3U\" target=\"_blank\" rel=\"noopener\">https:\/\/www.youtube.com\/watch?v=l56U5PvWZ3U<\/a>\r\n<a href=\"https:\/\/www.facebook.com\/DID-111682310379801\" target=\"_blank\" rel=\"noopener\">https:\/\/www.facebook.com\/DID-111682310379801<\/a><\/pre>\n<p style=\"text-align: right;\">Isis Montero: 660387454 \/ <a href=\"mailto:isismontero@yahoo.es\" target=\"_blank\" rel=\"noopener\">isismontero@yahoo.es<\/a><\/p>\n","protected":false},"excerpt":{"rendered":"<p style=\"text-align: center;\">Desir\u00e9e Dur\u00e1n &#8211; Voz<br \/>\nIsis \u00abApache\u00bb Montero &#8211; Piano &amp; Bass y Voz<br \/>\nDiego Ferral &#8211; Bater\u00eda<\/p>\n","protected":false},"featured_media":3359,"template":"","meta":{"_et_pb_use_builder":"","_et_pb_old_content":"","_et_gb_content_width":""},"product_cat":[78,239,66],"product_tag":[86],"yoast_head":"<!-- This site is optimized with the Yoast SEO Premium plugin v15.7 - https:\/\/yoast.com\/wordpress\/plugins\/seo\/ -->\n<title>DID - ProM\u00fasics Mallorca<\/title>\n<meta name=\"robots\" content=\"index, follow, max-snippet:-1, max-image-preview:large, max-video-preview:-1\" \/>\n<link rel=\"canonical\" href=\"https:\/\/www.promusicsmallorca.org\/es\/catalogo-promusics\/did\/\" \/>\n<meta property=\"og:locale\" content=\"es_ES\" \/>\n<meta property=\"og:type\" content=\"article\" \/>\n<meta property=\"og:title\" content=\"DID - ProM\u00fasics Mallorca\" \/>\n<meta property=\"og:description\" content=\"Desir\u00e9e Dur\u00e1n - Voz Isis &quot;Apache&quot; Montero - Piano &amp; Bass y Voz Diego Ferral - Bater\u00eda\" \/>\n<meta property=\"og:url\" content=\"https:\/\/www.promusicsmallorca.org\/es\/catalogo-promusics\/did\/\" \/>\n<meta property=\"og:site_name\" content=\"ProM\u00fasics Mallorca\" \/>\n<meta property=\"article:publisher\" content=\"https:\/\/www.facebook.com\/promusicsmallorca\" \/>\n<meta property=\"article:modified_time\" content=\"2022-03-20T15:16:06+00:00\" \/>\n<meta property=\"og:image\" content=\"https:\/\/i0.wp.com\/www.promusicsmallorca.org\/wp-content\/uploads\/2021\/03\/DID-POSTER-BLANCO-Y-NEGRO-COLOR-WW.jpeg?fit=1024%2C794&#038;ssl=1\" \/>\n\t<meta property=\"og:image:width\" content=\"1024\" \/>\n\t<meta property=\"og:image:height\" content=\"794\" \/>\n<meta name=\"twitter:card\" content=\"summary_large_image\" \/>\n<meta name=\"twitter:label1\" content=\"Tiempo de lectura\">\n\t<meta name=\"twitter:data1\" content=\"1 minuto\">\n<script type=\"application\/ld+json\" class=\"yoast-schema-graph\">{\"@context\":\"https:\/\/schema.org\",\"@graph\":[{\"@type\":\"Organization\",\"@id\":\"https:\/\/www.promusicsmallorca.org\/#organization\",\"name\":\"ProM\\u00fasics Mallorca\",\"url\":\"https:\/\/www.promusicsmallorca.org\/\",\"sameAs\":[\"https:\/\/www.facebook.com\/promusicsmallorca\",\"https:\/\/www.instagram.com\/promusicsmallorca\/\",\"https:\/\/www.youtube.com\/channel\/UCWwttYA4JPovS2RZiGlHgpA\"],\"logo\":{\"@type\":\"ImageObject\",\"@id\":\"https:\/\/www.promusicsmallorca.org\/#logo\",\"inLanguage\":\"es\",\"url\":\"https:\/\/i0.wp.com\/www.promusicsmallorca.org\/wp-content\/uploads\/2021\/02\/image0.png?fit=10224%2C7725&ssl=1\",\"width\":10224,\"height\":7725,\"caption\":\"ProM\\u00fasics Mallorca\"},\"image\":{\"@id\":\"https:\/\/www.promusicsmallorca.org\/#logo\"}},{\"@type\":\"WebSite\",\"@id\":\"https:\/\/www.promusicsmallorca.org\/#website\",\"url\":\"https:\/\/www.promusicsmallorca.org\/\",\"name\":\"ProM\\u00fasics Mallorca\",\"description\":\"Associaci\\u00f3 de Professionals de la M\\u00fasica de Mallorca\",\"publisher\":{\"@id\":\"https:\/\/www.promusicsmallorca.org\/#organization\"},\"potentialAction\":[{\"@type\":\"SearchAction\",\"target\":\"https:\/\/www.promusicsmallorca.org\/?s={search_term_string}\",\"query-input\":\"required name=search_term_string\"}],\"inLanguage\":\"es\"},{\"@type\":\"ImageObject\",\"@id\":\"https:\/\/www.promusicsmallorca.org\/es\/catalogo-promusics\/did\/#primaryimage\",\"inLanguage\":\"es\",\"url\":\"https:\/\/i0.wp.com\/www.promusicsmallorca.org\/wp-content\/uploads\/2021\/03\/DID-POSTER-BLANCO-Y-NEGRO-COLOR-WW.jpeg?fit=1024%2C794&ssl=1\",\"width\":1024,\"height\":794},{\"@type\":\"WebPage\",\"@id\":\"https:\/\/www.promusicsmallorca.org\/es\/catalogo-promusics\/did\/#webpage\",\"url\":\"https:\/\/www.promusicsmallorca.org\/es\/catalogo-promusics\/did\/\",\"name\":\"DID - ProM\\u00fasics Mallorca\",\"isPartOf\":{\"@id\":\"https:\/\/www.promusicsmallorca.org\/#website\"},\"primaryImageOfPage\":{\"@id\":\"https:\/\/www.promusicsmallorca.org\/es\/catalogo-promusics\/did\/#primaryimage\"},\"datePublished\":\"2021-03-02T08:45:29+00:00\",\"dateModified\":\"2022-03-20T15:16:06+00:00\",\"inLanguage\":\"es\",\"potentialAction\":[{\"@type\":\"ReadAction\",\"target\":[\"https:\/\/www.promusicsmallorca.org\/es\/catalogo-promusics\/did\/\"]}]}]}<\/script>\n<!-- \/ Yoast SEO Premium plugin. -->","jetpack_sharing_enabled":true,"_links":{"self":[{"href":"https:\/\/www.promusicsmallorca.org\/es\/wp-json\/wp\/v2\/product\/3356"}],"collection":[{"href":"https:\/\/www.promusicsmallorca.org\/es\/wp-json\/wp\/v2\/product"}],"about":[{"href":"https:\/\/www.promusicsmallorca.org\/es\/wp-json\/wp\/v2\/types\/product"}],"wp:featuredmedia":[{"embeddable":true,"href":"https:\/\/www.promusicsmallorca.org\/es\/wp-json\/wp\/v2\/media\/3359"}],"wp:attachment":[{"href":"https:\/\/www.promusicsmallorca.org\/es\/wp-json\/wp\/v2\/media?parent=3356"}],"wp:term":[{"taxonomy":"product_cat","embeddable":true,"href":"https:\/\/www.promusicsmallorca.org\/es\/wp-json\/wp\/v2\/product_cat?post=3356"},{"taxonomy":"product_tag","embeddable":true,"href":"https:\/\/www.promusicsmallorca.org\/es\/wp-json\/wp\/v2\/product_tag?post=3356"}],"curies":[{"name":"wp","href":"https:\/\/api.w.org\/{rel}","templated":true}]}}

<p>DID es el nombre de este potente trío formado por voz, piano que a la vez toca los bajos y batería. Apuestan por una fusión única entre el Neo Soul, la energía del Rock y sonidos más electrónicos. Una propuesta diferente y que viene pisando fuerte, creando un sonido propio y muy personal. Sus conciertos están llenos de magia. Forman su repertorio canciones de Robert Glasper, Roy Ayers, Lalah Hataway, Hiatus Kaiote, Metálica, Jay Kaye Band, Nirvana, Alicia Keys, Michael Jackson, etc., y composiciones propias.</p>
<pre style="text-align: center;"><a href="https://www.youtube.com/watch?v=l56U5PvWZ3U" target="_blank" rel="noopener">https://www.youtube.com/watch?v=l56U5PvWZ3U</a>
<a href="https://www.facebook.com/DID-111682310379801" target="_blank" rel="noopener">https://www.facebook.com/DID-111682310379801</a></pre>
<p style="text-align: right;">Isis Montero: 660387454 / <a href="mailto:isismontero@yahoo.es" target="_blank" rel="noopener">isismontero@yahoo.es</a></p>

<p style="text-align: center;">Desirée Durán &#8211; Voz<br />
Isis «Apache» Montero &#8211; Piano &amp; Bass y Voz<br />
Diego Ferral &#8211; Batería</p>

<!-- This site is optimized with the Yoast SEO Premium plugin v15.7 - https://yoast.com/wordpress/plugins/seo/ -->
<title>DID - ProMúsics Mallorca</title>
<meta name="robots" content="index, follow, max-snippet:-1, max-image-preview:large, max-video-preview:-1" />
<link rel="canonical" href="https://www.promusicsmallorca.org/es/catalogo-promusics/did/" />
<meta property="og:locale" content="es_ES" />
<meta property="og:type" content="article" />
<meta property="og:title" content="DID - ProMúsics Mallorca" />
<meta property="og:description" content="Desirée Durán - Voz Isis &quot;Apache&quot; Montero - Piano &amp; Bass y Voz Diego Ferral - Batería" />
<meta property="og:url" content="https://www.promusicsmallorca.org/es/catalogo-promusics/did/" />
<meta property="og:site_name" content="ProMúsics Mallorca" />
<meta property="article:publisher" content="https://www.facebook.com/promusicsmallorca" />
<meta property="article:modified_time" content="2022-03-20T15:16:06+00:00" />
<meta property="og:image" content="https://i0.wp.com/www.promusicsmallorca.org/wp-content/uploads/2021/03/DID-POSTER-BLANCO-Y-NEGRO-COLOR-WW.jpeg?fit=1024%2C794&#038;ssl=1" />
	<meta property="og:image:width" content="1024" />
	<meta property="og:image:height" content="794" />
<meta name="twitter:card" content="summary_large_image" />
<meta name="twitter:label1" content="Tiempo de lectura">
	<meta name="twitter:data1" content="1 minuto">
<script type="application/ld+json" class="yoast-schema-graph">{"@context":"https://schema.org","@graph":[{"@type":"Organization","@id":"https://www.promusicsmallorca.org/#organization","name":"ProM\u00fasics Mallorca","url":"https://www.promusicsmallorca.org/","sameAs":["https://www.facebook.com/promusicsmallorca","https://www.instagram.com/promusicsmallorca/","https://www.youtube.com/channel/UCWwttYA4JPovS2RZiGlHgpA"],"logo":{"@type":"ImageObject","@id":"https://www.promusicsmallorca.org/#logo","inLanguage":"es","url":"https://i0.wp.com/www.promusicsmallorca.org/wp-content/uploads/2021/02/image0.png?fit=10224%2C7725&ssl=1","width":10224,"height":7725,"caption":"ProM\u00fasics Mallorca"},"image":{"@id":"https://www.promusicsmallorca.org/#logo"}},{"@type":"WebSite","@id":"https://www.promusicsmallorca.org/#website","url":"https://www.promusicsmallorca.org/","name":"ProM\u00fasics Mallorca","description":"Associaci\u00f3 de Professionals de la M\u00fasica de Mallorca","publisher":{"@id":"https://www.promusicsmallorca.org/#organization"},"potentialAction":[{"@type":"SearchAction","target":"https://www.promusicsmallorca.org/?s={search_term_string}","query-input":"required name=search_term_string"}],"inLanguage":"es"},{"@type":"ImageObject","@id":"https://www.promusicsmallorca.org/es/catalogo-promusics/did/#primaryimage","inLanguage":"es","url":"https://i0.wp.com/www.promusicsmallorca.org/wp-content/uploads/2021/03/DID-POSTER-BLANCO-Y-NEGRO-COLOR-WW.jpeg?fit=1024%2C794&ssl=1","width":1024,"height":794},{"@type":"WebPage","@id":"https://www.promusicsmallorca.org/es/catalogo-promusics/did/#webpage","url":"https://www.promusicsmallorca.org/es/catalogo-promusics/did/","name":"DID - ProM\u00fasics Mallorca","isPartOf":{"@id":"https://www.promusicsmallorca.org/#website"},"primaryImageOfPage":{"@id":"https://www.promusicsmallorca.org/es/catalogo-promusics/did/#primaryimage"},"datePublished":"2021-03-02T08:45:29+00:00","dateModified":"2022-03-20T15:16:06+00:00","inLanguage":"es","potentialAction":[{"@type":"ReadAction","target":["https://www.promusicsmallorca.org/es/catalogo-promusics/did/"]}]}]}</script>
<!-- / Yoast SEO Premium plugin. -->
