{"id":3263,"date":"2021-02-26T17:43:09","date_gmt":"2021-02-26T17:43:09","guid":{"rendered":"https:\/\/www.promusicsmallorca.org\/?post_type=product&#038;p=3263"},"modified":"2022-03-20T14:57:58","modified_gmt":"2022-03-20T14:57:58","slug":"sergi-selles-quartet","status":"publish","type":"product","link":"https:\/\/www.promusicsmallorca.org\/es\/catalogo-promusics\/sergi-selles-quartet\/","title":{"rendered":"Sergi Selles Quartet"},"content":{"rendered":"<div class=\"textarea-desti col-xs-12 col-sm-6\">\n<div class=\"form-control second-textarea\">La l\u00ednea estil\u00edstica del grupo es una constante necesidad de innovar el jazz m\u00e1s tradicional que nos viene heredado, con los sonidos mediterr\u00e1neos resultantes de la mezcla entre las culturas que se juntaron en la isla natal del compositor y de su innegable influencia cubana familiar. El estudio constante del jazz m\u00e1s actual, hecho en las ciudades de referencia mundial como son New York, Par\u00eds o Holanda como ejemplo vivo de constante evoluci\u00f3n, desde la perspectiva compositiva cl\u00e1sica recibida y la actividad actual como m\u00fasico de jazz, de m\u00fasica brasileira y m\u00fasica tradicional cubana.<\/div>\n<\/div>\n<pre style=\"text-align: center;\"><a href=\"https:\/\/www.youtube.com\/watch?v=WkxloGfeZno\" target=\"_blank\" rel=\"noopener\">https:\/\/www.youtube.com\/watch?v=WkxloGfeZno<\/a>\r\n<a href=\"https:\/\/www.youtube.com\/watch?v=hhKjgNpoBHQ\" target=\"_blank\" rel=\"noopener\">https:\/\/www.youtube.com\/watch?v=hhKjgNpoBHQ<\/a><\/pre>\n<p style=\"text-align: right;\">sergio selles: 696162749 \/ <a href=\"mailto:sergipiano@gmail.com\" target=\"_blank\" rel=\"noopener\">sergipiano@gmail.com<\/a><\/p>\n","protected":false},"excerpt":{"rendered":"<p style=\"text-align: center;\">ruben garcia &#8211; bater\u00eda<br \/>\nalain sanchez &#8211; contrabajo<br \/>\njerome girin &#8211; saxof\u00f3n<br \/>\nsergi selles &#8211; piano<\/p>\n","protected":false},"featured_media":3265,"template":"","meta":{"_et_pb_use_builder":"","_et_pb_old_content":"","_et_gb_content_width":""},"product_cat":[96],"product_tag":[72],"yoast_head":"<!-- This site is optimized with the Yoast SEO Premium plugin v15.7 - https:\/\/yoast.com\/wordpress\/plugins\/seo\/ -->\n<title>Sergi Selles Quartet - ProM\u00fasics Mallorca<\/title>\n<meta name=\"robots\" content=\"index, follow, max-snippet:-1, max-image-preview:large, max-video-preview:-1\" \/>\n<link rel=\"canonical\" href=\"https:\/\/www.promusicsmallorca.org\/es\/catalogo-promusics\/sergi-selles-quartet\/\" \/>\n<meta property=\"og:locale\" content=\"es_ES\" \/>\n<meta property=\"og:type\" content=\"article\" \/>\n<meta property=\"og:title\" content=\"Sergi Selles Quartet - ProM\u00fasics Mallorca\" \/>\n<meta property=\"og:description\" content=\"ruben garcia - bater\u00eda alain sanchez - contrabajo jerome girin - saxof\u00f3n sergi selles - piano\" \/>\n<meta property=\"og:url\" content=\"https:\/\/www.promusicsmallorca.org\/es\/catalogo-promusics\/sergi-selles-quartet\/\" \/>\n<meta property=\"og:site_name\" content=\"ProM\u00fasics Mallorca\" \/>\n<meta property=\"article:publisher\" content=\"https:\/\/www.facebook.com\/promusicsmallorca\" \/>\n<meta property=\"article:modified_time\" content=\"2022-03-20T14:57:58+00:00\" \/>\n<meta property=\"og:image\" content=\"https:\/\/i0.wp.com\/www.promusicsmallorca.org\/wp-content\/uploads\/2021\/02\/dbdacc4d-4124-46a4-b3d6-867e35c084e3.jpg?fit=1600%2C1600&#038;ssl=1\" \/>\n\t<meta property=\"og:image:width\" content=\"1600\" \/>\n\t<meta property=\"og:image:height\" content=\"1600\" \/>\n<meta name=\"twitter:card\" content=\"summary_large_image\" \/>\n<meta name=\"twitter:label1\" content=\"Tiempo de lectura\">\n\t<meta name=\"twitter:data1\" content=\"1 minuto\">\n<script type=\"application\/ld+json\" class=\"yoast-schema-graph\">{\"@context\":\"https:\/\/schema.org\",\"@graph\":[{\"@type\":\"Organization\",\"@id\":\"https:\/\/www.promusicsmallorca.org\/#organization\",\"name\":\"ProM\\u00fasics Mallorca\",\"url\":\"https:\/\/www.promusicsmallorca.org\/\",\"sameAs\":[\"https:\/\/www.facebook.com\/promusicsmallorca\",\"https:\/\/www.instagram.com\/promusicsmallorca\/\",\"https:\/\/www.youtube.com\/channel\/UCWwttYA4JPovS2RZiGlHgpA\"],\"logo\":{\"@type\":\"ImageObject\",\"@id\":\"https:\/\/www.promusicsmallorca.org\/#logo\",\"inLanguage\":\"es\",\"url\":\"https:\/\/i0.wp.com\/www.promusicsmallorca.org\/wp-content\/uploads\/2021\/02\/image0.png?fit=10224%2C7725&ssl=1\",\"width\":10224,\"height\":7725,\"caption\":\"ProM\\u00fasics Mallorca\"},\"image\":{\"@id\":\"https:\/\/www.promusicsmallorca.org\/#logo\"}},{\"@type\":\"WebSite\",\"@id\":\"https:\/\/www.promusicsmallorca.org\/#website\",\"url\":\"https:\/\/www.promusicsmallorca.org\/\",\"name\":\"ProM\\u00fasics Mallorca\",\"description\":\"Associaci\\u00f3 de Professionals de la M\\u00fasica de Mallorca\",\"publisher\":{\"@id\":\"https:\/\/www.promusicsmallorca.org\/#organization\"},\"potentialAction\":[{\"@type\":\"SearchAction\",\"target\":\"https:\/\/www.promusicsmallorca.org\/?s={search_term_string}\",\"query-input\":\"required name=search_term_string\"}],\"inLanguage\":\"es\"},{\"@type\":\"ImageObject\",\"@id\":\"https:\/\/www.promusicsmallorca.org\/es\/catalogo-promusics\/sergi-selles-quartet\/#primaryimage\",\"inLanguage\":\"es\",\"url\":\"https:\/\/i0.wp.com\/www.promusicsmallorca.org\/wp-content\/uploads\/2021\/02\/dbdacc4d-4124-46a4-b3d6-867e35c084e3.jpg?fit=1600%2C1600&ssl=1\",\"width\":1600,\"height\":1600},{\"@type\":\"WebPage\",\"@id\":\"https:\/\/www.promusicsmallorca.org\/es\/catalogo-promusics\/sergi-selles-quartet\/#webpage\",\"url\":\"https:\/\/www.promusicsmallorca.org\/es\/catalogo-promusics\/sergi-selles-quartet\/\",\"name\":\"Sergi Selles Quartet - ProM\\u00fasics Mallorca\",\"isPartOf\":{\"@id\":\"https:\/\/www.promusicsmallorca.org\/#website\"},\"primaryImageOfPage\":{\"@id\":\"https:\/\/www.promusicsmallorca.org\/es\/catalogo-promusics\/sergi-selles-quartet\/#primaryimage\"},\"datePublished\":\"2021-02-26T17:43:09+00:00\",\"dateModified\":\"2022-03-20T14:57:58+00:00\",\"inLanguage\":\"es\",\"potentialAction\":[{\"@type\":\"ReadAction\",\"target\":[\"https:\/\/www.promusicsmallorca.org\/es\/catalogo-promusics\/sergi-selles-quartet\/\"]}]}]}<\/script>\n<!-- \/ Yoast SEO Premium plugin. -->","jetpack_sharing_enabled":true,"_links":{"self":[{"href":"https:\/\/www.promusicsmallorca.org\/es\/wp-json\/wp\/v2\/product\/3263"}],"collection":[{"href":"https:\/\/www.promusicsmallorca.org\/es\/wp-json\/wp\/v2\/product"}],"about":[{"href":"https:\/\/www.promusicsmallorca.org\/es\/wp-json\/wp\/v2\/types\/product"}],"wp:featuredmedia":[{"embeddable":true,"href":"https:\/\/www.promusicsmallorca.org\/es\/wp-json\/wp\/v2\/media\/3265"}],"wp:attachment":[{"href":"https:\/\/www.promusicsmallorca.org\/es\/wp-json\/wp\/v2\/media?parent=3263"}],"wp:term":[{"taxonomy":"product_cat","embeddable":true,"href":"https:\/\/www.promusicsmallorca.org\/es\/wp-json\/wp\/v2\/product_cat?post=3263"},{"taxonomy":"product_tag","embeddable":true,"href":"https:\/\/www.promusicsmallorca.org\/es\/wp-json\/wp\/v2\/product_tag?post=3263"}],"curies":[{"name":"wp","href":"https:\/\/api.w.org\/{rel}","templated":true}]}}

<div class="textarea-desti col-xs-12 col-sm-6">
<div class="form-control second-textarea">La línea estilística del grupo es una constante necesidad de innovar el jazz más tradicional que nos viene heredado, con los sonidos mediterráneos resultantes de la mezcla entre las culturas que se juntaron en la isla natal del compositor y de su innegable influencia cubana familiar. El estudio constante del jazz más actual, hecho en las ciudades de referencia mundial como son New York, París o Holanda como ejemplo vivo de constante evolución, desde la perspectiva compositiva clásica recibida y la actividad actual como músico de jazz, de música brasileira y música tradicional cubana.</div>
</div>
<pre style="text-align: center;"><a href="https://www.youtube.com/watch?v=WkxloGfeZno" target="_blank" rel="noopener">https://www.youtube.com/watch?v=WkxloGfeZno</a>
<a href="https://www.youtube.com/watch?v=hhKjgNpoBHQ" target="_blank" rel="noopener">https://www.youtube.com/watch?v=hhKjgNpoBHQ</a></pre>
<p style="text-align: right;">sergio selles: 696162749 / <a href="mailto:sergipiano@gmail.com" target="_blank" rel="noopener">sergipiano@gmail.com</a></p>

<p style="text-align: center;">ruben garcia &#8211; batería<br />
alain sanchez &#8211; contrabajo<br />
jerome girin &#8211; saxofón<br />
sergi selles &#8211; piano</p>

<!-- This site is optimized with the Yoast SEO Premium plugin v15.7 - https://yoast.com/wordpress/plugins/seo/ -->
<title>Sergi Selles Quartet - ProMúsics Mallorca</title>
<meta name="robots" content="index, follow, max-snippet:-1, max-image-preview:large, max-video-preview:-1" />
<link rel="canonical" href="https://www.promusicsmallorca.org/es/catalogo-promusics/sergi-selles-quartet/" />
<meta property="og:locale" content="es_ES" />
<meta property="og:type" content="article" />
<meta property="og:title" content="Sergi Selles Quartet - ProMúsics Mallorca" />
<meta property="og:description" content="ruben garcia - batería alain sanchez - contrabajo jerome girin - saxofón sergi selles - piano" />
<meta property="og:url" content="https://www.promusicsmallorca.org/es/catalogo-promusics/sergi-selles-quartet/" />
<meta property="og:site_name" content="ProMúsics Mallorca" />
<meta property="article:publisher" content="https://www.facebook.com/promusicsmallorca" />
<meta property="article:modified_time" content="2022-03-20T14:57:58+00:00" />
<meta property="og:image" content="https://i0.wp.com/www.promusicsmallorca.org/wp-content/uploads/2021/02/dbdacc4d-4124-46a4-b3d6-867e35c084e3.jpg?fit=1600%2C1600&#038;ssl=1" />
	<meta property="og:image:width" content="1600" />
	<meta property="og:image:height" content="1600" />
<meta name="twitter:card" content="summary_large_image" />
<meta name="twitter:label1" content="Tiempo de lectura">
	<meta name="twitter:data1" content="1 minuto">
<script type="application/ld+json" class="yoast-schema-graph">{"@context":"https://schema.org","@graph":[{"@type":"Organization","@id":"https://www.promusicsmallorca.org/#organization","name":"ProM\u00fasics Mallorca","url":"https://www.promusicsmallorca.org/","sameAs":["https://www.facebook.com/promusicsmallorca","https://www.instagram.com/promusicsmallorca/","https://www.youtube.com/channel/UCWwttYA4JPovS2RZiGlHgpA"],"logo":{"@type":"ImageObject","@id":"https://www.promusicsmallorca.org/#logo","inLanguage":"es","url":"https://i0.wp.com/www.promusicsmallorca.org/wp-content/uploads/2021/02/image0.png?fit=10224%2C7725&ssl=1","width":10224,"height":7725,"caption":"ProM\u00fasics Mallorca"},"image":{"@id":"https://www.promusicsmallorca.org/#logo"}},{"@type":"WebSite","@id":"https://www.promusicsmallorca.org/#website","url":"https://www.promusicsmallorca.org/","name":"ProM\u00fasics Mallorca","description":"Associaci\u00f3 de Professionals de la M\u00fasica de Mallorca","publisher":{"@id":"https://www.promusicsmallorca.org/#organization"},"potentialAction":[{"@type":"SearchAction","target":"https://www.promusicsmallorca.org/?s={search_term_string}","query-input":"required name=search_term_string"}],"inLanguage":"es"},{"@type":"ImageObject","@id":"https://www.promusicsmallorca.org/es/catalogo-promusics/sergi-selles-quartet/#primaryimage","inLanguage":"es","url":"https://i0.wp.com/www.promusicsmallorca.org/wp-content/uploads/2021/02/dbdacc4d-4124-46a4-b3d6-867e35c084e3.jpg?fit=1600%2C1600&ssl=1","width":1600,"height":1600},{"@type":"WebPage","@id":"https://www.promusicsmallorca.org/es/catalogo-promusics/sergi-selles-quartet/#webpage","url":"https://www.promusicsmallorca.org/es/catalogo-promusics/sergi-selles-quartet/","name":"Sergi Selles Quartet - ProM\u00fasics Mallorca","isPartOf":{"@id":"https://www.promusicsmallorca.org/#website"},"primaryImageOfPage":{"@id":"https://www.promusicsmallorca.org/es/catalogo-promusics/sergi-selles-quartet/#primaryimage"},"datePublished":"2021-02-26T17:43:09+00:00","dateModified":"2022-03-20T14:57:58+00:00","inLanguage":"es","potentialAction":[{"@type":"ReadAction","target":["https://www.promusicsmallorca.org/es/catalogo-promusics/sergi-selles-quartet/"]}]}]}</script>
<!-- / Yoast SEO Premium plugin. -->
