{"id":3220,"date":"2021-02-24T03:11:32","date_gmt":"2021-02-24T03:11:32","guid":{"rendered":"https:\/\/www.promusicsmallorca.org\/?post_type=product&#038;p=3220"},"modified":"2022-03-20T16:17:54","modified_gmt":"2022-03-20T16:17:54","slug":"quantic-tamarell-band","status":"publish","type":"product","link":"https:\/\/www.promusicsmallorca.org\/es\/catalogo-promusics\/quantic-tamarell-band\/","title":{"rendered":"Quantic Tamarell Band"},"content":{"rendered":"<p>La QTB, formada a finales del 2020, re\u00fane a destacados m\u00fasicos del blues mallorqu\u00edn en un quinteto que pone en escena un repertorio basado en los cl\u00e1sicos del blues del Delta (especialmente Robert Johnson) con una propuesta sonora influenciada por la renovaci\u00f3n de la m\u00fasica de Nueva Orleans o el rock de los 70 en figuras como J.J. Cale, The Band, Traffic, Dr. John, Ry Cooder, etc. Con una formaci\u00f3n de multi instrumentistas y un cat\u00e1logo ampl\u00edsimo de recursos, la QTB propone un espect\u00e1culo fluido, de m\u00faltiples posibilidades y combinaciones.<\/p>\n<pre style=\"text-align: center;\"><a href=\"https:\/\/www.facebook.com\/quantictamarellband\" target=\"_blank\" rel=\"noopener\">https:\/\/www.facebook.com\/quantictamarellband<\/a>\r\n<a href=\"https:\/\/www.youtube.com\/channel\/UCTKnYka0U14UzXHjgEN7Y8w\" target=\"_blank\" rel=\"noopener\">https:\/\/www.youtube.com\/channel\/UCTKnYka0U14UzXHjgEN7Y8w<\/a><\/pre>\n<p style=\"text-align: right;\">Ignacio Sim\u00f3 Orpi Moragues: 634537202 \/ <a href=\"mailto:ignacioblues707@hotmail.com\" target=\"_blank\" rel=\"noopener\">ignacioblues707@hotmail.com<\/a><\/p>\n","protected":false},"excerpt":{"rendered":"<p style=\"text-align: center;\">Ignacio Sim\u00f3 Orpi &#8211; Arm\u00f3nica<br \/>\nJos\u00e9 Lu\u00eds Garc\u00eda &#8211; Percusi\u00f3n<br \/>\nOctavio Cort\u00e9s &#8211; Piano, guitarra y voz<br \/>\nEmili Gen\u00e9 &#8211; Teclado<br \/>\nArnau Perell\u00f3 &#8211; Contrabajo<\/p>\n","protected":false},"featured_media":3223,"template":"","meta":{"_et_pb_use_builder":"","_et_pb_old_content":"","_et_gb_content_width":""},"product_cat":[75],"product_tag":[92],"yoast_head":"<!-- This site is optimized with the Yoast SEO Premium plugin v15.7 - https:\/\/yoast.com\/wordpress\/plugins\/seo\/ -->\n<title>Quantic Tamarell Band - ProM\u00fasics Mallorca<\/title>\n<meta name=\"robots\" content=\"index, follow, max-snippet:-1, max-image-preview:large, max-video-preview:-1\" \/>\n<link rel=\"canonical\" href=\"https:\/\/www.promusicsmallorca.org\/es\/catalogo-promusics\/quantic-tamarell-band\/\" \/>\n<meta property=\"og:locale\" content=\"es_ES\" \/>\n<meta property=\"og:type\" content=\"article\" \/>\n<meta property=\"og:title\" content=\"Quantic Tamarell Band - ProM\u00fasics Mallorca\" \/>\n<meta property=\"og:description\" content=\"Ignacio Sim\u00f3 Orpi - Arm\u00f3nica Jos\u00e9 Lu\u00eds Garc\u00eda - Percusi\u00f3n Octavio Cort\u00e9s - Piano, guitarra y voz Emili Gen\u00e9 - Teclado Arnau Perell\u00f3 - Contrabajo\" \/>\n<meta property=\"og:url\" content=\"https:\/\/www.promusicsmallorca.org\/es\/catalogo-promusics\/quantic-tamarell-band\/\" \/>\n<meta property=\"og:site_name\" content=\"ProM\u00fasics Mallorca\" \/>\n<meta property=\"article:publisher\" content=\"https:\/\/www.facebook.com\/promusicsmallorca\" \/>\n<meta property=\"article:modified_time\" content=\"2022-03-20T16:17:54+00:00\" \/>\n<meta property=\"og:image\" content=\"https:\/\/i0.wp.com\/www.promusicsmallorca.org\/wp-content\/uploads\/2021\/02\/Tamarell3-scaled.jpg?fit=2560%2C1810&#038;ssl=1\" \/>\n\t<meta property=\"og:image:width\" content=\"2560\" \/>\n\t<meta property=\"og:image:height\" content=\"1810\" \/>\n<meta name=\"twitter:card\" content=\"summary_large_image\" \/>\n<meta name=\"twitter:label1\" content=\"Tiempo de lectura\">\n\t<meta name=\"twitter:data1\" content=\"1 minuto\">\n<script type=\"application\/ld+json\" class=\"yoast-schema-graph\">{\"@context\":\"https:\/\/schema.org\",\"@graph\":[{\"@type\":\"Organization\",\"@id\":\"https:\/\/www.promusicsmallorca.org\/#organization\",\"name\":\"ProM\\u00fasics Mallorca\",\"url\":\"https:\/\/www.promusicsmallorca.org\/\",\"sameAs\":[\"https:\/\/www.facebook.com\/promusicsmallorca\",\"https:\/\/www.instagram.com\/promusicsmallorca\/\",\"https:\/\/www.youtube.com\/channel\/UCWwttYA4JPovS2RZiGlHgpA\"],\"logo\":{\"@type\":\"ImageObject\",\"@id\":\"https:\/\/www.promusicsmallorca.org\/#logo\",\"inLanguage\":\"es\",\"url\":\"https:\/\/i0.wp.com\/www.promusicsmallorca.org\/wp-content\/uploads\/2021\/02\/image0.png?fit=10224%2C7725&ssl=1\",\"width\":10224,\"height\":7725,\"caption\":\"ProM\\u00fasics Mallorca\"},\"image\":{\"@id\":\"https:\/\/www.promusicsmallorca.org\/#logo\"}},{\"@type\":\"WebSite\",\"@id\":\"https:\/\/www.promusicsmallorca.org\/#website\",\"url\":\"https:\/\/www.promusicsmallorca.org\/\",\"name\":\"ProM\\u00fasics Mallorca\",\"description\":\"Associaci\\u00f3 de Professionals de la M\\u00fasica de Mallorca\",\"publisher\":{\"@id\":\"https:\/\/www.promusicsmallorca.org\/#organization\"},\"potentialAction\":[{\"@type\":\"SearchAction\",\"target\":\"https:\/\/www.promusicsmallorca.org\/?s={search_term_string}\",\"query-input\":\"required name=search_term_string\"}],\"inLanguage\":\"es\"},{\"@type\":\"ImageObject\",\"@id\":\"https:\/\/www.promusicsmallorca.org\/es\/catalogo-promusics\/quantic-tamarell-band\/#primaryimage\",\"inLanguage\":\"es\",\"url\":\"https:\/\/i0.wp.com\/www.promusicsmallorca.org\/wp-content\/uploads\/2021\/02\/Tamarell3-scaled.jpg?fit=2560%2C1810&ssl=1\",\"width\":2560,\"height\":1810},{\"@type\":\"WebPage\",\"@id\":\"https:\/\/www.promusicsmallorca.org\/es\/catalogo-promusics\/quantic-tamarell-band\/#webpage\",\"url\":\"https:\/\/www.promusicsmallorca.org\/es\/catalogo-promusics\/quantic-tamarell-band\/\",\"name\":\"Quantic Tamarell Band - ProM\\u00fasics Mallorca\",\"isPartOf\":{\"@id\":\"https:\/\/www.promusicsmallorca.org\/#website\"},\"primaryImageOfPage\":{\"@id\":\"https:\/\/www.promusicsmallorca.org\/es\/catalogo-promusics\/quantic-tamarell-band\/#primaryimage\"},\"datePublished\":\"2021-02-24T03:11:32+00:00\",\"dateModified\":\"2022-03-20T16:17:54+00:00\",\"inLanguage\":\"es\",\"potentialAction\":[{\"@type\":\"ReadAction\",\"target\":[\"https:\/\/www.promusicsmallorca.org\/es\/catalogo-promusics\/quantic-tamarell-band\/\"]}]}]}<\/script>\n<!-- \/ Yoast SEO Premium plugin. -->","jetpack_sharing_enabled":true,"_links":{"self":[{"href":"https:\/\/www.promusicsmallorca.org\/es\/wp-json\/wp\/v2\/product\/3220"}],"collection":[{"href":"https:\/\/www.promusicsmallorca.org\/es\/wp-json\/wp\/v2\/product"}],"about":[{"href":"https:\/\/www.promusicsmallorca.org\/es\/wp-json\/wp\/v2\/types\/product"}],"wp:featuredmedia":[{"embeddable":true,"href":"https:\/\/www.promusicsmallorca.org\/es\/wp-json\/wp\/v2\/media\/3223"}],"wp:attachment":[{"href":"https:\/\/www.promusicsmallorca.org\/es\/wp-json\/wp\/v2\/media?parent=3220"}],"wp:term":[{"taxonomy":"product_cat","embeddable":true,"href":"https:\/\/www.promusicsmallorca.org\/es\/wp-json\/wp\/v2\/product_cat?post=3220"},{"taxonomy":"product_tag","embeddable":true,"href":"https:\/\/www.promusicsmallorca.org\/es\/wp-json\/wp\/v2\/product_tag?post=3220"}],"curies":[{"name":"wp","href":"https:\/\/api.w.org\/{rel}","templated":true}]}}

<p>La QTB, formada a finales del 2020, reúne a destacados músicos del blues mallorquín en un quinteto que pone en escena un repertorio basado en los clásicos del blues del Delta (especialmente Robert Johnson) con una propuesta sonora influenciada por la renovación de la música de Nueva Orleans o el rock de los 70 en figuras como J.J. Cale, The Band, Traffic, Dr. John, Ry Cooder, etc. Con una formación de multi instrumentistas y un catálogo amplísimo de recursos, la QTB propone un espectáculo fluido, de múltiples posibilidades y combinaciones.</p>
<pre style="text-align: center;"><a href="https://www.facebook.com/quantictamarellband" target="_blank" rel="noopener">https://www.facebook.com/quantictamarellband</a>
<a href="https://www.youtube.com/channel/UCTKnYka0U14UzXHjgEN7Y8w" target="_blank" rel="noopener">https://www.youtube.com/channel/UCTKnYka0U14UzXHjgEN7Y8w</a></pre>
<p style="text-align: right;">Ignacio Simó Orpi Moragues: 634537202 / <a href="mailto:ignacioblues707@hotmail.com" target="_blank" rel="noopener">ignacioblues707@hotmail.com</a></p>

<p style="text-align: center;">Ignacio Simó Orpi &#8211; Armónica<br />
José Luís García &#8211; Percusión<br />
Octavio Cortés &#8211; Piano, guitarra y voz<br />
Emili Gené &#8211; Teclado<br />
Arnau Perelló &#8211; Contrabajo</p>

<!-- This site is optimized with the Yoast SEO Premium plugin v15.7 - https://yoast.com/wordpress/plugins/seo/ -->
<title>Quantic Tamarell Band - ProMúsics Mallorca</title>
<meta name="robots" content="index, follow, max-snippet:-1, max-image-preview:large, max-video-preview:-1" />
<link rel="canonical" href="https://www.promusicsmallorca.org/es/catalogo-promusics/quantic-tamarell-band/" />
<meta property="og:locale" content="es_ES" />
<meta property="og:type" content="article" />
<meta property="og:title" content="Quantic Tamarell Band - ProMúsics Mallorca" />
<meta property="og:description" content="Ignacio Simó Orpi - Armónica José Luís García - Percusión Octavio Cortés - Piano, guitarra y voz Emili Gené - Teclado Arnau Perelló - Contrabajo" />
<meta property="og:url" content="https://www.promusicsmallorca.org/es/catalogo-promusics/quantic-tamarell-band/" />
<meta property="og:site_name" content="ProMúsics Mallorca" />
<meta property="article:publisher" content="https://www.facebook.com/promusicsmallorca" />
<meta property="article:modified_time" content="2022-03-20T16:17:54+00:00" />
<meta property="og:image" content="https://i0.wp.com/www.promusicsmallorca.org/wp-content/uploads/2021/02/Tamarell3-scaled.jpg?fit=2560%2C1810&#038;ssl=1" />
	<meta property="og:image:width" content="2560" />
	<meta property="og:image:height" content="1810" />
<meta name="twitter:card" content="summary_large_image" />
<meta name="twitter:label1" content="Tiempo de lectura">
	<meta name="twitter:data1" content="1 minuto">
<script type="application/ld+json" class="yoast-schema-graph">{"@context":"https://schema.org","@graph":[{"@type":"Organization","@id":"https://www.promusicsmallorca.org/#organization","name":"ProM\u00fasics Mallorca","url":"https://www.promusicsmallorca.org/","sameAs":["https://www.facebook.com/promusicsmallorca","https://www.instagram.com/promusicsmallorca/","https://www.youtube.com/channel/UCWwttYA4JPovS2RZiGlHgpA"],"logo":{"@type":"ImageObject","@id":"https://www.promusicsmallorca.org/#logo","inLanguage":"es","url":"https://i0.wp.com/www.promusicsmallorca.org/wp-content/uploads/2021/02/image0.png?fit=10224%2C7725&ssl=1","width":10224,"height":7725,"caption":"ProM\u00fasics Mallorca"},"image":{"@id":"https://www.promusicsmallorca.org/#logo"}},{"@type":"WebSite","@id":"https://www.promusicsmallorca.org/#website","url":"https://www.promusicsmallorca.org/","name":"ProM\u00fasics Mallorca","description":"Associaci\u00f3 de Professionals de la M\u00fasica de Mallorca","publisher":{"@id":"https://www.promusicsmallorca.org/#organization"},"potentialAction":[{"@type":"SearchAction","target":"https://www.promusicsmallorca.org/?s={search_term_string}","query-input":"required name=search_term_string"}],"inLanguage":"es"},{"@type":"ImageObject","@id":"https://www.promusicsmallorca.org/es/catalogo-promusics/quantic-tamarell-band/#primaryimage","inLanguage":"es","url":"https://i0.wp.com/www.promusicsmallorca.org/wp-content/uploads/2021/02/Tamarell3-scaled.jpg?fit=2560%2C1810&ssl=1","width":2560,"height":1810},{"@type":"WebPage","@id":"https://www.promusicsmallorca.org/es/catalogo-promusics/quantic-tamarell-band/#webpage","url":"https://www.promusicsmallorca.org/es/catalogo-promusics/quantic-tamarell-band/","name":"Quantic Tamarell Band - ProM\u00fasics Mallorca","isPartOf":{"@id":"https://www.promusicsmallorca.org/#website"},"primaryImageOfPage":{"@id":"https://www.promusicsmallorca.org/es/catalogo-promusics/quantic-tamarell-band/#primaryimage"},"datePublished":"2021-02-24T03:11:32+00:00","dateModified":"2022-03-20T16:17:54+00:00","inLanguage":"es","potentialAction":[{"@type":"ReadAction","target":["https://www.promusicsmallorca.org/es/catalogo-promusics/quantic-tamarell-band/"]}]}]}</script>
<!-- / Yoast SEO Premium plugin. -->
