{"id":3202,"date":"2021-02-24T02:43:30","date_gmt":"2021-02-24T02:43:30","guid":{"rendered":"https:\/\/www.promusicsmallorca.org\/?post_type=product&#038;p=3202"},"modified":"2022-05-04T08:47:47","modified_gmt":"2022-05-04T08:47:47","slug":"ambanim-dalmau","status":"publish","type":"product","link":"https:\/\/www.promusicsmallorca.org\/es\/catalogo-promusics\/ambanim-dalmau\/","title":{"rendered":"Ambanim &#038; Dalmau"},"content":{"rendered":"<p>Por separado, cada uno de nosotros tenemos m\u00e1s de 20 a\u00f1os de experiencia en el sector del espect\u00e1culo; en hoteles, restaurantes, pubs, ceremonias, bodas, eventos privados varios. Ya llevamos 3 a\u00f1os de trayectoria como d\u00fao. Hemos actuado en r\u00e9gimen de artistas para varias empresas como; SCF Management, Empuries Events\u2026<\/p>\n<pre style=\"text-align: center;\"><a href=\"https:\/\/www.youtube.com\/watch?v=fQfS2Qa2sTQ\" target=\"_blank\" rel=\"noopener\">https:\/\/www.youtube.com\/watch?v=fQfS2Qa2sTQ<\/a><\/pre>\n<p style=\"text-align: right;\">Maria Antonia Serra Vicens: <span data-sheets-value=\"{&quot;1&quot;:2,&quot;2&quot;:&quot;696018630&quot;}\" data-sheets-userformat=\"{&quot;2&quot;:8769,&quot;3&quot;:{&quot;1&quot;:1},&quot;9&quot;:1,&quot;12&quot;:0,&quot;16&quot;:8}\">696018630<\/span> \/<a href=\"mailto:mariaantonia1983@gmail.com\" target=\"_blank\" rel=\"noopener\"> mariaantonia1983@gmail.com<\/a><\/p>\n","protected":false},"excerpt":{"rendered":"<p style=\"text-align: center;\">Pedro Dalmau (Piano)<br \/>\nMaria Antonia (voz)<\/p>\n","protected":false},"featured_media":3203,"template":"","meta":{"_et_pb_use_builder":"","_et_pb_old_content":"","_et_gb_content_width":""},"product_cat":[100,44,84,65],"product_tag":[91],"yoast_head":"<!-- This site is optimized with the Yoast SEO Premium plugin v15.7 - https:\/\/yoast.com\/wordpress\/plugins\/seo\/ -->\n<title>Ambanim &amp; Dalmau - ProM\u00fasics Mallorca<\/title>\n<meta name=\"robots\" content=\"index, follow, max-snippet:-1, max-image-preview:large, max-video-preview:-1\" \/>\n<link rel=\"canonical\" href=\"https:\/\/www.promusicsmallorca.org\/es\/catalogo-promusics\/ambanim-dalmau\/\" \/>\n<meta property=\"og:locale\" content=\"es_ES\" \/>\n<meta property=\"og:type\" content=\"article\" \/>\n<meta property=\"og:title\" content=\"Ambanim &amp; Dalmau - ProM\u00fasics Mallorca\" \/>\n<meta property=\"og:description\" content=\"Pedro Dalmau (Piano) Maria Antonia (voz)\" \/>\n<meta property=\"og:url\" content=\"https:\/\/www.promusicsmallorca.org\/es\/catalogo-promusics\/ambanim-dalmau\/\" \/>\n<meta property=\"og:site_name\" content=\"ProM\u00fasics Mallorca\" \/>\n<meta property=\"article:publisher\" content=\"https:\/\/www.facebook.com\/promusicsmallorca\" \/>\n<meta property=\"article:modified_time\" content=\"2022-05-04T08:47:47+00:00\" \/>\n<meta property=\"og:image\" content=\"https:\/\/i0.wp.com\/www.promusicsmallorca.org\/wp-content\/uploads\/2021\/02\/IMG-20190208-WA0100.jpg?fit=1024%2C1024&#038;ssl=1\" \/>\n\t<meta property=\"og:image:width\" content=\"1024\" \/>\n\t<meta property=\"og:image:height\" content=\"1024\" \/>\n<meta name=\"twitter:card\" content=\"summary_large_image\" \/>\n<script type=\"application\/ld+json\" class=\"yoast-schema-graph\">{\"@context\":\"https:\/\/schema.org\",\"@graph\":[{\"@type\":\"Organization\",\"@id\":\"https:\/\/www.promusicsmallorca.org\/#organization\",\"name\":\"ProM\\u00fasics Mallorca\",\"url\":\"https:\/\/www.promusicsmallorca.org\/\",\"sameAs\":[\"https:\/\/www.facebook.com\/promusicsmallorca\",\"https:\/\/www.instagram.com\/promusicsmallorca\/\",\"https:\/\/www.youtube.com\/channel\/UCWwttYA4JPovS2RZiGlHgpA\"],\"logo\":{\"@type\":\"ImageObject\",\"@id\":\"https:\/\/www.promusicsmallorca.org\/#logo\",\"inLanguage\":\"es\",\"url\":\"https:\/\/i0.wp.com\/www.promusicsmallorca.org\/wp-content\/uploads\/2021\/02\/image0.png?fit=10224%2C7725&ssl=1\",\"width\":10224,\"height\":7725,\"caption\":\"ProM\\u00fasics Mallorca\"},\"image\":{\"@id\":\"https:\/\/www.promusicsmallorca.org\/#logo\"}},{\"@type\":\"WebSite\",\"@id\":\"https:\/\/www.promusicsmallorca.org\/#website\",\"url\":\"https:\/\/www.promusicsmallorca.org\/\",\"name\":\"ProM\\u00fasics Mallorca\",\"description\":\"Associaci\\u00f3 de Professionals de la M\\u00fasica de Mallorca\",\"publisher\":{\"@id\":\"https:\/\/www.promusicsmallorca.org\/#organization\"},\"potentialAction\":[{\"@type\":\"SearchAction\",\"target\":\"https:\/\/www.promusicsmallorca.org\/?s={search_term_string}\",\"query-input\":\"required name=search_term_string\"}],\"inLanguage\":\"es\"},{\"@type\":\"ImageObject\",\"@id\":\"https:\/\/www.promusicsmallorca.org\/es\/catalogo-promusics\/ambanim-dalmau\/#primaryimage\",\"inLanguage\":\"es\",\"url\":\"https:\/\/i0.wp.com\/www.promusicsmallorca.org\/wp-content\/uploads\/2021\/02\/IMG-20190208-WA0100.jpg?fit=1024%2C1024&ssl=1\",\"width\":1024,\"height\":1024},{\"@type\":\"WebPage\",\"@id\":\"https:\/\/www.promusicsmallorca.org\/es\/catalogo-promusics\/ambanim-dalmau\/#webpage\",\"url\":\"https:\/\/www.promusicsmallorca.org\/es\/catalogo-promusics\/ambanim-dalmau\/\",\"name\":\"Ambanim & Dalmau - ProM\\u00fasics Mallorca\",\"isPartOf\":{\"@id\":\"https:\/\/www.promusicsmallorca.org\/#website\"},\"primaryImageOfPage\":{\"@id\":\"https:\/\/www.promusicsmallorca.org\/es\/catalogo-promusics\/ambanim-dalmau\/#primaryimage\"},\"datePublished\":\"2021-02-24T02:43:30+00:00\",\"dateModified\":\"2022-05-04T08:47:47+00:00\",\"inLanguage\":\"es\",\"potentialAction\":[{\"@type\":\"ReadAction\",\"target\":[\"https:\/\/www.promusicsmallorca.org\/es\/catalogo-promusics\/ambanim-dalmau\/\"]}]}]}<\/script>\n<!-- \/ Yoast SEO Premium plugin. -->","jetpack_sharing_enabled":true,"_links":{"self":[{"href":"https:\/\/www.promusicsmallorca.org\/es\/wp-json\/wp\/v2\/product\/3202"}],"collection":[{"href":"https:\/\/www.promusicsmallorca.org\/es\/wp-json\/wp\/v2\/product"}],"about":[{"href":"https:\/\/www.promusicsmallorca.org\/es\/wp-json\/wp\/v2\/types\/product"}],"wp:featuredmedia":[{"embeddable":true,"href":"https:\/\/www.promusicsmallorca.org\/es\/wp-json\/wp\/v2\/media\/3203"}],"wp:attachment":[{"href":"https:\/\/www.promusicsmallorca.org\/es\/wp-json\/wp\/v2\/media?parent=3202"}],"wp:term":[{"taxonomy":"product_cat","embeddable":true,"href":"https:\/\/www.promusicsmallorca.org\/es\/wp-json\/wp\/v2\/product_cat?post=3202"},{"taxonomy":"product_tag","embeddable":true,"href":"https:\/\/www.promusicsmallorca.org\/es\/wp-json\/wp\/v2\/product_tag?post=3202"}],"curies":[{"name":"wp","href":"https:\/\/api.w.org\/{rel}","templated":true}]}}

<p>Por separado, cada uno de nosotros tenemos más de 20 años de experiencia en el sector del espectáculo; en hoteles, restaurantes, pubs, ceremonias, bodas, eventos privados varios. Ya llevamos 3 años de trayectoria como dúo. Hemos actuado en régimen de artistas para varias empresas como; SCF Management, Empuries Events…</p>
<pre style="text-align: center;"><a href="https://www.youtube.com/watch?v=fQfS2Qa2sTQ" target="_blank" rel="noopener">https://www.youtube.com/watch?v=fQfS2Qa2sTQ</a></pre>
<p style="text-align: right;">Maria Antonia Serra Vicens: <span data-sheets-value="{&quot;1&quot;:2,&quot;2&quot;:&quot;696018630&quot;}" data-sheets-userformat="{&quot;2&quot;:8769,&quot;3&quot;:{&quot;1&quot;:1},&quot;9&quot;:1,&quot;12&quot;:0,&quot;16&quot;:8}">696018630</span> /<a href="mailto:mariaantonia1983@gmail.com" target="_blank" rel="noopener"> mariaantonia1983@gmail.com</a></p>

<!-- This site is optimized with the Yoast SEO Premium plugin v15.7 - https://yoast.com/wordpress/plugins/seo/ -->
<title>Ambanim &amp; Dalmau - ProMúsics Mallorca</title>
<meta name="robots" content="index, follow, max-snippet:-1, max-image-preview:large, max-video-preview:-1" />
<link rel="canonical" href="https://www.promusicsmallorca.org/es/catalogo-promusics/ambanim-dalmau/" />
<meta property="og:locale" content="es_ES" />
<meta property="og:type" content="article" />
<meta property="og:title" content="Ambanim &amp; Dalmau - ProMúsics Mallorca" />
<meta property="og:description" content="Pedro Dalmau (Piano) Maria Antonia (voz)" />
<meta property="og:url" content="https://www.promusicsmallorca.org/es/catalogo-promusics/ambanim-dalmau/" />
<meta property="og:site_name" content="ProMúsics Mallorca" />
<meta property="article:publisher" content="https://www.facebook.com/promusicsmallorca" />
<meta property="article:modified_time" content="2022-05-04T08:47:47+00:00" />
<meta property="og:image" content="https://i0.wp.com/www.promusicsmallorca.org/wp-content/uploads/2021/02/IMG-20190208-WA0100.jpg?fit=1024%2C1024&#038;ssl=1" />
	<meta property="og:image:width" content="1024" />
	<meta property="og:image:height" content="1024" />
<meta name="twitter:card" content="summary_large_image" />
<script type="application/ld+json" class="yoast-schema-graph">{"@context":"https://schema.org","@graph":[{"@type":"Organization","@id":"https://www.promusicsmallorca.org/#organization","name":"ProM\u00fasics Mallorca","url":"https://www.promusicsmallorca.org/","sameAs":["https://www.facebook.com/promusicsmallorca","https://www.instagram.com/promusicsmallorca/","https://www.youtube.com/channel/UCWwttYA4JPovS2RZiGlHgpA"],"logo":{"@type":"ImageObject","@id":"https://www.promusicsmallorca.org/#logo","inLanguage":"es","url":"https://i0.wp.com/www.promusicsmallorca.org/wp-content/uploads/2021/02/image0.png?fit=10224%2C7725&ssl=1","width":10224,"height":7725,"caption":"ProM\u00fasics Mallorca"},"image":{"@id":"https://www.promusicsmallorca.org/#logo"}},{"@type":"WebSite","@id":"https://www.promusicsmallorca.org/#website","url":"https://www.promusicsmallorca.org/","name":"ProM\u00fasics Mallorca","description":"Associaci\u00f3 de Professionals de la M\u00fasica de Mallorca","publisher":{"@id":"https://www.promusicsmallorca.org/#organization"},"potentialAction":[{"@type":"SearchAction","target":"https://www.promusicsmallorca.org/?s={search_term_string}","query-input":"required name=search_term_string"}],"inLanguage":"es"},{"@type":"ImageObject","@id":"https://www.promusicsmallorca.org/es/catalogo-promusics/ambanim-dalmau/#primaryimage","inLanguage":"es","url":"https://i0.wp.com/www.promusicsmallorca.org/wp-content/uploads/2021/02/IMG-20190208-WA0100.jpg?fit=1024%2C1024&ssl=1","width":1024,"height":1024},{"@type":"WebPage","@id":"https://www.promusicsmallorca.org/es/catalogo-promusics/ambanim-dalmau/#webpage","url":"https://www.promusicsmallorca.org/es/catalogo-promusics/ambanim-dalmau/","name":"Ambanim & Dalmau - ProM\u00fasics Mallorca","isPartOf":{"@id":"https://www.promusicsmallorca.org/#website"},"primaryImageOfPage":{"@id":"https://www.promusicsmallorca.org/es/catalogo-promusics/ambanim-dalmau/#primaryimage"},"datePublished":"2021-02-24T02:43:30+00:00","dateModified":"2022-05-04T08:47:47+00:00","inLanguage":"es","potentialAction":[{"@type":"ReadAction","target":["https://www.promusicsmallorca.org/es/catalogo-promusics/ambanim-dalmau/"]}]}]}</script>
<!-- / Yoast SEO Premium plugin. -->
