{"id":3181,"date":"2021-02-24T02:19:52","date_gmt":"2021-02-24T02:19:52","guid":{"rendered":"https:\/\/www.promusicsmallorca.org\/?post_type=product&#038;p=3181"},"modified":"2022-05-04T08:45:49","modified_gmt":"2022-05-04T08:45:49","slug":"bluegalu","status":"publish","type":"product","link":"https:\/\/www.promusicsmallorca.org\/es\/catalogo-promusics\/bluegalu\/","title":{"rendered":"BlueGal\u00fa"},"content":{"rendered":"<p>El d\u00fao nace y crece en las aulas de Factoria de M\u00fasics gracias a la pasi\u00f3n de Luc\u00eda y Goran por la improvisaci\u00f3n y el jazz. Se consolida gracias a la diversidad de los conciertos que hemos cubierto: bodas, fiestas privadas, hoteles, conciertos ben\u00e9ficos y bares.<\/p>\n<pre style=\"text-align: center;\"><a href=\"https:\/\/www.facebook.com\/BlueGalu\/videos\/2697227903651101\" target=\"_blank\" rel=\"noopener\">https:\/\/www.facebook.com\/BlueGalu\/videos\/2697227903651101<\/a>\r\n<a href=\"https:\/\/www.facebook.com\/2282330352049072\/videos\/381117859355911\" target=\"_blank\" rel=\"noopener\">https:\/\/www.facebook.com\/2282330352049072\/videos\/381117859355911<\/a><\/pre>\n<p style=\"text-align: right;\">Goran Levi: 677831478 \/ <a href=\"mailto:goran31722@gmail.com\" target=\"_blank\" rel=\"noopener\">goran31722@gmail.com<\/a><\/p>\n","protected":false},"excerpt":{"rendered":"<p style=\"text-align: center;\">Luc\u00eda Latorre Pi\u00f1eiro \u2013 voz<br \/>\nGoran Levi \u2013 guitarra\/voz<\/p>\n","protected":false},"featured_media":3182,"template":"","meta":{"_et_pb_use_builder":"","_et_pb_old_content":"","_et_gb_content_width":""},"product_cat":[96,84],"product_tag":[91],"yoast_head":"<!-- This site is optimized with the Yoast SEO Premium plugin v15.7 - https:\/\/yoast.com\/wordpress\/plugins\/seo\/ -->\n<title>BlueGal\u00fa - ProM\u00fasics Mallorca<\/title>\n<meta name=\"robots\" content=\"index, follow, max-snippet:-1, max-image-preview:large, max-video-preview:-1\" \/>\n<link rel=\"canonical\" href=\"https:\/\/www.promusicsmallorca.org\/es\/catalogo-promusics\/bluegalu\/\" \/>\n<meta property=\"og:locale\" content=\"es_ES\" \/>\n<meta property=\"og:type\" content=\"article\" \/>\n<meta property=\"og:title\" content=\"BlueGal\u00fa - ProM\u00fasics Mallorca\" \/>\n<meta property=\"og:description\" content=\"Luc\u00eda Latorre Pi\u00f1eiro \u2013 voz Goran Levi \u2013 guitarra\/voz\" \/>\n<meta property=\"og:url\" content=\"https:\/\/www.promusicsmallorca.org\/es\/catalogo-promusics\/bluegalu\/\" \/>\n<meta property=\"og:site_name\" content=\"ProM\u00fasics Mallorca\" \/>\n<meta property=\"article:publisher\" content=\"https:\/\/www.facebook.com\/promusicsmallorca\" \/>\n<meta property=\"article:modified_time\" content=\"2022-05-04T08:45:49+00:00\" \/>\n<meta property=\"og:image\" content=\"https:\/\/i0.wp.com\/www.promusicsmallorca.org\/wp-content\/uploads\/2021\/02\/51611048_2289926514622789_637423028476575744_o.jpg?fit=1280%2C1920&#038;ssl=1\" \/>\n\t<meta property=\"og:image:width\" content=\"1280\" \/>\n\t<meta property=\"og:image:height\" content=\"1920\" \/>\n<meta name=\"twitter:card\" content=\"summary_large_image\" \/>\n<script type=\"application\/ld+json\" class=\"yoast-schema-graph\">{\"@context\":\"https:\/\/schema.org\",\"@graph\":[{\"@type\":\"Organization\",\"@id\":\"https:\/\/www.promusicsmallorca.org\/#organization\",\"name\":\"ProM\\u00fasics Mallorca\",\"url\":\"https:\/\/www.promusicsmallorca.org\/\",\"sameAs\":[\"https:\/\/www.facebook.com\/promusicsmallorca\",\"https:\/\/www.instagram.com\/promusicsmallorca\/\",\"https:\/\/www.youtube.com\/channel\/UCWwttYA4JPovS2RZiGlHgpA\"],\"logo\":{\"@type\":\"ImageObject\",\"@id\":\"https:\/\/www.promusicsmallorca.org\/#logo\",\"inLanguage\":\"es\",\"url\":\"https:\/\/i0.wp.com\/www.promusicsmallorca.org\/wp-content\/uploads\/2021\/02\/image0.png?fit=10224%2C7725&ssl=1\",\"width\":10224,\"height\":7725,\"caption\":\"ProM\\u00fasics Mallorca\"},\"image\":{\"@id\":\"https:\/\/www.promusicsmallorca.org\/#logo\"}},{\"@type\":\"WebSite\",\"@id\":\"https:\/\/www.promusicsmallorca.org\/#website\",\"url\":\"https:\/\/www.promusicsmallorca.org\/\",\"name\":\"ProM\\u00fasics Mallorca\",\"description\":\"Associaci\\u00f3 de Professionals de la M\\u00fasica de Mallorca\",\"publisher\":{\"@id\":\"https:\/\/www.promusicsmallorca.org\/#organization\"},\"potentialAction\":[{\"@type\":\"SearchAction\",\"target\":\"https:\/\/www.promusicsmallorca.org\/?s={search_term_string}\",\"query-input\":\"required name=search_term_string\"}],\"inLanguage\":\"es\"},{\"@type\":\"ImageObject\",\"@id\":\"https:\/\/www.promusicsmallorca.org\/es\/catalogo-promusics\/bluegalu\/#primaryimage\",\"inLanguage\":\"es\",\"url\":\"https:\/\/i0.wp.com\/www.promusicsmallorca.org\/wp-content\/uploads\/2021\/02\/51611048_2289926514622789_637423028476575744_o.jpg?fit=1280%2C1920&ssl=1\",\"width\":1280,\"height\":1920},{\"@type\":\"WebPage\",\"@id\":\"https:\/\/www.promusicsmallorca.org\/es\/catalogo-promusics\/bluegalu\/#webpage\",\"url\":\"https:\/\/www.promusicsmallorca.org\/es\/catalogo-promusics\/bluegalu\/\",\"name\":\"BlueGal\\u00fa - ProM\\u00fasics Mallorca\",\"isPartOf\":{\"@id\":\"https:\/\/www.promusicsmallorca.org\/#website\"},\"primaryImageOfPage\":{\"@id\":\"https:\/\/www.promusicsmallorca.org\/es\/catalogo-promusics\/bluegalu\/#primaryimage\"},\"datePublished\":\"2021-02-24T02:19:52+00:00\",\"dateModified\":\"2022-05-04T08:45:49+00:00\",\"inLanguage\":\"es\",\"potentialAction\":[{\"@type\":\"ReadAction\",\"target\":[\"https:\/\/www.promusicsmallorca.org\/es\/catalogo-promusics\/bluegalu\/\"]}]}]}<\/script>\n<!-- \/ Yoast SEO Premium plugin. -->","jetpack_sharing_enabled":true,"_links":{"self":[{"href":"https:\/\/www.promusicsmallorca.org\/es\/wp-json\/wp\/v2\/product\/3181"}],"collection":[{"href":"https:\/\/www.promusicsmallorca.org\/es\/wp-json\/wp\/v2\/product"}],"about":[{"href":"https:\/\/www.promusicsmallorca.org\/es\/wp-json\/wp\/v2\/types\/product"}],"wp:featuredmedia":[{"embeddable":true,"href":"https:\/\/www.promusicsmallorca.org\/es\/wp-json\/wp\/v2\/media\/3182"}],"wp:attachment":[{"href":"https:\/\/www.promusicsmallorca.org\/es\/wp-json\/wp\/v2\/media?parent=3181"}],"wp:term":[{"taxonomy":"product_cat","embeddable":true,"href":"https:\/\/www.promusicsmallorca.org\/es\/wp-json\/wp\/v2\/product_cat?post=3181"},{"taxonomy":"product_tag","embeddable":true,"href":"https:\/\/www.promusicsmallorca.org\/es\/wp-json\/wp\/v2\/product_tag?post=3181"}],"curies":[{"name":"wp","href":"https:\/\/api.w.org\/{rel}","templated":true}]}}

BlueGalú

<p>El dúo nace y crece en las aulas de Factoria de Músics gracias a la pasión de Lucía y Goran por la improvisación y el jazz. Se consolida gracias a la diversidad de los conciertos que hemos cubierto: bodas, fiestas privadas, hoteles, conciertos benéficos y bares.</p>
<pre style="text-align: center;"><a href="https://www.facebook.com/BlueGalu/videos/2697227903651101" target="_blank" rel="noopener">https://www.facebook.com/BlueGalu/videos/2697227903651101</a>
<a href="https://www.facebook.com/2282330352049072/videos/381117859355911" target="_blank" rel="noopener">https://www.facebook.com/2282330352049072/videos/381117859355911</a></pre>
<p style="text-align: right;">Goran Levi: 677831478 / <a href="mailto:goran31722@gmail.com" target="_blank" rel="noopener">goran31722@gmail.com</a></p>

<p style="text-align: center;">Lucía Latorre Piñeiro – voz<br />
Goran Levi – guitarra/voz</p>

<!-- This site is optimized with the Yoast SEO Premium plugin v15.7 - https://yoast.com/wordpress/plugins/seo/ -->
<title>BlueGalú - ProMúsics Mallorca</title>
<meta name="robots" content="index, follow, max-snippet:-1, max-image-preview:large, max-video-preview:-1" />
<link rel="canonical" href="https://www.promusicsmallorca.org/es/catalogo-promusics/bluegalu/" />
<meta property="og:locale" content="es_ES" />
<meta property="og:type" content="article" />
<meta property="og:title" content="BlueGalú - ProMúsics Mallorca" />
<meta property="og:description" content="Lucía Latorre Piñeiro – voz Goran Levi – guitarra/voz" />
<meta property="og:url" content="https://www.promusicsmallorca.org/es/catalogo-promusics/bluegalu/" />
<meta property="og:site_name" content="ProMúsics Mallorca" />
<meta property="article:publisher" content="https://www.facebook.com/promusicsmallorca" />
<meta property="article:modified_time" content="2022-05-04T08:45:49+00:00" />
<meta property="og:image" content="https://i0.wp.com/www.promusicsmallorca.org/wp-content/uploads/2021/02/51611048_2289926514622789_637423028476575744_o.jpg?fit=1280%2C1920&#038;ssl=1" />
	<meta property="og:image:width" content="1280" />
	<meta property="og:image:height" content="1920" />
<meta name="twitter:card" content="summary_large_image" />
<script type="application/ld+json" class="yoast-schema-graph">{"@context":"https://schema.org","@graph":[{"@type":"Organization","@id":"https://www.promusicsmallorca.org/#organization","name":"ProM\u00fasics Mallorca","url":"https://www.promusicsmallorca.org/","sameAs":["https://www.facebook.com/promusicsmallorca","https://www.instagram.com/promusicsmallorca/","https://www.youtube.com/channel/UCWwttYA4JPovS2RZiGlHgpA"],"logo":{"@type":"ImageObject","@id":"https://www.promusicsmallorca.org/#logo","inLanguage":"es","url":"https://i0.wp.com/www.promusicsmallorca.org/wp-content/uploads/2021/02/image0.png?fit=10224%2C7725&ssl=1","width":10224,"height":7725,"caption":"ProM\u00fasics Mallorca"},"image":{"@id":"https://www.promusicsmallorca.org/#logo"}},{"@type":"WebSite","@id":"https://www.promusicsmallorca.org/#website","url":"https://www.promusicsmallorca.org/","name":"ProM\u00fasics Mallorca","description":"Associaci\u00f3 de Professionals de la M\u00fasica de Mallorca","publisher":{"@id":"https://www.promusicsmallorca.org/#organization"},"potentialAction":[{"@type":"SearchAction","target":"https://www.promusicsmallorca.org/?s={search_term_string}","query-input":"required name=search_term_string"}],"inLanguage":"es"},{"@type":"ImageObject","@id":"https://www.promusicsmallorca.org/es/catalogo-promusics/bluegalu/#primaryimage","inLanguage":"es","url":"https://i0.wp.com/www.promusicsmallorca.org/wp-content/uploads/2021/02/51611048_2289926514622789_637423028476575744_o.jpg?fit=1280%2C1920&ssl=1","width":1280,"height":1920},{"@type":"WebPage","@id":"https://www.promusicsmallorca.org/es/catalogo-promusics/bluegalu/#webpage","url":"https://www.promusicsmallorca.org/es/catalogo-promusics/bluegalu/","name":"BlueGal\u00fa - ProM\u00fasics Mallorca","isPartOf":{"@id":"https://www.promusicsmallorca.org/#website"},"primaryImageOfPage":{"@id":"https://www.promusicsmallorca.org/es/catalogo-promusics/bluegalu/#primaryimage"},"datePublished":"2021-02-24T02:19:52+00:00","dateModified":"2022-05-04T08:45:49+00:00","inLanguage":"es","potentialAction":[{"@type":"ReadAction","target":["https://www.promusicsmallorca.org/es/catalogo-promusics/bluegalu/"]}]}]}</script>
<!-- / Yoast SEO Premium plugin. -->
