{"id":3106,"date":"2021-02-24T00:25:14","date_gmt":"2021-02-24T00:25:14","guid":{"rendered":"https:\/\/www.promusicsmallorca.org\/?post_type=product&#038;p=3106"},"modified":"2022-03-20T17:40:35","modified_gmt":"2022-03-20T17:40:35","slug":"roberto-galli-the-rhythm-workers","status":"publish","type":"product","link":"https:\/\/www.promusicsmallorca.org\/es\/catalogo-promusics\/roberto-galli-the-rhythm-workers\/","title":{"rendered":"Roberto Galli &#038; The Rhythm Workers"},"content":{"rendered":"<p>En 2010 Roberto Galli y Richard Vinton se juntan con la idea de recrear grandes cl\u00e1sicos de la m\u00fasica del mundo (World Music) interpretando desde m\u00fasica afroamericana (G\u00f3spel, Work Song, Country, Blues, Soul, Funky, Swing, Jazz, etc.) hasta m\u00fasica latinoamericana (Tango, Bossa, Boleros, etc.). Luego se sumaron Toni Beltran y Pablo Di Salvo, quedando consumado el cuarteto. El repertorio actual de la banda abarca gran parte de la m\u00fasica negra de mediados del siglo XX. Como buenos trabajadores del ritmo su vestuario hace gala a una banda de los a\u00f1os \u201850.<\/p>\n<div class=\"default-style\">\n<pre class=\"default-style\" style=\"text-align: center;\"><a href=\"http:\/\/robertogalli.net\/rhythm-workers\">http:\/\/robertogalli.net\/rhythm-workers<\/a>\r\n<a href=\"http:\/\/robertogalli.net\/prensa\">http:\/\/robertogalli.net\/prensa<\/a><\/pre>\n<\/div>\n<pre style=\"text-align: center;\"><\/pre>\n<p style=\"text-align: right;\">Roberto Galli: 670 258976 \/ <a href=\"mailto:contacto@robertogalli.net\" target=\"_blank\" rel=\"noopener\">contacto@robertogalli.net<\/a><\/p>\n","protected":false},"excerpt":{"rendered":"<p style=\"text-align: center;\">Roberto Galli (arm\u00f3nica y voz)<br \/>\nRichard Vinton (piano y voz)<br \/>\nToni Beltran (bater\u00eda)<br \/>\nPablo Di Salbo (Bajo \u2013 Contrabajo)<\/p>\n","protected":false},"featured_media":3689,"template":"","meta":{"_et_pb_use_builder":"","_et_pb_old_content":"","_et_gb_content_width":""},"product_cat":[75,212,117,78,96,44],"product_tag":[72],"yoast_head":"<!-- This site is optimized with the Yoast SEO Premium plugin v15.7 - https:\/\/yoast.com\/wordpress\/plugins\/seo\/ -->\n<title>Roberto Galli &amp; The Rhythm Workers - ProM\u00fasics Mallorca<\/title>\n<meta name=\"robots\" content=\"index, follow, max-snippet:-1, max-image-preview:large, max-video-preview:-1\" \/>\n<link rel=\"canonical\" href=\"https:\/\/www.promusicsmallorca.org\/es\/catalogo-promusics\/roberto-galli-the-rhythm-workers\/\" \/>\n<meta property=\"og:locale\" content=\"es_ES\" \/>\n<meta property=\"og:type\" content=\"article\" \/>\n<meta property=\"og:title\" content=\"Roberto Galli &amp; The Rhythm Workers - ProM\u00fasics Mallorca\" \/>\n<meta property=\"og:description\" content=\"Roberto Galli (arm\u00f3nica y voz) Richard Vinton (piano y voz) Toni Beltran (bater\u00eda) Pablo Di Salbo (Bajo \u2013 Contrabajo)\" \/>\n<meta property=\"og:url\" content=\"https:\/\/www.promusicsmallorca.org\/es\/catalogo-promusics\/roberto-galli-the-rhythm-workers\/\" \/>\n<meta property=\"og:site_name\" content=\"ProM\u00fasics Mallorca\" \/>\n<meta property=\"article:publisher\" content=\"https:\/\/www.facebook.com\/promusicsmallorca\" \/>\n<meta property=\"article:modified_time\" content=\"2022-03-20T17:40:35+00:00\" \/>\n<meta property=\"og:image\" content=\"https:\/\/i0.wp.com\/www.promusicsmallorca.org\/wp-content\/uploads\/2021\/02\/Roberto-Galli-The-Rhythm-Workers.jpg?fit=2000%2C1333&#038;ssl=1\" \/>\n\t<meta property=\"og:image:width\" content=\"2000\" \/>\n\t<meta property=\"og:image:height\" content=\"1333\" \/>\n<meta name=\"twitter:card\" content=\"summary_large_image\" \/>\n<meta name=\"twitter:label1\" content=\"Tiempo de lectura\">\n\t<meta name=\"twitter:data1\" content=\"1 minuto\">\n<script type=\"application\/ld+json\" class=\"yoast-schema-graph\">{\"@context\":\"https:\/\/schema.org\",\"@graph\":[{\"@type\":\"Organization\",\"@id\":\"https:\/\/www.promusicsmallorca.org\/#organization\",\"name\":\"ProM\\u00fasics Mallorca\",\"url\":\"https:\/\/www.promusicsmallorca.org\/\",\"sameAs\":[\"https:\/\/www.facebook.com\/promusicsmallorca\",\"https:\/\/www.instagram.com\/promusicsmallorca\/\",\"https:\/\/www.youtube.com\/channel\/UCWwttYA4JPovS2RZiGlHgpA\"],\"logo\":{\"@type\":\"ImageObject\",\"@id\":\"https:\/\/www.promusicsmallorca.org\/#logo\",\"inLanguage\":\"es\",\"url\":\"https:\/\/i0.wp.com\/www.promusicsmallorca.org\/wp-content\/uploads\/2021\/02\/image0.png?fit=10224%2C7725&ssl=1\",\"width\":10224,\"height\":7725,\"caption\":\"ProM\\u00fasics Mallorca\"},\"image\":{\"@id\":\"https:\/\/www.promusicsmallorca.org\/#logo\"}},{\"@type\":\"WebSite\",\"@id\":\"https:\/\/www.promusicsmallorca.org\/#website\",\"url\":\"https:\/\/www.promusicsmallorca.org\/\",\"name\":\"ProM\\u00fasics Mallorca\",\"description\":\"Associaci\\u00f3 de Professionals de la M\\u00fasica de Mallorca\",\"publisher\":{\"@id\":\"https:\/\/www.promusicsmallorca.org\/#organization\"},\"potentialAction\":[{\"@type\":\"SearchAction\",\"target\":\"https:\/\/www.promusicsmallorca.org\/?s={search_term_string}\",\"query-input\":\"required name=search_term_string\"}],\"inLanguage\":\"es\"},{\"@type\":\"ImageObject\",\"@id\":\"https:\/\/www.promusicsmallorca.org\/es\/catalogo-promusics\/roberto-galli-the-rhythm-workers\/#primaryimage\",\"inLanguage\":\"es\",\"url\":\"https:\/\/i0.wp.com\/www.promusicsmallorca.org\/wp-content\/uploads\/2021\/02\/Roberto-Galli-The-Rhythm-Workers.jpg?fit=2000%2C1333&ssl=1\",\"width\":2000,\"height\":1333},{\"@type\":\"WebPage\",\"@id\":\"https:\/\/www.promusicsmallorca.org\/es\/catalogo-promusics\/roberto-galli-the-rhythm-workers\/#webpage\",\"url\":\"https:\/\/www.promusicsmallorca.org\/es\/catalogo-promusics\/roberto-galli-the-rhythm-workers\/\",\"name\":\"Roberto Galli & The Rhythm Workers - ProM\\u00fasics Mallorca\",\"isPartOf\":{\"@id\":\"https:\/\/www.promusicsmallorca.org\/#website\"},\"primaryImageOfPage\":{\"@id\":\"https:\/\/www.promusicsmallorca.org\/es\/catalogo-promusics\/roberto-galli-the-rhythm-workers\/#primaryimage\"},\"datePublished\":\"2021-02-24T00:25:14+00:00\",\"dateModified\":\"2022-03-20T17:40:35+00:00\",\"inLanguage\":\"es\",\"potentialAction\":[{\"@type\":\"ReadAction\",\"target\":[\"https:\/\/www.promusicsmallorca.org\/es\/catalogo-promusics\/roberto-galli-the-rhythm-workers\/\"]}]}]}<\/script>\n<!-- \/ Yoast SEO Premium plugin. -->","jetpack_sharing_enabled":true,"_links":{"self":[{"href":"https:\/\/www.promusicsmallorca.org\/es\/wp-json\/wp\/v2\/product\/3106"}],"collection":[{"href":"https:\/\/www.promusicsmallorca.org\/es\/wp-json\/wp\/v2\/product"}],"about":[{"href":"https:\/\/www.promusicsmallorca.org\/es\/wp-json\/wp\/v2\/types\/product"}],"wp:featuredmedia":[{"embeddable":true,"href":"https:\/\/www.promusicsmallorca.org\/es\/wp-json\/wp\/v2\/media\/3689"}],"wp:attachment":[{"href":"https:\/\/www.promusicsmallorca.org\/es\/wp-json\/wp\/v2\/media?parent=3106"}],"wp:term":[{"taxonomy":"product_cat","embeddable":true,"href":"https:\/\/www.promusicsmallorca.org\/es\/wp-json\/wp\/v2\/product_cat?post=3106"},{"taxonomy":"product_tag","embeddable":true,"href":"https:\/\/www.promusicsmallorca.org\/es\/wp-json\/wp\/v2\/product_tag?post=3106"}],"curies":[{"name":"wp","href":"https:\/\/api.w.org\/{rel}","templated":true}]}}

<p>En 2010 Roberto Galli y Richard Vinton se juntan con la idea de recrear grandes clásicos de la música del mundo (World Music) interpretando desde música afroamericana (Góspel, Work Song, Country, Blues, Soul, Funky, Swing, Jazz, etc.) hasta música latinoamericana (Tango, Bossa, Boleros, etc.). Luego se sumaron Toni Beltran y Pablo Di Salvo, quedando consumado el cuarteto. El repertorio actual de la banda abarca gran parte de la música negra de mediados del siglo XX. Como buenos trabajadores del ritmo su vestuario hace gala a una banda de los años ‘50.</p>
<div class="default-style">
<pre class="default-style" style="text-align: center;"><a href="http://robertogalli.net/rhythm-workers">http://robertogalli.net/rhythm-workers</a>
<a href="http://robertogalli.net/prensa">http://robertogalli.net/prensa</a></pre>
</div>
<pre style="text-align: center;"></pre>
<p style="text-align: right;">Roberto Galli: 670 258976 / <a href="mailto:contacto@robertogalli.net" target="_blank" rel="noopener">contacto@robertogalli.net</a></p>

<p style="text-align: center;">Roberto Galli (armónica y voz)<br />
Richard Vinton (piano y voz)<br />
Toni Beltran (batería)<br />
Pablo Di Salbo (Bajo – Contrabajo)</p>

<!-- This site is optimized with the Yoast SEO Premium plugin v15.7 - https://yoast.com/wordpress/plugins/seo/ -->
<title>Roberto Galli &amp; The Rhythm Workers - ProMúsics Mallorca</title>
<meta name="robots" content="index, follow, max-snippet:-1, max-image-preview:large, max-video-preview:-1" />
<link rel="canonical" href="https://www.promusicsmallorca.org/es/catalogo-promusics/roberto-galli-the-rhythm-workers/" />
<meta property="og:locale" content="es_ES" />
<meta property="og:type" content="article" />
<meta property="og:title" content="Roberto Galli &amp; The Rhythm Workers - ProMúsics Mallorca" />
<meta property="og:description" content="Roberto Galli (armónica y voz) Richard Vinton (piano y voz) Toni Beltran (batería) Pablo Di Salbo (Bajo – Contrabajo)" />
<meta property="og:url" content="https://www.promusicsmallorca.org/es/catalogo-promusics/roberto-galli-the-rhythm-workers/" />
<meta property="og:site_name" content="ProMúsics Mallorca" />
<meta property="article:publisher" content="https://www.facebook.com/promusicsmallorca" />
<meta property="article:modified_time" content="2022-03-20T17:40:35+00:00" />
<meta property="og:image" content="https://i0.wp.com/www.promusicsmallorca.org/wp-content/uploads/2021/02/Roberto-Galli-The-Rhythm-Workers.jpg?fit=2000%2C1333&#038;ssl=1" />
	<meta property="og:image:width" content="2000" />
	<meta property="og:image:height" content="1333" />
<meta name="twitter:card" content="summary_large_image" />
<meta name="twitter:label1" content="Tiempo de lectura">
	<meta name="twitter:data1" content="1 minuto">
<script type="application/ld+json" class="yoast-schema-graph">{"@context":"https://schema.org","@graph":[{"@type":"Organization","@id":"https://www.promusicsmallorca.org/#organization","name":"ProM\u00fasics Mallorca","url":"https://www.promusicsmallorca.org/","sameAs":["https://www.facebook.com/promusicsmallorca","https://www.instagram.com/promusicsmallorca/","https://www.youtube.com/channel/UCWwttYA4JPovS2RZiGlHgpA"],"logo":{"@type":"ImageObject","@id":"https://www.promusicsmallorca.org/#logo","inLanguage":"es","url":"https://i0.wp.com/www.promusicsmallorca.org/wp-content/uploads/2021/02/image0.png?fit=10224%2C7725&ssl=1","width":10224,"height":7725,"caption":"ProM\u00fasics Mallorca"},"image":{"@id":"https://www.promusicsmallorca.org/#logo"}},{"@type":"WebSite","@id":"https://www.promusicsmallorca.org/#website","url":"https://www.promusicsmallorca.org/","name":"ProM\u00fasics Mallorca","description":"Associaci\u00f3 de Professionals de la M\u00fasica de Mallorca","publisher":{"@id":"https://www.promusicsmallorca.org/#organization"},"potentialAction":[{"@type":"SearchAction","target":"https://www.promusicsmallorca.org/?s={search_term_string}","query-input":"required name=search_term_string"}],"inLanguage":"es"},{"@type":"ImageObject","@id":"https://www.promusicsmallorca.org/es/catalogo-promusics/roberto-galli-the-rhythm-workers/#primaryimage","inLanguage":"es","url":"https://i0.wp.com/www.promusicsmallorca.org/wp-content/uploads/2021/02/Roberto-Galli-The-Rhythm-Workers.jpg?fit=2000%2C1333&ssl=1","width":2000,"height":1333},{"@type":"WebPage","@id":"https://www.promusicsmallorca.org/es/catalogo-promusics/roberto-galli-the-rhythm-workers/#webpage","url":"https://www.promusicsmallorca.org/es/catalogo-promusics/roberto-galli-the-rhythm-workers/","name":"Roberto Galli & The Rhythm Workers - ProM\u00fasics Mallorca","isPartOf":{"@id":"https://www.promusicsmallorca.org/#website"},"primaryImageOfPage":{"@id":"https://www.promusicsmallorca.org/es/catalogo-promusics/roberto-galli-the-rhythm-workers/#primaryimage"},"datePublished":"2021-02-24T00:25:14+00:00","dateModified":"2022-03-20T17:40:35+00:00","inLanguage":"es","potentialAction":[{"@type":"ReadAction","target":["https://www.promusicsmallorca.org/es/catalogo-promusics/roberto-galli-the-rhythm-workers/"]}]}]}</script>
<!-- / Yoast SEO Premium plugin. -->
