{"id":2715,"date":"2021-02-21T08:52:46","date_gmt":"2021-02-21T08:52:46","guid":{"rendered":"https:\/\/www.promusicsmallorca.org\/?post_type=product&#038;p=2715"},"modified":"2022-03-20T15:05:35","modified_gmt":"2022-03-20T15:05:35","slug":"tailored-swing","status":"publish","type":"product","link":"https:\/\/www.promusicsmallorca.org\/es\/catalogo-promusics\/tailored-swing\/","title":{"rendered":"Tailored Swing"},"content":{"rendered":"<p>Un cuarteto que hace versiones de \u00e9xitos de pop transformados a swing y latin jazz, Tailored Swing crea un ambiente de nostalgia con un toque de modernidad.<br \/>\nLaura G. Taylor, una cantante impecable y elegante, es acompa\u00f1ada por tres m\u00fasicos con mucha t\u00e9cnica, estilo y gusto. Han tocado en el Blue Jazz Club Hotel Saratoga y en varios hoteles, restaurantes y eventos en Mallorca.<\/p>\n<p style=\"text-align: center;\"><a href=\"https:\/\/www.youtube.com\/watch?v=qSGa3rxHzsU&amp;ab_channel=AmetMusic\" target=\"_blank\" rel=\"noopener\">https:\/\/www.youtube.com\/watch?v=qSGa3rxHzsU&amp;ab_channel=AmetMusic<\/a><\/p>\n<p style=\"text-align: right;\">Richard Vinton: 687 349 062 \/ <a href=\"mailto:richardvinton3@hotmail.com\" target=\"_blank\" rel=\"noopener\">richardvinton3@hotmail.com<\/a><\/p>\n","protected":false},"excerpt":{"rendered":"<p style=\"text-align: center;\">Laura G. Taylor voz<br \/>\nRichard Vinton piano<br \/>\nSteve Bergendy contrabajo<br \/>\nTo\u00f1o M\u00e1rquez bater\u00eda<\/p>\n","protected":false},"featured_media":2716,"template":"","meta":{"_et_pb_use_builder":"","_et_pb_old_content":"","_et_gb_content_width":""},"product_cat":[96,66,122],"product_tag":[72],"yoast_head":"<!-- This site is optimized with the Yoast SEO Premium plugin v15.7 - https:\/\/yoast.com\/wordpress\/plugins\/seo\/ -->\n<title>Tailored Swing - ProM\u00fasics Mallorca<\/title>\n<meta name=\"robots\" content=\"index, follow, max-snippet:-1, max-image-preview:large, max-video-preview:-1\" \/>\n<link rel=\"canonical\" href=\"https:\/\/www.promusicsmallorca.org\/es\/catalogo-promusics\/tailored-swing\/\" \/>\n<meta property=\"og:locale\" content=\"es_ES\" \/>\n<meta property=\"og:type\" content=\"article\" \/>\n<meta property=\"og:title\" content=\"Tailored Swing - ProM\u00fasics Mallorca\" \/>\n<meta property=\"og:description\" content=\"Laura G. Taylor voz Richard Vinton piano Steve Bergendy contrabajo To\u00f1o M\u00e1rquez bater\u00eda\" \/>\n<meta property=\"og:url\" content=\"https:\/\/www.promusicsmallorca.org\/es\/catalogo-promusics\/tailored-swing\/\" \/>\n<meta property=\"og:site_name\" content=\"ProM\u00fasics Mallorca\" \/>\n<meta property=\"article:publisher\" content=\"https:\/\/www.facebook.com\/promusicsmallorca\" \/>\n<meta property=\"article:modified_time\" content=\"2022-03-20T15:05:35+00:00\" \/>\n<meta property=\"og:image\" content=\"https:\/\/i0.wp.com\/www.promusicsmallorca.org\/wp-content\/uploads\/2021\/02\/Tailored-Swing-foto.jpg?fit=1366%2C768&#038;ssl=1\" \/>\n\t<meta property=\"og:image:width\" content=\"1366\" \/>\n\t<meta property=\"og:image:height\" content=\"768\" \/>\n<meta name=\"twitter:card\" content=\"summary_large_image\" \/>\n<script type=\"application\/ld+json\" class=\"yoast-schema-graph\">{\"@context\":\"https:\/\/schema.org\",\"@graph\":[{\"@type\":\"Organization\",\"@id\":\"https:\/\/www.promusicsmallorca.org\/#organization\",\"name\":\"ProM\\u00fasics Mallorca\",\"url\":\"https:\/\/www.promusicsmallorca.org\/\",\"sameAs\":[\"https:\/\/www.facebook.com\/promusicsmallorca\",\"https:\/\/www.instagram.com\/promusicsmallorca\/\",\"https:\/\/www.youtube.com\/channel\/UCWwttYA4JPovS2RZiGlHgpA\"],\"logo\":{\"@type\":\"ImageObject\",\"@id\":\"https:\/\/www.promusicsmallorca.org\/#logo\",\"inLanguage\":\"es\",\"url\":\"https:\/\/i0.wp.com\/www.promusicsmallorca.org\/wp-content\/uploads\/2021\/02\/image0.png?fit=10224%2C7725&ssl=1\",\"width\":10224,\"height\":7725,\"caption\":\"ProM\\u00fasics Mallorca\"},\"image\":{\"@id\":\"https:\/\/www.promusicsmallorca.org\/#logo\"}},{\"@type\":\"WebSite\",\"@id\":\"https:\/\/www.promusicsmallorca.org\/#website\",\"url\":\"https:\/\/www.promusicsmallorca.org\/\",\"name\":\"ProM\\u00fasics Mallorca\",\"description\":\"Associaci\\u00f3 de Professionals de la M\\u00fasica de Mallorca\",\"publisher\":{\"@id\":\"https:\/\/www.promusicsmallorca.org\/#organization\"},\"potentialAction\":[{\"@type\":\"SearchAction\",\"target\":\"https:\/\/www.promusicsmallorca.org\/?s={search_term_string}\",\"query-input\":\"required name=search_term_string\"}],\"inLanguage\":\"es\"},{\"@type\":\"ImageObject\",\"@id\":\"https:\/\/www.promusicsmallorca.org\/es\/catalogo-promusics\/tailored-swing\/#primaryimage\",\"inLanguage\":\"es\",\"url\":\"https:\/\/i0.wp.com\/www.promusicsmallorca.org\/wp-content\/uploads\/2021\/02\/Tailored-Swing-foto.jpg?fit=1366%2C768&ssl=1\",\"width\":1366,\"height\":768},{\"@type\":\"WebPage\",\"@id\":\"https:\/\/www.promusicsmallorca.org\/es\/catalogo-promusics\/tailored-swing\/#webpage\",\"url\":\"https:\/\/www.promusicsmallorca.org\/es\/catalogo-promusics\/tailored-swing\/\",\"name\":\"Tailored Swing - ProM\\u00fasics Mallorca\",\"isPartOf\":{\"@id\":\"https:\/\/www.promusicsmallorca.org\/#website\"},\"primaryImageOfPage\":{\"@id\":\"https:\/\/www.promusicsmallorca.org\/es\/catalogo-promusics\/tailored-swing\/#primaryimage\"},\"datePublished\":\"2021-02-21T08:52:46+00:00\",\"dateModified\":\"2022-03-20T15:05:35+00:00\",\"inLanguage\":\"es\",\"potentialAction\":[{\"@type\":\"ReadAction\",\"target\":[\"https:\/\/www.promusicsmallorca.org\/es\/catalogo-promusics\/tailored-swing\/\"]}]}]}<\/script>\n<!-- \/ Yoast SEO Premium plugin. -->","jetpack_sharing_enabled":true,"_links":{"self":[{"href":"https:\/\/www.promusicsmallorca.org\/es\/wp-json\/wp\/v2\/product\/2715"}],"collection":[{"href":"https:\/\/www.promusicsmallorca.org\/es\/wp-json\/wp\/v2\/product"}],"about":[{"href":"https:\/\/www.promusicsmallorca.org\/es\/wp-json\/wp\/v2\/types\/product"}],"wp:featuredmedia":[{"embeddable":true,"href":"https:\/\/www.promusicsmallorca.org\/es\/wp-json\/wp\/v2\/media\/2716"}],"wp:attachment":[{"href":"https:\/\/www.promusicsmallorca.org\/es\/wp-json\/wp\/v2\/media?parent=2715"}],"wp:term":[{"taxonomy":"product_cat","embeddable":true,"href":"https:\/\/www.promusicsmallorca.org\/es\/wp-json\/wp\/v2\/product_cat?post=2715"},{"taxonomy":"product_tag","embeddable":true,"href":"https:\/\/www.promusicsmallorca.org\/es\/wp-json\/wp\/v2\/product_tag?post=2715"}],"curies":[{"name":"wp","href":"https:\/\/api.w.org\/{rel}","templated":true}]}}

<p>Un cuarteto que hace versiones de éxitos de pop transformados a swing y latin jazz, Tailored Swing crea un ambiente de nostalgia con un toque de modernidad.<br />
Laura G. Taylor, una cantante impecable y elegante, es acompañada por tres músicos con mucha técnica, estilo y gusto. Han tocado en el Blue Jazz Club Hotel Saratoga y en varios hoteles, restaurantes y eventos en Mallorca.</p>
<p style="text-align: center;"><a href="https://www.youtube.com/watch?v=qSGa3rxHzsU&amp;ab_channel=AmetMusic" target="_blank" rel="noopener">https://www.youtube.com/watch?v=qSGa3rxHzsU&amp;ab_channel=AmetMusic</a></p>
<p style="text-align: right;">Richard Vinton: 687 349 062 / <a href="mailto:richardvinton3@hotmail.com" target="_blank" rel="noopener">richardvinton3@hotmail.com</a></p>

<p style="text-align: center;">Laura G. Taylor voz<br />
Richard Vinton piano<br />
Steve Bergendy contrabajo<br />
Toño Márquez batería</p>

<!-- This site is optimized with the Yoast SEO Premium plugin v15.7 - https://yoast.com/wordpress/plugins/seo/ -->
<title>Tailored Swing - ProMúsics Mallorca</title>
<meta name="robots" content="index, follow, max-snippet:-1, max-image-preview:large, max-video-preview:-1" />
<link rel="canonical" href="https://www.promusicsmallorca.org/es/catalogo-promusics/tailored-swing/" />
<meta property="og:locale" content="es_ES" />
<meta property="og:type" content="article" />
<meta property="og:title" content="Tailored Swing - ProMúsics Mallorca" />
<meta property="og:description" content="Laura G. Taylor voz Richard Vinton piano Steve Bergendy contrabajo Toño Márquez batería" />
<meta property="og:url" content="https://www.promusicsmallorca.org/es/catalogo-promusics/tailored-swing/" />
<meta property="og:site_name" content="ProMúsics Mallorca" />
<meta property="article:publisher" content="https://www.facebook.com/promusicsmallorca" />
<meta property="article:modified_time" content="2022-03-20T15:05:35+00:00" />
<meta property="og:image" content="https://i0.wp.com/www.promusicsmallorca.org/wp-content/uploads/2021/02/Tailored-Swing-foto.jpg?fit=1366%2C768&#038;ssl=1" />
	<meta property="og:image:width" content="1366" />
	<meta property="og:image:height" content="768" />
<meta name="twitter:card" content="summary_large_image" />
<script type="application/ld+json" class="yoast-schema-graph">{"@context":"https://schema.org","@graph":[{"@type":"Organization","@id":"https://www.promusicsmallorca.org/#organization","name":"ProM\u00fasics Mallorca","url":"https://www.promusicsmallorca.org/","sameAs":["https://www.facebook.com/promusicsmallorca","https://www.instagram.com/promusicsmallorca/","https://www.youtube.com/channel/UCWwttYA4JPovS2RZiGlHgpA"],"logo":{"@type":"ImageObject","@id":"https://www.promusicsmallorca.org/#logo","inLanguage":"es","url":"https://i0.wp.com/www.promusicsmallorca.org/wp-content/uploads/2021/02/image0.png?fit=10224%2C7725&ssl=1","width":10224,"height":7725,"caption":"ProM\u00fasics Mallorca"},"image":{"@id":"https://www.promusicsmallorca.org/#logo"}},{"@type":"WebSite","@id":"https://www.promusicsmallorca.org/#website","url":"https://www.promusicsmallorca.org/","name":"ProM\u00fasics Mallorca","description":"Associaci\u00f3 de Professionals de la M\u00fasica de Mallorca","publisher":{"@id":"https://www.promusicsmallorca.org/#organization"},"potentialAction":[{"@type":"SearchAction","target":"https://www.promusicsmallorca.org/?s={search_term_string}","query-input":"required name=search_term_string"}],"inLanguage":"es"},{"@type":"ImageObject","@id":"https://www.promusicsmallorca.org/es/catalogo-promusics/tailored-swing/#primaryimage","inLanguage":"es","url":"https://i0.wp.com/www.promusicsmallorca.org/wp-content/uploads/2021/02/Tailored-Swing-foto.jpg?fit=1366%2C768&ssl=1","width":1366,"height":768},{"@type":"WebPage","@id":"https://www.promusicsmallorca.org/es/catalogo-promusics/tailored-swing/#webpage","url":"https://www.promusicsmallorca.org/es/catalogo-promusics/tailored-swing/","name":"Tailored Swing - ProM\u00fasics Mallorca","isPartOf":{"@id":"https://www.promusicsmallorca.org/#website"},"primaryImageOfPage":{"@id":"https://www.promusicsmallorca.org/es/catalogo-promusics/tailored-swing/#primaryimage"},"datePublished":"2021-02-21T08:52:46+00:00","dateModified":"2022-03-20T15:05:35+00:00","inLanguage":"es","potentialAction":[{"@type":"ReadAction","target":["https://www.promusicsmallorca.org/es/catalogo-promusics/tailored-swing/"]}]}]}</script>
<!-- / Yoast SEO Premium plugin. -->
