{"id":2654,"date":"2021-02-21T07:14:54","date_gmt":"2021-02-21T07:14:54","guid":{"rendered":"https:\/\/www.promusicsmallorca.org\/?post_type=product&#038;p=2654"},"modified":"2022-03-20T15:05:48","modified_gmt":"2022-03-20T15:05:48","slug":"men-in-white","status":"publish","type":"product","link":"https:\/\/www.promusicsmallorca.org\/es\/catalogo-promusics\/men-in-white\/","title":{"rendered":"Men in White"},"content":{"rendered":"<p>Un d\u00fao de saxof\u00f3n y piano\/vocal que toca versiones de pop, soul, rhythm &amp; blues, jazz y rock &amp; roll, creando una atm\u00f3sfera divertida en un ambiente familiar.<br \/>\nHan tocado en muchos hoteles, salas de fiesta y restaurantes de Mallorca, incluyendo el Blue Jazz Club Hotel Saratoga. Tocan en directo sin ning\u00fan uso de acompa\u00f1amiento electr\u00f3nico pre-grabado.<\/p>\n<pre style=\"text-align: center;\"><a href=\"https:\/\/www.youtube.com\/watch?v=-eudzYIRsJM&amp;ab_channel=richardvinton\" target=\"_blank\" rel=\"noopener\">https:\/\/www.youtube.com\/watch?v=-eudzYIRsJM&amp;ab_channel=richardvinton<\/a>\r\n<a href=\"https:\/\/www.youtube.com\/watch?v=-eudzYIRsJM&amp;ab_channel=richardvinton\" target=\"_blank\" rel=\"noopener\">https:\/\/www.youtube.com\/watch?v=-eudzYIRsJM&amp;ab_channel=richardvinton<\/a>\r\n<a href=\"https:\/\/www.youtube.com\/watch?v=KUuD6TQquzY&amp;ab_channel=richardvinton\" target=\"_blank\" rel=\"noopener\">https:\/\/www.youtube.com\/watch?v=KUuD6TQquzY&amp;ab_channel=richardvinton<\/a><\/pre>\n<p style=\"text-align: right;\">Richard Vinton: 687 349 062 \/ <a href=\"mailto:richardvinton3@hotmail.com\" target=\"_blank\" rel=\"noopener\">richardvinton3@hotmail.com<\/a><\/p>\n","protected":false},"excerpt":{"rendered":"<p style=\"text-align: center;\">Richard Vinton &#8211; piano\/voz<br \/>\nMiguel Ramon &#8211; saxof\u00f3n<\/p>\n","protected":false},"featured_media":2655,"template":"","meta":{"_et_pb_use_builder":"","_et_pb_old_content":"","_et_gb_content_width":""},"product_cat":[75,96,84,66],"product_tag":[91],"yoast_head":"<!-- This site is optimized with the Yoast SEO Premium plugin v15.7 - https:\/\/yoast.com\/wordpress\/plugins\/seo\/ -->\n<title>Men in White - ProM\u00fasics Mallorca<\/title>\n<meta name=\"robots\" content=\"index, follow, max-snippet:-1, max-image-preview:large, max-video-preview:-1\" \/>\n<link rel=\"canonical\" href=\"https:\/\/www.promusicsmallorca.org\/es\/catalogo-promusics\/men-in-white\/\" \/>\n<meta property=\"og:locale\" content=\"es_ES\" \/>\n<meta property=\"og:type\" content=\"article\" \/>\n<meta property=\"og:title\" content=\"Men in White - ProM\u00fasics Mallorca\" \/>\n<meta property=\"og:description\" content=\"Richard Vinton - piano\/voz Miguel Ramon - saxof\u00f3n\" \/>\n<meta property=\"og:url\" content=\"https:\/\/www.promusicsmallorca.org\/es\/catalogo-promusics\/men-in-white\/\" \/>\n<meta property=\"og:site_name\" content=\"ProM\u00fasics Mallorca\" \/>\n<meta property=\"article:publisher\" content=\"https:\/\/www.facebook.com\/promusicsmallorca\" \/>\n<meta property=\"article:modified_time\" content=\"2022-03-20T15:05:48+00:00\" \/>\n<meta property=\"og:image\" content=\"https:\/\/i0.wp.com\/www.promusicsmallorca.org\/wp-content\/uploads\/2021\/02\/MeninWhite.jpg?fit=636%2C681&#038;ssl=1\" \/>\n\t<meta property=\"og:image:width\" content=\"636\" \/>\n\t<meta property=\"og:image:height\" content=\"681\" \/>\n<meta name=\"twitter:card\" content=\"summary_large_image\" \/>\n<meta name=\"twitter:label1\" content=\"Tiempo de lectura\">\n\t<meta name=\"twitter:data1\" content=\"1 minuto\">\n<script type=\"application\/ld+json\" class=\"yoast-schema-graph\">{\"@context\":\"https:\/\/schema.org\",\"@graph\":[{\"@type\":\"Organization\",\"@id\":\"https:\/\/www.promusicsmallorca.org\/#organization\",\"name\":\"ProM\\u00fasics Mallorca\",\"url\":\"https:\/\/www.promusicsmallorca.org\/\",\"sameAs\":[\"https:\/\/www.facebook.com\/promusicsmallorca\",\"https:\/\/www.instagram.com\/promusicsmallorca\/\",\"https:\/\/www.youtube.com\/channel\/UCWwttYA4JPovS2RZiGlHgpA\"],\"logo\":{\"@type\":\"ImageObject\",\"@id\":\"https:\/\/www.promusicsmallorca.org\/#logo\",\"inLanguage\":\"es\",\"url\":\"https:\/\/i0.wp.com\/www.promusicsmallorca.org\/wp-content\/uploads\/2021\/02\/image0.png?fit=10224%2C7725&ssl=1\",\"width\":10224,\"height\":7725,\"caption\":\"ProM\\u00fasics Mallorca\"},\"image\":{\"@id\":\"https:\/\/www.promusicsmallorca.org\/#logo\"}},{\"@type\":\"WebSite\",\"@id\":\"https:\/\/www.promusicsmallorca.org\/#website\",\"url\":\"https:\/\/www.promusicsmallorca.org\/\",\"name\":\"ProM\\u00fasics Mallorca\",\"description\":\"Associaci\\u00f3 de Professionals de la M\\u00fasica de Mallorca\",\"publisher\":{\"@id\":\"https:\/\/www.promusicsmallorca.org\/#organization\"},\"potentialAction\":[{\"@type\":\"SearchAction\",\"target\":\"https:\/\/www.promusicsmallorca.org\/?s={search_term_string}\",\"query-input\":\"required name=search_term_string\"}],\"inLanguage\":\"es\"},{\"@type\":\"ImageObject\",\"@id\":\"https:\/\/www.promusicsmallorca.org\/es\/catalogo-promusics\/men-in-white\/#primaryimage\",\"inLanguage\":\"es\",\"url\":\"https:\/\/i0.wp.com\/www.promusicsmallorca.org\/wp-content\/uploads\/2021\/02\/MeninWhite.jpg?fit=636%2C681&ssl=1\",\"width\":636,\"height\":681},{\"@type\":\"WebPage\",\"@id\":\"https:\/\/www.promusicsmallorca.org\/es\/catalogo-promusics\/men-in-white\/#webpage\",\"url\":\"https:\/\/www.promusicsmallorca.org\/es\/catalogo-promusics\/men-in-white\/\",\"name\":\"Men in White - ProM\\u00fasics Mallorca\",\"isPartOf\":{\"@id\":\"https:\/\/www.promusicsmallorca.org\/#website\"},\"primaryImageOfPage\":{\"@id\":\"https:\/\/www.promusicsmallorca.org\/es\/catalogo-promusics\/men-in-white\/#primaryimage\"},\"datePublished\":\"2021-02-21T07:14:54+00:00\",\"dateModified\":\"2022-03-20T15:05:48+00:00\",\"inLanguage\":\"es\",\"potentialAction\":[{\"@type\":\"ReadAction\",\"target\":[\"https:\/\/www.promusicsmallorca.org\/es\/catalogo-promusics\/men-in-white\/\"]}]}]}<\/script>\n<!-- \/ Yoast SEO Premium plugin. -->","jetpack_sharing_enabled":true,"_links":{"self":[{"href":"https:\/\/www.promusicsmallorca.org\/es\/wp-json\/wp\/v2\/product\/2654"}],"collection":[{"href":"https:\/\/www.promusicsmallorca.org\/es\/wp-json\/wp\/v2\/product"}],"about":[{"href":"https:\/\/www.promusicsmallorca.org\/es\/wp-json\/wp\/v2\/types\/product"}],"wp:featuredmedia":[{"embeddable":true,"href":"https:\/\/www.promusicsmallorca.org\/es\/wp-json\/wp\/v2\/media\/2655"}],"wp:attachment":[{"href":"https:\/\/www.promusicsmallorca.org\/es\/wp-json\/wp\/v2\/media?parent=2654"}],"wp:term":[{"taxonomy":"product_cat","embeddable":true,"href":"https:\/\/www.promusicsmallorca.org\/es\/wp-json\/wp\/v2\/product_cat?post=2654"},{"taxonomy":"product_tag","embeddable":true,"href":"https:\/\/www.promusicsmallorca.org\/es\/wp-json\/wp\/v2\/product_tag?post=2654"}],"curies":[{"name":"wp","href":"https:\/\/api.w.org\/{rel}","templated":true}]}}

<p>Un dúo de saxofón y piano/vocal que toca versiones de pop, soul, rhythm &amp; blues, jazz y rock &amp; roll, creando una atmósfera divertida en un ambiente familiar.<br />
Han tocado en muchos hoteles, salas de fiesta y restaurantes de Mallorca, incluyendo el Blue Jazz Club Hotel Saratoga. Tocan en directo sin ningún uso de acompañamiento electrónico pre-grabado.</p>
<pre style="text-align: center;"><a href="https://www.youtube.com/watch?v=-eudzYIRsJM&amp;ab_channel=richardvinton" target="_blank" rel="noopener">https://www.youtube.com/watch?v=-eudzYIRsJM&amp;ab_channel=richardvinton</a>
<a href="https://www.youtube.com/watch?v=-eudzYIRsJM&amp;ab_channel=richardvinton" target="_blank" rel="noopener">https://www.youtube.com/watch?v=-eudzYIRsJM&amp;ab_channel=richardvinton</a>
<a href="https://www.youtube.com/watch?v=KUuD6TQquzY&amp;ab_channel=richardvinton" target="_blank" rel="noopener">https://www.youtube.com/watch?v=KUuD6TQquzY&amp;ab_channel=richardvinton</a></pre>
<p style="text-align: right;">Richard Vinton: 687 349 062 / <a href="mailto:richardvinton3@hotmail.com" target="_blank" rel="noopener">richardvinton3@hotmail.com</a></p>

<p style="text-align: center;">Richard Vinton &#8211; piano/voz<br />
Miguel Ramon &#8211; saxofón</p>

<!-- This site is optimized with the Yoast SEO Premium plugin v15.7 - https://yoast.com/wordpress/plugins/seo/ -->
<title>Men in White - ProMúsics Mallorca</title>
<meta name="robots" content="index, follow, max-snippet:-1, max-image-preview:large, max-video-preview:-1" />
<link rel="canonical" href="https://www.promusicsmallorca.org/es/catalogo-promusics/men-in-white/" />
<meta property="og:locale" content="es_ES" />
<meta property="og:type" content="article" />
<meta property="og:title" content="Men in White - ProMúsics Mallorca" />
<meta property="og:description" content="Richard Vinton - piano/voz Miguel Ramon - saxofón" />
<meta property="og:url" content="https://www.promusicsmallorca.org/es/catalogo-promusics/men-in-white/" />
<meta property="og:site_name" content="ProMúsics Mallorca" />
<meta property="article:publisher" content="https://www.facebook.com/promusicsmallorca" />
<meta property="article:modified_time" content="2022-03-20T15:05:48+00:00" />
<meta property="og:image" content="https://i0.wp.com/www.promusicsmallorca.org/wp-content/uploads/2021/02/MeninWhite.jpg?fit=636%2C681&#038;ssl=1" />
	<meta property="og:image:width" content="636" />
	<meta property="og:image:height" content="681" />
<meta name="twitter:card" content="summary_large_image" />
<meta name="twitter:label1" content="Tiempo de lectura">
	<meta name="twitter:data1" content="1 minuto">
<script type="application/ld+json" class="yoast-schema-graph">{"@context":"https://schema.org","@graph":[{"@type":"Organization","@id":"https://www.promusicsmallorca.org/#organization","name":"ProM\u00fasics Mallorca","url":"https://www.promusicsmallorca.org/","sameAs":["https://www.facebook.com/promusicsmallorca","https://www.instagram.com/promusicsmallorca/","https://www.youtube.com/channel/UCWwttYA4JPovS2RZiGlHgpA"],"logo":{"@type":"ImageObject","@id":"https://www.promusicsmallorca.org/#logo","inLanguage":"es","url":"https://i0.wp.com/www.promusicsmallorca.org/wp-content/uploads/2021/02/image0.png?fit=10224%2C7725&ssl=1","width":10224,"height":7725,"caption":"ProM\u00fasics Mallorca"},"image":{"@id":"https://www.promusicsmallorca.org/#logo"}},{"@type":"WebSite","@id":"https://www.promusicsmallorca.org/#website","url":"https://www.promusicsmallorca.org/","name":"ProM\u00fasics Mallorca","description":"Associaci\u00f3 de Professionals de la M\u00fasica de Mallorca","publisher":{"@id":"https://www.promusicsmallorca.org/#organization"},"potentialAction":[{"@type":"SearchAction","target":"https://www.promusicsmallorca.org/?s={search_term_string}","query-input":"required name=search_term_string"}],"inLanguage":"es"},{"@type":"ImageObject","@id":"https://www.promusicsmallorca.org/es/catalogo-promusics/men-in-white/#primaryimage","inLanguage":"es","url":"https://i0.wp.com/www.promusicsmallorca.org/wp-content/uploads/2021/02/MeninWhite.jpg?fit=636%2C681&ssl=1","width":636,"height":681},{"@type":"WebPage","@id":"https://www.promusicsmallorca.org/es/catalogo-promusics/men-in-white/#webpage","url":"https://www.promusicsmallorca.org/es/catalogo-promusics/men-in-white/","name":"Men in White - ProM\u00fasics Mallorca","isPartOf":{"@id":"https://www.promusicsmallorca.org/#website"},"primaryImageOfPage":{"@id":"https://www.promusicsmallorca.org/es/catalogo-promusics/men-in-white/#primaryimage"},"datePublished":"2021-02-21T07:14:54+00:00","dateModified":"2022-03-20T15:05:48+00:00","inLanguage":"es","potentialAction":[{"@type":"ReadAction","target":["https://www.promusicsmallorca.org/es/catalogo-promusics/men-in-white/"]}]}]}</script>
<!-- / Yoast SEO Premium plugin. -->
