{"id":2616,"date":"2021-02-20T14:49:07","date_gmt":"2021-02-20T14:49:07","guid":{"rendered":"https:\/\/www.promusicsmallorca.org\/?post_type=product&#038;p=2616"},"modified":"2022-04-01T08:10:11","modified_gmt":"2022-04-01T08:10:11","slug":"chez-manouche","status":"publish","type":"product","link":"https:\/\/www.promusicsmallorca.org\/es\/catalogo-promusics\/chez-manouche\/","title":{"rendered":"Chez Manouche"},"content":{"rendered":"<p>D\u00fao formado en mayo de 2020 con la idea de interpretar grandes cl\u00e1sicos del Gipsy Jazz o Jazz Manouche, estilo enmarcado dentro del swing y formado por los m\u00fasicos profesionales Pedro Riestra y Biel Font. Ambos artistas, activos desde principios de los a\u00f1os 90, transmitir\u00e1n la frescura de unos sonidos ya cl\u00e1sicos en el mundo del jazz iniciados por el maestro Django Reinhardt desde los a\u00f1os treinta hasta los cincuenta, proporcionando a los amantes de la m\u00fasica en directo un formato ac\u00fastico y cercano del que podr\u00e1n disfrutar en peque\u00f1as salas y clubes de jazz.<\/p>\n<pre style=\"text-align: center;\"><a href=\"https:\/\/www.facebook.com\/BielAlimanya\/\" target=\"_blank\" rel=\"noopener\">https:\/\/www.facebook.com\/BielAlimanya\/<\/a>\r\n<a href=\"https:\/\/www.facebook.com\/pedro.riestra.33\" target=\"_blank\" rel=\"noopener\">https:\/\/www.facebook.com\/pedro.riestra.33<\/a><\/pre>\n<p style=\"text-align: right;\">Biel Font: 658 695 396 \/ <a href=\"mailto:bielfont@hotmail.com\" target=\"_blank\" rel=\"noopener\">bielfont@hotmail.com<\/a><\/p>\n","protected":false},"excerpt":{"rendered":"<p style=\"text-align: center;\">Pedro Riestra: Guitarra solista y clarinete<br \/>\nBiel Font: Guitarra r\u00edtmica y voz<br \/>\nSoriana Ivaniv: Violin<\/p>\n<p>&nbsp;<\/p>\n","protected":false},"featured_media":2618,"template":"","meta":{"_et_pb_use_builder":"","_et_pb_old_content":"","_et_gb_content_width":""},"product_cat":[96,192],"product_tag":[91],"yoast_head":"<!-- This site is optimized with the Yoast SEO Premium plugin v15.7 - https:\/\/yoast.com\/wordpress\/plugins\/seo\/ -->\n<title>Chez Manouche - ProM\u00fasics Mallorca<\/title>\n<meta name=\"robots\" content=\"index, follow, max-snippet:-1, max-image-preview:large, max-video-preview:-1\" \/>\n<link rel=\"canonical\" href=\"https:\/\/www.promusicsmallorca.org\/es\/catalogo-promusics\/chez-manouche\/\" \/>\n<meta property=\"og:locale\" content=\"es_ES\" \/>\n<meta property=\"og:type\" content=\"article\" \/>\n<meta property=\"og:title\" content=\"Chez Manouche - ProM\u00fasics Mallorca\" \/>\n<meta property=\"og:description\" content=\"Pedro Riestra: Guitarra solista y clarinete Biel Font: Guitarra r\u00edtmica y voz Soriana Ivaniv: Violin &nbsp;\" \/>\n<meta property=\"og:url\" content=\"https:\/\/www.promusicsmallorca.org\/es\/catalogo-promusics\/chez-manouche\/\" \/>\n<meta property=\"og:site_name\" content=\"ProM\u00fasics Mallorca\" \/>\n<meta property=\"article:publisher\" content=\"https:\/\/www.facebook.com\/promusicsmallorca\" \/>\n<meta property=\"article:modified_time\" content=\"2022-04-01T08:10:11+00:00\" \/>\n<meta property=\"og:image\" content=\"https:\/\/i0.wp.com\/www.promusicsmallorca.org\/wp-content\/uploads\/2021\/02\/PedroRiestraChezManouche.jpg?fit=1490%2C1242&#038;ssl=1\" \/>\n\t<meta property=\"og:image:width\" content=\"1490\" \/>\n\t<meta property=\"og:image:height\" content=\"1242\" \/>\n<meta name=\"twitter:card\" content=\"summary_large_image\" \/>\n<meta name=\"twitter:label1\" content=\"Tiempo de lectura\">\n\t<meta name=\"twitter:data1\" content=\"1 minuto\">\n<script type=\"application\/ld+json\" class=\"yoast-schema-graph\">{\"@context\":\"https:\/\/schema.org\",\"@graph\":[{\"@type\":\"Organization\",\"@id\":\"https:\/\/www.promusicsmallorca.org\/#organization\",\"name\":\"ProM\\u00fasics Mallorca\",\"url\":\"https:\/\/www.promusicsmallorca.org\/\",\"sameAs\":[\"https:\/\/www.facebook.com\/promusicsmallorca\",\"https:\/\/www.instagram.com\/promusicsmallorca\/\",\"https:\/\/www.youtube.com\/channel\/UCWwttYA4JPovS2RZiGlHgpA\"],\"logo\":{\"@type\":\"ImageObject\",\"@id\":\"https:\/\/www.promusicsmallorca.org\/#logo\",\"inLanguage\":\"es\",\"url\":\"https:\/\/i0.wp.com\/www.promusicsmallorca.org\/wp-content\/uploads\/2021\/02\/image0.png?fit=10224%2C7725&ssl=1\",\"width\":10224,\"height\":7725,\"caption\":\"ProM\\u00fasics Mallorca\"},\"image\":{\"@id\":\"https:\/\/www.promusicsmallorca.org\/#logo\"}},{\"@type\":\"WebSite\",\"@id\":\"https:\/\/www.promusicsmallorca.org\/#website\",\"url\":\"https:\/\/www.promusicsmallorca.org\/\",\"name\":\"ProM\\u00fasics Mallorca\",\"description\":\"Associaci\\u00f3 de Professionals de la M\\u00fasica de Mallorca\",\"publisher\":{\"@id\":\"https:\/\/www.promusicsmallorca.org\/#organization\"},\"potentialAction\":[{\"@type\":\"SearchAction\",\"target\":\"https:\/\/www.promusicsmallorca.org\/?s={search_term_string}\",\"query-input\":\"required name=search_term_string\"}],\"inLanguage\":\"es\"},{\"@type\":\"ImageObject\",\"@id\":\"https:\/\/www.promusicsmallorca.org\/es\/catalogo-promusics\/chez-manouche\/#primaryimage\",\"inLanguage\":\"es\",\"url\":\"https:\/\/i0.wp.com\/www.promusicsmallorca.org\/wp-content\/uploads\/2021\/02\/PedroRiestraChezManouche.jpg?fit=1490%2C1242&ssl=1\",\"width\":1490,\"height\":1242},{\"@type\":\"WebPage\",\"@id\":\"https:\/\/www.promusicsmallorca.org\/es\/catalogo-promusics\/chez-manouche\/#webpage\",\"url\":\"https:\/\/www.promusicsmallorca.org\/es\/catalogo-promusics\/chez-manouche\/\",\"name\":\"Chez Manouche - ProM\\u00fasics Mallorca\",\"isPartOf\":{\"@id\":\"https:\/\/www.promusicsmallorca.org\/#website\"},\"primaryImageOfPage\":{\"@id\":\"https:\/\/www.promusicsmallorca.org\/es\/catalogo-promusics\/chez-manouche\/#primaryimage\"},\"datePublished\":\"2021-02-20T14:49:07+00:00\",\"dateModified\":\"2022-04-01T08:10:11+00:00\",\"inLanguage\":\"es\",\"potentialAction\":[{\"@type\":\"ReadAction\",\"target\":[\"https:\/\/www.promusicsmallorca.org\/es\/catalogo-promusics\/chez-manouche\/\"]}]}]}<\/script>\n<!-- \/ Yoast SEO Premium plugin. -->","jetpack_sharing_enabled":true,"_links":{"self":[{"href":"https:\/\/www.promusicsmallorca.org\/es\/wp-json\/wp\/v2\/product\/2616"}],"collection":[{"href":"https:\/\/www.promusicsmallorca.org\/es\/wp-json\/wp\/v2\/product"}],"about":[{"href":"https:\/\/www.promusicsmallorca.org\/es\/wp-json\/wp\/v2\/types\/product"}],"wp:featuredmedia":[{"embeddable":true,"href":"https:\/\/www.promusicsmallorca.org\/es\/wp-json\/wp\/v2\/media\/2618"}],"wp:attachment":[{"href":"https:\/\/www.promusicsmallorca.org\/es\/wp-json\/wp\/v2\/media?parent=2616"}],"wp:term":[{"taxonomy":"product_cat","embeddable":true,"href":"https:\/\/www.promusicsmallorca.org\/es\/wp-json\/wp\/v2\/product_cat?post=2616"},{"taxonomy":"product_tag","embeddable":true,"href":"https:\/\/www.promusicsmallorca.org\/es\/wp-json\/wp\/v2\/product_tag?post=2616"}],"curies":[{"name":"wp","href":"https:\/\/api.w.org\/{rel}","templated":true}]}}

<p>Dúo formado en mayo de 2020 con la idea de interpretar grandes clásicos del Gipsy Jazz o Jazz Manouche, estilo enmarcado dentro del swing y formado por los músicos profesionales Pedro Riestra y Biel Font. Ambos artistas, activos desde principios de los años 90, transmitirán la frescura de unos sonidos ya clásicos en el mundo del jazz iniciados por el maestro Django Reinhardt desde los años treinta hasta los cincuenta, proporcionando a los amantes de la música en directo un formato acústico y cercano del que podrán disfrutar en pequeñas salas y clubes de jazz.</p>
<pre style="text-align: center;"><a href="https://www.facebook.com/BielAlimanya/" target="_blank" rel="noopener">https://www.facebook.com/BielAlimanya/</a>
<a href="https://www.facebook.com/pedro.riestra.33" target="_blank" rel="noopener">https://www.facebook.com/pedro.riestra.33</a></pre>
<p style="text-align: right;">Biel Font: 658 695 396 / <a href="mailto:bielfont@hotmail.com" target="_blank" rel="noopener">bielfont@hotmail.com</a></p>

<p style="text-align: center;">Pedro Riestra: Guitarra solista y clarinete<br />
Biel Font: Guitarra rítmica y voz<br />
Soriana Ivaniv: Violin</p>
<p>&nbsp;</p>

<!-- This site is optimized with the Yoast SEO Premium plugin v15.7 - https://yoast.com/wordpress/plugins/seo/ -->
<title>Chez Manouche - ProMúsics Mallorca</title>
<meta name="robots" content="index, follow, max-snippet:-1, max-image-preview:large, max-video-preview:-1" />
<link rel="canonical" href="https://www.promusicsmallorca.org/es/catalogo-promusics/chez-manouche/" />
<meta property="og:locale" content="es_ES" />
<meta property="og:type" content="article" />
<meta property="og:title" content="Chez Manouche - ProMúsics Mallorca" />
<meta property="og:description" content="Pedro Riestra: Guitarra solista y clarinete Biel Font: Guitarra rítmica y voz Soriana Ivaniv: Violin &nbsp;" />
<meta property="og:url" content="https://www.promusicsmallorca.org/es/catalogo-promusics/chez-manouche/" />
<meta property="og:site_name" content="ProMúsics Mallorca" />
<meta property="article:publisher" content="https://www.facebook.com/promusicsmallorca" />
<meta property="article:modified_time" content="2022-04-01T08:10:11+00:00" />
<meta property="og:image" content="https://i0.wp.com/www.promusicsmallorca.org/wp-content/uploads/2021/02/PedroRiestraChezManouche.jpg?fit=1490%2C1242&#038;ssl=1" />
	<meta property="og:image:width" content="1490" />
	<meta property="og:image:height" content="1242" />
<meta name="twitter:card" content="summary_large_image" />
<meta name="twitter:label1" content="Tiempo de lectura">
	<meta name="twitter:data1" content="1 minuto">
<script type="application/ld+json" class="yoast-schema-graph">{"@context":"https://schema.org","@graph":[{"@type":"Organization","@id":"https://www.promusicsmallorca.org/#organization","name":"ProM\u00fasics Mallorca","url":"https://www.promusicsmallorca.org/","sameAs":["https://www.facebook.com/promusicsmallorca","https://www.instagram.com/promusicsmallorca/","https://www.youtube.com/channel/UCWwttYA4JPovS2RZiGlHgpA"],"logo":{"@type":"ImageObject","@id":"https://www.promusicsmallorca.org/#logo","inLanguage":"es","url":"https://i0.wp.com/www.promusicsmallorca.org/wp-content/uploads/2021/02/image0.png?fit=10224%2C7725&ssl=1","width":10224,"height":7725,"caption":"ProM\u00fasics Mallorca"},"image":{"@id":"https://www.promusicsmallorca.org/#logo"}},{"@type":"WebSite","@id":"https://www.promusicsmallorca.org/#website","url":"https://www.promusicsmallorca.org/","name":"ProM\u00fasics Mallorca","description":"Associaci\u00f3 de Professionals de la M\u00fasica de Mallorca","publisher":{"@id":"https://www.promusicsmallorca.org/#organization"},"potentialAction":[{"@type":"SearchAction","target":"https://www.promusicsmallorca.org/?s={search_term_string}","query-input":"required name=search_term_string"}],"inLanguage":"es"},{"@type":"ImageObject","@id":"https://www.promusicsmallorca.org/es/catalogo-promusics/chez-manouche/#primaryimage","inLanguage":"es","url":"https://i0.wp.com/www.promusicsmallorca.org/wp-content/uploads/2021/02/PedroRiestraChezManouche.jpg?fit=1490%2C1242&ssl=1","width":1490,"height":1242},{"@type":"WebPage","@id":"https://www.promusicsmallorca.org/es/catalogo-promusics/chez-manouche/#webpage","url":"https://www.promusicsmallorca.org/es/catalogo-promusics/chez-manouche/","name":"Chez Manouche - ProM\u00fasics Mallorca","isPartOf":{"@id":"https://www.promusicsmallorca.org/#website"},"primaryImageOfPage":{"@id":"https://www.promusicsmallorca.org/es/catalogo-promusics/chez-manouche/#primaryimage"},"datePublished":"2021-02-20T14:49:07+00:00","dateModified":"2022-04-01T08:10:11+00:00","inLanguage":"es","potentialAction":[{"@type":"ReadAction","target":["https://www.promusicsmallorca.org/es/catalogo-promusics/chez-manouche/"]}]}]}</script>
<!-- / Yoast SEO Premium plugin. -->
