{"id":2273,"date":"2021-02-13T09:03:55","date_gmt":"2021-02-13T09:03:55","guid":{"rendered":"https:\/\/www.promusicsmallorca.org\/?post_type=product&#038;p=2273"},"modified":"2022-03-20T15:06:37","modified_gmt":"2022-03-20T15:06:37","slug":"trotsky-experience-jazz-group","status":"publish","type":"product","link":"https:\/\/www.promusicsmallorca.org\/es\/catalogo-promusics\/trotsky-experience-jazz-group\/","title":{"rendered":"Trotsky Experience Jazz Group"},"content":{"rendered":"<p>El grupo se form\u00f3 como subgrupo de la formaci\u00f3n Big Yuyu Hot Nite Band (secci\u00f3n de metales), particip\u00f3 en las dos ediciones de \u00abPalma Jazz Comercial\u00bb siendo finalista en las dos ediciones 2010\/2011. Actu\u00f3 en el festival \u00abJazz Voyeur\u00bb de Palma de Mallorca en Ses Voltes 2010 con la colaboraci\u00f3n del guitarrista Marcos Collado. Habitual en clubs de Jazz de Palma como el Hotel Saratoga, el Jazz Voyeur Club (antiguo Caf\u00e9 Barcelona). En 2019 edit\u00f3 su primer trabajo en CD titulado \u00abONE\u00bb (ROCK-CD RECORDS RSDR2955), present\u00e1ndolo en directo en el teatro Mar i Terra 29-10-2020.<\/p>\n<pre style=\"text-align: center;\"><a href=\"https:\/\/youtu.be\/UwEwkbDLvgA\" target=\"_blank\" rel=\"noopener\">https:\/\/youtu.be\/UwEwkbDLvgA<\/a>\r\n<a href=\"https:\/\/youtu.be\/2P2AwbuJc\" target=\"_blank\" rel=\"noopener\">https:\/\/youtu.be\/2P2AwbuJc<\/a>\r\n<a href=\"https:\/\/open.spotify.com\/artist\/0J3ioHGoKqSPyPRllMnXQa?si=3T4mEjIuTpiBXhQyYKVZ4A\" target=\"_blank\" rel=\"noopener\">https:\/\/open.spotify.com\/artist\/0J3ioHGoKqSPyPRllMnXQa?si=3T4mEjIuTpiBXhQyYKVZ4A<\/a><\/pre>\n<p style=\"text-align: right;\">Jaime Crespi: 649707744 \/<a href=\"mailto:jaimecrespi@msn.com\" target=\"_blank\" rel=\"noopener\"> jaimecrespi@msn.com<\/a><\/p>\n","protected":false},"excerpt":{"rendered":"<p style=\"text-align: center;\">Jaume \u00abTrotski\u00bb Crespi &#8211; Bater\u00eda<br \/>\nRichard Vinton &#8211; Piano<br \/>\nAlain Sanchez &#8211; Contrabajo<br \/>\nMiky Ramon &#8211; Saxo<\/p>\n","protected":false},"featured_media":2738,"template":"","meta":{"_et_pb_use_builder":"","_et_pb_old_content":"","_et_gb_content_width":""},"product_cat":[75,96],"product_tag":[72],"yoast_head":"<!-- This site is optimized with the Yoast SEO Premium plugin v15.7 - https:\/\/yoast.com\/wordpress\/plugins\/seo\/ -->\n<title>Trotsky Experience Jazz Group - ProM\u00fasics Mallorca<\/title>\n<meta name=\"robots\" content=\"index, follow, max-snippet:-1, max-image-preview:large, max-video-preview:-1\" \/>\n<link rel=\"canonical\" href=\"https:\/\/www.promusicsmallorca.org\/es\/catalogo-promusics\/trotsky-experience-jazz-group\/\" \/>\n<meta property=\"og:locale\" content=\"es_ES\" \/>\n<meta property=\"og:type\" content=\"article\" \/>\n<meta property=\"og:title\" content=\"Trotsky Experience Jazz Group - ProM\u00fasics Mallorca\" \/>\n<meta property=\"og:description\" content=\"Jaume &quot;Trotski&quot; Crespi - Bater\u00eda Richard Vinton - Piano Alain Sanchez - Contrabajo Miky Ramon - Saxo\" \/>\n<meta property=\"og:url\" content=\"https:\/\/www.promusicsmallorca.org\/es\/catalogo-promusics\/trotsky-experience-jazz-group\/\" \/>\n<meta property=\"og:site_name\" content=\"ProM\u00fasics Mallorca\" \/>\n<meta property=\"article:publisher\" content=\"https:\/\/www.facebook.com\/promusicsmallorca\" \/>\n<meta property=\"article:modified_time\" content=\"2022-03-20T15:06:37+00:00\" \/>\n<meta property=\"og:image\" content=\"https:\/\/i0.wp.com\/www.promusicsmallorca.org\/wp-content\/uploads\/2021\/02\/fotostrotskyexpe.jpg?fit=1302%2C924&#038;ssl=1\" \/>\n\t<meta property=\"og:image:width\" content=\"1302\" \/>\n\t<meta property=\"og:image:height\" content=\"924\" \/>\n<meta name=\"twitter:card\" content=\"summary_large_image\" \/>\n<meta name=\"twitter:label1\" content=\"Tiempo de lectura\">\n\t<meta name=\"twitter:data1\" content=\"1 minuto\">\n<script type=\"application\/ld+json\" class=\"yoast-schema-graph\">{\"@context\":\"https:\/\/schema.org\",\"@graph\":[{\"@type\":\"Organization\",\"@id\":\"https:\/\/www.promusicsmallorca.org\/#organization\",\"name\":\"ProM\\u00fasics Mallorca\",\"url\":\"https:\/\/www.promusicsmallorca.org\/\",\"sameAs\":[\"https:\/\/www.facebook.com\/promusicsmallorca\",\"https:\/\/www.instagram.com\/promusicsmallorca\/\",\"https:\/\/www.youtube.com\/channel\/UCWwttYA4JPovS2RZiGlHgpA\"],\"logo\":{\"@type\":\"ImageObject\",\"@id\":\"https:\/\/www.promusicsmallorca.org\/#logo\",\"inLanguage\":\"es\",\"url\":\"https:\/\/i0.wp.com\/www.promusicsmallorca.org\/wp-content\/uploads\/2021\/02\/image0.png?fit=10224%2C7725&ssl=1\",\"width\":10224,\"height\":7725,\"caption\":\"ProM\\u00fasics Mallorca\"},\"image\":{\"@id\":\"https:\/\/www.promusicsmallorca.org\/#logo\"}},{\"@type\":\"WebSite\",\"@id\":\"https:\/\/www.promusicsmallorca.org\/#website\",\"url\":\"https:\/\/www.promusicsmallorca.org\/\",\"name\":\"ProM\\u00fasics Mallorca\",\"description\":\"Associaci\\u00f3 de Professionals de la M\\u00fasica de Mallorca\",\"publisher\":{\"@id\":\"https:\/\/www.promusicsmallorca.org\/#organization\"},\"potentialAction\":[{\"@type\":\"SearchAction\",\"target\":\"https:\/\/www.promusicsmallorca.org\/?s={search_term_string}\",\"query-input\":\"required name=search_term_string\"}],\"inLanguage\":\"es\"},{\"@type\":\"ImageObject\",\"@id\":\"https:\/\/www.promusicsmallorca.org\/es\/catalogo-promusics\/trotsky-experience-jazz-group\/#primaryimage\",\"inLanguage\":\"es\",\"url\":\"https:\/\/i0.wp.com\/www.promusicsmallorca.org\/wp-content\/uploads\/2021\/02\/fotostrotskyexpe.jpg?fit=1302%2C924&ssl=1\",\"width\":1302,\"height\":924},{\"@type\":\"WebPage\",\"@id\":\"https:\/\/www.promusicsmallorca.org\/es\/catalogo-promusics\/trotsky-experience-jazz-group\/#webpage\",\"url\":\"https:\/\/www.promusicsmallorca.org\/es\/catalogo-promusics\/trotsky-experience-jazz-group\/\",\"name\":\"Trotsky Experience Jazz Group - ProM\\u00fasics Mallorca\",\"isPartOf\":{\"@id\":\"https:\/\/www.promusicsmallorca.org\/#website\"},\"primaryImageOfPage\":{\"@id\":\"https:\/\/www.promusicsmallorca.org\/es\/catalogo-promusics\/trotsky-experience-jazz-group\/#primaryimage\"},\"datePublished\":\"2021-02-13T09:03:55+00:00\",\"dateModified\":\"2022-03-20T15:06:37+00:00\",\"inLanguage\":\"es\",\"potentialAction\":[{\"@type\":\"ReadAction\",\"target\":[\"https:\/\/www.promusicsmallorca.org\/es\/catalogo-promusics\/trotsky-experience-jazz-group\/\"]}]}]}<\/script>\n<!-- \/ Yoast SEO Premium plugin. -->","jetpack_sharing_enabled":true,"_links":{"self":[{"href":"https:\/\/www.promusicsmallorca.org\/es\/wp-json\/wp\/v2\/product\/2273"}],"collection":[{"href":"https:\/\/www.promusicsmallorca.org\/es\/wp-json\/wp\/v2\/product"}],"about":[{"href":"https:\/\/www.promusicsmallorca.org\/es\/wp-json\/wp\/v2\/types\/product"}],"wp:featuredmedia":[{"embeddable":true,"href":"https:\/\/www.promusicsmallorca.org\/es\/wp-json\/wp\/v2\/media\/2738"}],"wp:attachment":[{"href":"https:\/\/www.promusicsmallorca.org\/es\/wp-json\/wp\/v2\/media?parent=2273"}],"wp:term":[{"taxonomy":"product_cat","embeddable":true,"href":"https:\/\/www.promusicsmallorca.org\/es\/wp-json\/wp\/v2\/product_cat?post=2273"},{"taxonomy":"product_tag","embeddable":true,"href":"https:\/\/www.promusicsmallorca.org\/es\/wp-json\/wp\/v2\/product_tag?post=2273"}],"curies":[{"name":"wp","href":"https:\/\/api.w.org\/{rel}","templated":true}]}}

<p>El grupo se formó como subgrupo de la formación Big Yuyu Hot Nite Band (sección de metales), participó en las dos ediciones de «Palma Jazz Comercial» siendo finalista en las dos ediciones 2010/2011. Actuó en el festival «Jazz Voyeur» de Palma de Mallorca en Ses Voltes 2010 con la colaboración del guitarrista Marcos Collado. Habitual en clubs de Jazz de Palma como el Hotel Saratoga, el Jazz Voyeur Club (antiguo Café Barcelona). En 2019 editó su primer trabajo en CD titulado «ONE» (ROCK-CD RECORDS RSDR2955), presentándolo en directo en el teatro Mar i Terra 29-10-2020.</p>
<pre style="text-align: center;"><a href="https://youtu.be/UwEwkbDLvgA" target="_blank" rel="noopener">https://youtu.be/UwEwkbDLvgA</a>
<a href="https://youtu.be/2P2AwbuJc" target="_blank" rel="noopener">https://youtu.be/2P2AwbuJc</a>
<a href="https://open.spotify.com/artist/0J3ioHGoKqSPyPRllMnXQa?si=3T4mEjIuTpiBXhQyYKVZ4A" target="_blank" rel="noopener">https://open.spotify.com/artist/0J3ioHGoKqSPyPRllMnXQa?si=3T4mEjIuTpiBXhQyYKVZ4A</a></pre>
<p style="text-align: right;">Jaime Crespi: 649707744 /<a href="mailto:jaimecrespi@msn.com" target="_blank" rel="noopener"> jaimecrespi@msn.com</a></p>

<p style="text-align: center;">Jaume «Trotski» Crespi &#8211; Batería<br />
Richard Vinton &#8211; Piano<br />
Alain Sanchez &#8211; Contrabajo<br />
Miky Ramon &#8211; Saxo</p>

<!-- This site is optimized with the Yoast SEO Premium plugin v15.7 - https://yoast.com/wordpress/plugins/seo/ -->
<title>Trotsky Experience Jazz Group - ProMúsics Mallorca</title>
<meta name="robots" content="index, follow, max-snippet:-1, max-image-preview:large, max-video-preview:-1" />
<link rel="canonical" href="https://www.promusicsmallorca.org/es/catalogo-promusics/trotsky-experience-jazz-group/" />
<meta property="og:locale" content="es_ES" />
<meta property="og:type" content="article" />
<meta property="og:title" content="Trotsky Experience Jazz Group - ProMúsics Mallorca" />
<meta property="og:description" content="Jaume &quot;Trotski&quot; Crespi - Batería Richard Vinton - Piano Alain Sanchez - Contrabajo Miky Ramon - Saxo" />
<meta property="og:url" content="https://www.promusicsmallorca.org/es/catalogo-promusics/trotsky-experience-jazz-group/" />
<meta property="og:site_name" content="ProMúsics Mallorca" />
<meta property="article:publisher" content="https://www.facebook.com/promusicsmallorca" />
<meta property="article:modified_time" content="2022-03-20T15:06:37+00:00" />
<meta property="og:image" content="https://i0.wp.com/www.promusicsmallorca.org/wp-content/uploads/2021/02/fotostrotskyexpe.jpg?fit=1302%2C924&#038;ssl=1" />
	<meta property="og:image:width" content="1302" />
	<meta property="og:image:height" content="924" />
<meta name="twitter:card" content="summary_large_image" />
<meta name="twitter:label1" content="Tiempo de lectura">
	<meta name="twitter:data1" content="1 minuto">
<script type="application/ld+json" class="yoast-schema-graph">{"@context":"https://schema.org","@graph":[{"@type":"Organization","@id":"https://www.promusicsmallorca.org/#organization","name":"ProM\u00fasics Mallorca","url":"https://www.promusicsmallorca.org/","sameAs":["https://www.facebook.com/promusicsmallorca","https://www.instagram.com/promusicsmallorca/","https://www.youtube.com/channel/UCWwttYA4JPovS2RZiGlHgpA"],"logo":{"@type":"ImageObject","@id":"https://www.promusicsmallorca.org/#logo","inLanguage":"es","url":"https://i0.wp.com/www.promusicsmallorca.org/wp-content/uploads/2021/02/image0.png?fit=10224%2C7725&ssl=1","width":10224,"height":7725,"caption":"ProM\u00fasics Mallorca"},"image":{"@id":"https://www.promusicsmallorca.org/#logo"}},{"@type":"WebSite","@id":"https://www.promusicsmallorca.org/#website","url":"https://www.promusicsmallorca.org/","name":"ProM\u00fasics Mallorca","description":"Associaci\u00f3 de Professionals de la M\u00fasica de Mallorca","publisher":{"@id":"https://www.promusicsmallorca.org/#organization"},"potentialAction":[{"@type":"SearchAction","target":"https://www.promusicsmallorca.org/?s={search_term_string}","query-input":"required name=search_term_string"}],"inLanguage":"es"},{"@type":"ImageObject","@id":"https://www.promusicsmallorca.org/es/catalogo-promusics/trotsky-experience-jazz-group/#primaryimage","inLanguage":"es","url":"https://i0.wp.com/www.promusicsmallorca.org/wp-content/uploads/2021/02/fotostrotskyexpe.jpg?fit=1302%2C924&ssl=1","width":1302,"height":924},{"@type":"WebPage","@id":"https://www.promusicsmallorca.org/es/catalogo-promusics/trotsky-experience-jazz-group/#webpage","url":"https://www.promusicsmallorca.org/es/catalogo-promusics/trotsky-experience-jazz-group/","name":"Trotsky Experience Jazz Group - ProM\u00fasics Mallorca","isPartOf":{"@id":"https://www.promusicsmallorca.org/#website"},"primaryImageOfPage":{"@id":"https://www.promusicsmallorca.org/es/catalogo-promusics/trotsky-experience-jazz-group/#primaryimage"},"datePublished":"2021-02-13T09:03:55+00:00","dateModified":"2022-03-20T15:06:37+00:00","inLanguage":"es","potentialAction":[{"@type":"ReadAction","target":["https://www.promusicsmallorca.org/es/catalogo-promusics/trotsky-experience-jazz-group/"]}]}]}</script>
<!-- / Yoast SEO Premium plugin. -->
