{"id":2269,"date":"2021-02-13T08:47:22","date_gmt":"2021-02-13T08:47:22","guid":{"rendered":"https:\/\/www.promusicsmallorca.org\/?post_type=product&#038;p=2269"},"modified":"2022-05-03T16:49:06","modified_gmt":"2022-05-03T16:49:06","slug":"the-claps","status":"publish","type":"product","link":"https:\/\/www.promusicsmallorca.org\/es\/catalogo-promusics\/the-claps\/","title":{"rendered":"The Claps"},"content":{"rendered":"<p>The Claps es una banda de versiones de cl\u00e1sicos del rock &amp; roll. Su repertorio es variado y apto para todo tipo de p\u00fablico con canciones de los grandes referentes como The Beatles, The Rolling Stones, Chuck Berry, Elvis, Carl Perkins, Creedence Clearwater Revival, Eric Clapton, Queen, Status Quo, Bob Seger&#8230; o los grandes del rock espa\u00f1ol como M-Clan, Los Rodr\u00edguez o Fito &amp; Fitipaldis. Son una de las bandas fijas en la programaci\u00f3n mensual de la sala de conciertos Shamrock Palma desde 2013.<\/p>\n<pre style=\"text-align: center;\"><a href=\"https:\/\/www.youtube.com\/watch?v=07SKdn0adss\" target=\"_blank\" rel=\"noopener\">https:\/\/www.youtube.com\/watch?v=07SKdn0adss<\/a>\r\n<a href=\"https:\/\/www.youtube.com\/watch?v=bSnuyYAyOfU\" target=\"_blank\" rel=\"noopener\">https:\/\/www.youtube.com\/watch?v=bSnuyYAyOfU<\/a>\r\n<a href=\"https:\/\/www.facebook.com\/THECLAPS\" target=\"_blank\" rel=\"noopener\">https:\/\/www.facebook.com\/THECLAPS<\/a><\/pre>\n<p style=\"text-align: right;\">Pep Estrada: 670 72 98 71 \/ <a href=\"mailto:adartsepep@gmail.com\" target=\"_blank\" rel=\"noopener\">adartsepep@gmail.com<\/a><\/p>\n","protected":false},"excerpt":{"rendered":"<p style=\"text-align: center;\">Pep Estrada (bajo)<br \/>\nMiquel Garc\u00eda (voz y guitarra)<br \/>\nNoel Quintana (piano)<br \/>\nAlbert Candela (guitarra)<br \/>\nBernat Company (bater\u00eda)<\/p>\n","protected":false},"featured_media":2270,"template":"","meta":{"_et_pb_use_builder":"","_et_pb_old_content":"","_et_gb_content_width":""},"product_cat":[124],"product_tag":[92],"yoast_head":"<!-- This site is optimized with the Yoast SEO Premium plugin v15.7 - https:\/\/yoast.com\/wordpress\/plugins\/seo\/ -->\n<title>The Claps - ProM\u00fasics Mallorca<\/title>\n<meta name=\"robots\" content=\"index, follow, max-snippet:-1, max-image-preview:large, max-video-preview:-1\" \/>\n<link rel=\"canonical\" href=\"https:\/\/www.promusicsmallorca.org\/es\/catalogo-promusics\/the-claps\/\" \/>\n<meta property=\"og:locale\" content=\"es_ES\" \/>\n<meta property=\"og:type\" content=\"article\" \/>\n<meta property=\"og:title\" content=\"The Claps - ProM\u00fasics Mallorca\" \/>\n<meta property=\"og:description\" content=\"Pep Estrada (bajo) Miquel Garc\u00eda (voz y guitarra) Noel Quintana (piano) Albert Candela (guitarra) Bernat Company (bater\u00eda)\" \/>\n<meta property=\"og:url\" content=\"https:\/\/www.promusicsmallorca.org\/es\/catalogo-promusics\/the-claps\/\" \/>\n<meta property=\"og:site_name\" content=\"ProM\u00fasics Mallorca\" \/>\n<meta property=\"article:publisher\" content=\"https:\/\/www.facebook.com\/promusicsmallorca\" \/>\n<meta property=\"article:modified_time\" content=\"2022-05-03T16:49:06+00:00\" \/>\n<meta property=\"og:image\" content=\"https:\/\/i0.wp.com\/www.promusicsmallorca.org\/wp-content\/uploads\/2021\/02\/28516638_1728197813914382_4241678277646783902_o.jpg?fit=2048%2C1446&#038;ssl=1\" \/>\n\t<meta property=\"og:image:width\" content=\"2048\" \/>\n\t<meta property=\"og:image:height\" content=\"1446\" \/>\n<meta name=\"twitter:card\" content=\"summary_large_image\" \/>\n<meta name=\"twitter:label1\" content=\"Tiempo de lectura\">\n\t<meta name=\"twitter:data1\" content=\"1 minuto\">\n<script type=\"application\/ld+json\" class=\"yoast-schema-graph\">{\"@context\":\"https:\/\/schema.org\",\"@graph\":[{\"@type\":\"Organization\",\"@id\":\"https:\/\/www.promusicsmallorca.org\/#organization\",\"name\":\"ProM\\u00fasics Mallorca\",\"url\":\"https:\/\/www.promusicsmallorca.org\/\",\"sameAs\":[\"https:\/\/www.facebook.com\/promusicsmallorca\",\"https:\/\/www.instagram.com\/promusicsmallorca\/\",\"https:\/\/www.youtube.com\/channel\/UCWwttYA4JPovS2RZiGlHgpA\"],\"logo\":{\"@type\":\"ImageObject\",\"@id\":\"https:\/\/www.promusicsmallorca.org\/#logo\",\"inLanguage\":\"es\",\"url\":\"https:\/\/i0.wp.com\/www.promusicsmallorca.org\/wp-content\/uploads\/2021\/02\/image0.png?fit=10224%2C7725&ssl=1\",\"width\":10224,\"height\":7725,\"caption\":\"ProM\\u00fasics Mallorca\"},\"image\":{\"@id\":\"https:\/\/www.promusicsmallorca.org\/#logo\"}},{\"@type\":\"WebSite\",\"@id\":\"https:\/\/www.promusicsmallorca.org\/#website\",\"url\":\"https:\/\/www.promusicsmallorca.org\/\",\"name\":\"ProM\\u00fasics Mallorca\",\"description\":\"Associaci\\u00f3 de Professionals de la M\\u00fasica de Mallorca\",\"publisher\":{\"@id\":\"https:\/\/www.promusicsmallorca.org\/#organization\"},\"potentialAction\":[{\"@type\":\"SearchAction\",\"target\":\"https:\/\/www.promusicsmallorca.org\/?s={search_term_string}\",\"query-input\":\"required name=search_term_string\"}],\"inLanguage\":\"es\"},{\"@type\":\"ImageObject\",\"@id\":\"https:\/\/www.promusicsmallorca.org\/es\/catalogo-promusics\/the-claps\/#primaryimage\",\"inLanguage\":\"es\",\"url\":\"https:\/\/i0.wp.com\/www.promusicsmallorca.org\/wp-content\/uploads\/2021\/02\/28516638_1728197813914382_4241678277646783902_o.jpg?fit=2048%2C1446&ssl=1\",\"width\":2048,\"height\":1446},{\"@type\":\"WebPage\",\"@id\":\"https:\/\/www.promusicsmallorca.org\/es\/catalogo-promusics\/the-claps\/#webpage\",\"url\":\"https:\/\/www.promusicsmallorca.org\/es\/catalogo-promusics\/the-claps\/\",\"name\":\"The Claps - ProM\\u00fasics Mallorca\",\"isPartOf\":{\"@id\":\"https:\/\/www.promusicsmallorca.org\/#website\"},\"primaryImageOfPage\":{\"@id\":\"https:\/\/www.promusicsmallorca.org\/es\/catalogo-promusics\/the-claps\/#primaryimage\"},\"datePublished\":\"2021-02-13T08:47:22+00:00\",\"dateModified\":\"2022-05-03T16:49:06+00:00\",\"inLanguage\":\"es\",\"potentialAction\":[{\"@type\":\"ReadAction\",\"target\":[\"https:\/\/www.promusicsmallorca.org\/es\/catalogo-promusics\/the-claps\/\"]}]}]}<\/script>\n<!-- \/ Yoast SEO Premium plugin. -->","jetpack_sharing_enabled":true,"_links":{"self":[{"href":"https:\/\/www.promusicsmallorca.org\/es\/wp-json\/wp\/v2\/product\/2269"}],"collection":[{"href":"https:\/\/www.promusicsmallorca.org\/es\/wp-json\/wp\/v2\/product"}],"about":[{"href":"https:\/\/www.promusicsmallorca.org\/es\/wp-json\/wp\/v2\/types\/product"}],"wp:featuredmedia":[{"embeddable":true,"href":"https:\/\/www.promusicsmallorca.org\/es\/wp-json\/wp\/v2\/media\/2270"}],"wp:attachment":[{"href":"https:\/\/www.promusicsmallorca.org\/es\/wp-json\/wp\/v2\/media?parent=2269"}],"wp:term":[{"taxonomy":"product_cat","embeddable":true,"href":"https:\/\/www.promusicsmallorca.org\/es\/wp-json\/wp\/v2\/product_cat?post=2269"},{"taxonomy":"product_tag","embeddable":true,"href":"https:\/\/www.promusicsmallorca.org\/es\/wp-json\/wp\/v2\/product_tag?post=2269"}],"curies":[{"name":"wp","href":"https:\/\/api.w.org\/{rel}","templated":true}]}}

<p>The Claps es una banda de versiones de clásicos del rock &amp; roll. Su repertorio es variado y apto para todo tipo de público con canciones de los grandes referentes como The Beatles, The Rolling Stones, Chuck Berry, Elvis, Carl Perkins, Creedence Clearwater Revival, Eric Clapton, Queen, Status Quo, Bob Seger&#8230; o los grandes del rock español como M-Clan, Los Rodríguez o Fito &amp; Fitipaldis. Son una de las bandas fijas en la programación mensual de la sala de conciertos Shamrock Palma desde 2013.</p>
<pre style="text-align: center;"><a href="https://www.youtube.com/watch?v=07SKdn0adss" target="_blank" rel="noopener">https://www.youtube.com/watch?v=07SKdn0adss</a>
<a href="https://www.youtube.com/watch?v=bSnuyYAyOfU" target="_blank" rel="noopener">https://www.youtube.com/watch?v=bSnuyYAyOfU</a>
<a href="https://www.facebook.com/THECLAPS" target="_blank" rel="noopener">https://www.facebook.com/THECLAPS</a></pre>
<p style="text-align: right;">Pep Estrada: 670 72 98 71 / <a href="mailto:adartsepep@gmail.com" target="_blank" rel="noopener">adartsepep@gmail.com</a></p>

<p style="text-align: center;">Pep Estrada (bajo)<br />
Miquel García (voz y guitarra)<br />
Noel Quintana (piano)<br />
Albert Candela (guitarra)<br />
Bernat Company (batería)</p>

<!-- This site is optimized with the Yoast SEO Premium plugin v15.7 - https://yoast.com/wordpress/plugins/seo/ -->
<title>The Claps - ProMúsics Mallorca</title>
<meta name="robots" content="index, follow, max-snippet:-1, max-image-preview:large, max-video-preview:-1" />
<link rel="canonical" href="https://www.promusicsmallorca.org/es/catalogo-promusics/the-claps/" />
<meta property="og:locale" content="es_ES" />
<meta property="og:type" content="article" />
<meta property="og:title" content="The Claps - ProMúsics Mallorca" />
<meta property="og:description" content="Pep Estrada (bajo) Miquel García (voz y guitarra) Noel Quintana (piano) Albert Candela (guitarra) Bernat Company (batería)" />
<meta property="og:url" content="https://www.promusicsmallorca.org/es/catalogo-promusics/the-claps/" />
<meta property="og:site_name" content="ProMúsics Mallorca" />
<meta property="article:publisher" content="https://www.facebook.com/promusicsmallorca" />
<meta property="article:modified_time" content="2022-05-03T16:49:06+00:00" />
<meta property="og:image" content="https://i0.wp.com/www.promusicsmallorca.org/wp-content/uploads/2021/02/28516638_1728197813914382_4241678277646783902_o.jpg?fit=2048%2C1446&#038;ssl=1" />
	<meta property="og:image:width" content="2048" />
	<meta property="og:image:height" content="1446" />
<meta name="twitter:card" content="summary_large_image" />
<meta name="twitter:label1" content="Tiempo de lectura">
	<meta name="twitter:data1" content="1 minuto">
<script type="application/ld+json" class="yoast-schema-graph">{"@context":"https://schema.org","@graph":[{"@type":"Organization","@id":"https://www.promusicsmallorca.org/#organization","name":"ProM\u00fasics Mallorca","url":"https://www.promusicsmallorca.org/","sameAs":["https://www.facebook.com/promusicsmallorca","https://www.instagram.com/promusicsmallorca/","https://www.youtube.com/channel/UCWwttYA4JPovS2RZiGlHgpA"],"logo":{"@type":"ImageObject","@id":"https://www.promusicsmallorca.org/#logo","inLanguage":"es","url":"https://i0.wp.com/www.promusicsmallorca.org/wp-content/uploads/2021/02/image0.png?fit=10224%2C7725&ssl=1","width":10224,"height":7725,"caption":"ProM\u00fasics Mallorca"},"image":{"@id":"https://www.promusicsmallorca.org/#logo"}},{"@type":"WebSite","@id":"https://www.promusicsmallorca.org/#website","url":"https://www.promusicsmallorca.org/","name":"ProM\u00fasics Mallorca","description":"Associaci\u00f3 de Professionals de la M\u00fasica de Mallorca","publisher":{"@id":"https://www.promusicsmallorca.org/#organization"},"potentialAction":[{"@type":"SearchAction","target":"https://www.promusicsmallorca.org/?s={search_term_string}","query-input":"required name=search_term_string"}],"inLanguage":"es"},{"@type":"ImageObject","@id":"https://www.promusicsmallorca.org/es/catalogo-promusics/the-claps/#primaryimage","inLanguage":"es","url":"https://i0.wp.com/www.promusicsmallorca.org/wp-content/uploads/2021/02/28516638_1728197813914382_4241678277646783902_o.jpg?fit=2048%2C1446&ssl=1","width":2048,"height":1446},{"@type":"WebPage","@id":"https://www.promusicsmallorca.org/es/catalogo-promusics/the-claps/#webpage","url":"https://www.promusicsmallorca.org/es/catalogo-promusics/the-claps/","name":"The Claps - ProM\u00fasics Mallorca","isPartOf":{"@id":"https://www.promusicsmallorca.org/#website"},"primaryImageOfPage":{"@id":"https://www.promusicsmallorca.org/es/catalogo-promusics/the-claps/#primaryimage"},"datePublished":"2021-02-13T08:47:22+00:00","dateModified":"2022-05-03T16:49:06+00:00","inLanguage":"es","potentialAction":[{"@type":"ReadAction","target":["https://www.promusicsmallorca.org/es/catalogo-promusics/the-claps/"]}]}]}</script>
<!-- / Yoast SEO Premium plugin. -->
