{"id":2254,"date":"2021-02-11T15:50:22","date_gmt":"2021-02-11T15:50:22","guid":{"rendered":"https:\/\/www.promusicsmallorca.org\/?post_type=product&#038;p=2254"},"modified":"2022-03-20T14:59:53","modified_gmt":"2022-03-20T14:59:53","slug":"rubi-y-los-lingotes","status":"publish","type":"product","link":"https:\/\/www.promusicsmallorca.org\/es\/catalogo-promusics\/rubi-y-los-lingotes\/","title":{"rendered":"Rub\u00ed y los Lingotes"},"content":{"rendered":"<p>Este cabaret es un espect\u00e1culo de variedades que combina m\u00fasica en directo y textos diversos, e incluye tambi\u00e9n actuaciones de faquirismo, magia, malabares, todo tratado desde el buf\u00f3n grotesco, el clown y la comedia.<\/p>\n<pre style=\"text-align: center;\"><a href=\"https:\/\/youtu.be\/3Z1\u20134z85yw\" target=\"_blank\" rel=\"noopener\">https:\/\/youtu.be\/3Z1\u20134z85yw<\/a><\/pre>\n<p style=\"text-align: right;\">Toni Soler: 627 409 604 \/ <a href=\"mailto:tonicanostra@gmail.com\" target=\"_blank\" rel=\"noopener\">tonicanostra@gmail.com<\/a><\/p>\n","protected":false},"excerpt":{"rendered":"<p style=\"text-align: center;\">Toni Soler &#8211; Voz y guitarra el\u00e9ctrica<br \/>\nXemi Vidal &#8211; Bateria<br \/>\nCamil Casanova &#8211; Bajo el\u00e9ctrico<br \/>\nJordi Cumellas &#8211; Actor presentador<\/p>\n","protected":false},"featured_media":2255,"template":"","meta":{"_et_pb_use_builder":"","_et_pb_old_content":"","_et_gb_content_width":""},"product_cat":[147,44],"product_tag":[72],"yoast_head":"<!-- This site is optimized with the Yoast SEO Premium plugin v15.7 - https:\/\/yoast.com\/wordpress\/plugins\/seo\/ -->\n<title>Rub\u00ed y los Lingotes - ProM\u00fasics Mallorca<\/title>\n<meta name=\"robots\" content=\"index, follow, max-snippet:-1, max-image-preview:large, max-video-preview:-1\" \/>\n<link rel=\"canonical\" href=\"https:\/\/www.promusicsmallorca.org\/es\/catalogo-promusics\/rubi-y-los-lingotes\/\" \/>\n<meta property=\"og:locale\" content=\"es_ES\" \/>\n<meta property=\"og:type\" content=\"article\" \/>\n<meta property=\"og:title\" content=\"Rub\u00ed y los Lingotes - ProM\u00fasics Mallorca\" \/>\n<meta property=\"og:description\" content=\"Toni Soler - Voz y guitarra el\u00e9ctrica Xemi Vidal - Bateria Camil Casanova - Bajo el\u00e9ctrico Jordi Cumellas - Actor presentador\" \/>\n<meta property=\"og:url\" content=\"https:\/\/www.promusicsmallorca.org\/es\/catalogo-promusics\/rubi-y-los-lingotes\/\" \/>\n<meta property=\"og:site_name\" content=\"ProM\u00fasics Mallorca\" \/>\n<meta property=\"article:publisher\" content=\"https:\/\/www.facebook.com\/promusicsmallorca\" \/>\n<meta property=\"article:modified_time\" content=\"2022-03-20T14:59:53+00:00\" \/>\n<meta property=\"og:image\" content=\"https:\/\/i0.wp.com\/www.promusicsmallorca.org\/wp-content\/uploads\/2021\/02\/facebookfoto004copia-e1613058594197.jpg?fit=250%2C250&#038;ssl=1\" \/>\n\t<meta property=\"og:image:width\" content=\"250\" \/>\n\t<meta property=\"og:image:height\" content=\"250\" \/>\n<meta name=\"twitter:card\" content=\"summary_large_image\" \/>\n<script type=\"application\/ld+json\" class=\"yoast-schema-graph\">{\"@context\":\"https:\/\/schema.org\",\"@graph\":[{\"@type\":\"Organization\",\"@id\":\"https:\/\/www.promusicsmallorca.org\/#organization\",\"name\":\"ProM\\u00fasics Mallorca\",\"url\":\"https:\/\/www.promusicsmallorca.org\/\",\"sameAs\":[\"https:\/\/www.facebook.com\/promusicsmallorca\",\"https:\/\/www.instagram.com\/promusicsmallorca\/\",\"https:\/\/www.youtube.com\/channel\/UCWwttYA4JPovS2RZiGlHgpA\"],\"logo\":{\"@type\":\"ImageObject\",\"@id\":\"https:\/\/www.promusicsmallorca.org\/#logo\",\"inLanguage\":\"es\",\"url\":\"https:\/\/i0.wp.com\/www.promusicsmallorca.org\/wp-content\/uploads\/2021\/02\/image0.png?fit=10224%2C7725&ssl=1\",\"width\":10224,\"height\":7725,\"caption\":\"ProM\\u00fasics Mallorca\"},\"image\":{\"@id\":\"https:\/\/www.promusicsmallorca.org\/#logo\"}},{\"@type\":\"WebSite\",\"@id\":\"https:\/\/www.promusicsmallorca.org\/#website\",\"url\":\"https:\/\/www.promusicsmallorca.org\/\",\"name\":\"ProM\\u00fasics Mallorca\",\"description\":\"Associaci\\u00f3 de Professionals de la M\\u00fasica de Mallorca\",\"publisher\":{\"@id\":\"https:\/\/www.promusicsmallorca.org\/#organization\"},\"potentialAction\":[{\"@type\":\"SearchAction\",\"target\":\"https:\/\/www.promusicsmallorca.org\/?s={search_term_string}\",\"query-input\":\"required name=search_term_string\"}],\"inLanguage\":\"es\"},{\"@type\":\"ImageObject\",\"@id\":\"https:\/\/www.promusicsmallorca.org\/es\/catalogo-promusics\/rubi-y-los-lingotes\/#primaryimage\",\"inLanguage\":\"es\",\"url\":\"https:\/\/i0.wp.com\/www.promusicsmallorca.org\/wp-content\/uploads\/2021\/02\/facebookfoto004copia-e1613058594197.jpg?fit=250%2C250&ssl=1\",\"width\":250,\"height\":250},{\"@type\":\"WebPage\",\"@id\":\"https:\/\/www.promusicsmallorca.org\/es\/catalogo-promusics\/rubi-y-los-lingotes\/#webpage\",\"url\":\"https:\/\/www.promusicsmallorca.org\/es\/catalogo-promusics\/rubi-y-los-lingotes\/\",\"name\":\"Rub\\u00ed y los Lingotes - ProM\\u00fasics Mallorca\",\"isPartOf\":{\"@id\":\"https:\/\/www.promusicsmallorca.org\/#website\"},\"primaryImageOfPage\":{\"@id\":\"https:\/\/www.promusicsmallorca.org\/es\/catalogo-promusics\/rubi-y-los-lingotes\/#primaryimage\"},\"datePublished\":\"2021-02-11T15:50:22+00:00\",\"dateModified\":\"2022-03-20T14:59:53+00:00\",\"inLanguage\":\"es\",\"potentialAction\":[{\"@type\":\"ReadAction\",\"target\":[\"https:\/\/www.promusicsmallorca.org\/es\/catalogo-promusics\/rubi-y-los-lingotes\/\"]}]}]}<\/script>\n<!-- \/ Yoast SEO Premium plugin. -->","jetpack_sharing_enabled":true,"_links":{"self":[{"href":"https:\/\/www.promusicsmallorca.org\/es\/wp-json\/wp\/v2\/product\/2254"}],"collection":[{"href":"https:\/\/www.promusicsmallorca.org\/es\/wp-json\/wp\/v2\/product"}],"about":[{"href":"https:\/\/www.promusicsmallorca.org\/es\/wp-json\/wp\/v2\/types\/product"}],"wp:featuredmedia":[{"embeddable":true,"href":"https:\/\/www.promusicsmallorca.org\/es\/wp-json\/wp\/v2\/media\/2255"}],"wp:attachment":[{"href":"https:\/\/www.promusicsmallorca.org\/es\/wp-json\/wp\/v2\/media?parent=2254"}],"wp:term":[{"taxonomy":"product_cat","embeddable":true,"href":"https:\/\/www.promusicsmallorca.org\/es\/wp-json\/wp\/v2\/product_cat?post=2254"},{"taxonomy":"product_tag","embeddable":true,"href":"https:\/\/www.promusicsmallorca.org\/es\/wp-json\/wp\/v2\/product_tag?post=2254"}],"curies":[{"name":"wp","href":"https:\/\/api.w.org\/{rel}","templated":true}]}}

Rubí y los Lingotes

<p>Este cabaret es un espectáculo de variedades que combina música en directo y textos diversos, e incluye también actuaciones de faquirismo, magia, malabares, todo tratado desde el bufón grotesco, el clown y la comedia.</p>
<pre style="text-align: center;"><a href="https://youtu.be/3Z1–4z85yw" target="_blank" rel="noopener">https://youtu.be/3Z1–4z85yw</a></pre>
<p style="text-align: right;">Toni Soler: 627 409 604 / <a href="mailto:tonicanostra@gmail.com" target="_blank" rel="noopener">tonicanostra@gmail.com</a></p>

<p style="text-align: center;">Toni Soler &#8211; Voz y guitarra eléctrica<br />
Xemi Vidal &#8211; Bateria<br />
Camil Casanova &#8211; Bajo eléctrico<br />
Jordi Cumellas &#8211; Actor presentador</p>

<!-- This site is optimized with the Yoast SEO Premium plugin v15.7 - https://yoast.com/wordpress/plugins/seo/ -->
<title>Rubí y los Lingotes - ProMúsics Mallorca</title>
<meta name="robots" content="index, follow, max-snippet:-1, max-image-preview:large, max-video-preview:-1" />
<link rel="canonical" href="https://www.promusicsmallorca.org/es/catalogo-promusics/rubi-y-los-lingotes/" />
<meta property="og:locale" content="es_ES" />
<meta property="og:type" content="article" />
<meta property="og:title" content="Rubí y los Lingotes - ProMúsics Mallorca" />
<meta property="og:description" content="Toni Soler - Voz y guitarra eléctrica Xemi Vidal - Bateria Camil Casanova - Bajo eléctrico Jordi Cumellas - Actor presentador" />
<meta property="og:url" content="https://www.promusicsmallorca.org/es/catalogo-promusics/rubi-y-los-lingotes/" />
<meta property="og:site_name" content="ProMúsics Mallorca" />
<meta property="article:publisher" content="https://www.facebook.com/promusicsmallorca" />
<meta property="article:modified_time" content="2022-03-20T14:59:53+00:00" />
<meta property="og:image" content="https://i0.wp.com/www.promusicsmallorca.org/wp-content/uploads/2021/02/facebookfoto004copia-e1613058594197.jpg?fit=250%2C250&#038;ssl=1" />
	<meta property="og:image:width" content="250" />
	<meta property="og:image:height" content="250" />
<meta name="twitter:card" content="summary_large_image" />
<script type="application/ld+json" class="yoast-schema-graph">{"@context":"https://schema.org","@graph":[{"@type":"Organization","@id":"https://www.promusicsmallorca.org/#organization","name":"ProM\u00fasics Mallorca","url":"https://www.promusicsmallorca.org/","sameAs":["https://www.facebook.com/promusicsmallorca","https://www.instagram.com/promusicsmallorca/","https://www.youtube.com/channel/UCWwttYA4JPovS2RZiGlHgpA"],"logo":{"@type":"ImageObject","@id":"https://www.promusicsmallorca.org/#logo","inLanguage":"es","url":"https://i0.wp.com/www.promusicsmallorca.org/wp-content/uploads/2021/02/image0.png?fit=10224%2C7725&ssl=1","width":10224,"height":7725,"caption":"ProM\u00fasics Mallorca"},"image":{"@id":"https://www.promusicsmallorca.org/#logo"}},{"@type":"WebSite","@id":"https://www.promusicsmallorca.org/#website","url":"https://www.promusicsmallorca.org/","name":"ProM\u00fasics Mallorca","description":"Associaci\u00f3 de Professionals de la M\u00fasica de Mallorca","publisher":{"@id":"https://www.promusicsmallorca.org/#organization"},"potentialAction":[{"@type":"SearchAction","target":"https://www.promusicsmallorca.org/?s={search_term_string}","query-input":"required name=search_term_string"}],"inLanguage":"es"},{"@type":"ImageObject","@id":"https://www.promusicsmallorca.org/es/catalogo-promusics/rubi-y-los-lingotes/#primaryimage","inLanguage":"es","url":"https://i0.wp.com/www.promusicsmallorca.org/wp-content/uploads/2021/02/facebookfoto004copia-e1613058594197.jpg?fit=250%2C250&ssl=1","width":250,"height":250},{"@type":"WebPage","@id":"https://www.promusicsmallorca.org/es/catalogo-promusics/rubi-y-los-lingotes/#webpage","url":"https://www.promusicsmallorca.org/es/catalogo-promusics/rubi-y-los-lingotes/","name":"Rub\u00ed y los Lingotes - ProM\u00fasics Mallorca","isPartOf":{"@id":"https://www.promusicsmallorca.org/#website"},"primaryImageOfPage":{"@id":"https://www.promusicsmallorca.org/es/catalogo-promusics/rubi-y-los-lingotes/#primaryimage"},"datePublished":"2021-02-11T15:50:22+00:00","dateModified":"2022-03-20T14:59:53+00:00","inLanguage":"es","potentialAction":[{"@type":"ReadAction","target":["https://www.promusicsmallorca.org/es/catalogo-promusics/rubi-y-los-lingotes/"]}]}]}</script>
<!-- / Yoast SEO Premium plugin. -->
