{"id":2237,"date":"2021-02-10T17:56:14","date_gmt":"2021-02-10T17:56:14","guid":{"rendered":"https:\/\/www.promusicsmallorca.org\/?post_type=product&#038;p=2237"},"modified":"2022-05-03T16:47:54","modified_gmt":"2022-05-03T16:47:54","slug":"jaime-castillo","status":"publish","type":"product","link":"https:\/\/www.promusicsmallorca.org\/es\/catalogo-promusics\/jaime-castillo\/","title":{"rendered":"Jaime Castillo M\u00fasica Viva"},"content":{"rendered":"<p>Tres d\u00e9cadas por Europa en escenarios diversos. Voz-Guitarra y buena programaci\u00f3n latina. Sonido competente. Cuenta con Autocaravana para traslados.<\/p>\n<pre style=\"text-align: center;\"><a href=\"https:\/\/www.youtube.com\/watch?v=x_hX95ydwaA\" target=\"_blank\" rel=\"noopener\">https:\/\/www.youtube.com\/watch?v=x_hX95ydwaA<\/a>\r\n<a href=\"https:\/\/www.youtube.com\/channel\/UCGp7dREMlXGDPDUzEqkdhNA\" target=\"_blank\" rel=\"noopener\">https:\/\/www.youtube.com\/channel\/UCGp7dREMlXGDPDUzEqkdhNA<\/a>\r\n<a href=\"https:\/\/www.youtube.com\/watch?v=qC7pD7qCv5I\" target=\"_blank\" rel=\"noopener\">https:\/\/www.youtube.com\/watch?v=qC7pD7qCv5I<\/a><\/pre>\n<p style=\"text-align: right;\">Jaime Castillo: 646167019 \/ <a href=\"mailto:jaimecastillo.musicaviva@gmail.com\" target=\"_blank\" rel=\"noopener\">jaimecastillo.musicaviva@gmail.com<\/a><\/p>\n","protected":false},"excerpt":{"rendered":"<p style=\"text-align: center;\">Jaime Castillo: Voz y Guitarra<\/p>\n","protected":false},"featured_media":2240,"template":"","meta":{"_et_pb_use_builder":"","_et_pb_old_content":"","_et_gb_content_width":""},"product_cat":[145,190,115,44,110,137],"product_tag":[101],"yoast_head":"<!-- This site is optimized with the Yoast SEO Premium plugin v15.7 - https:\/\/yoast.com\/wordpress\/plugins\/seo\/ -->\n<title>Jaime Castillo M\u00fasica Viva - ProM\u00fasics Mallorca<\/title>\n<meta name=\"robots\" content=\"index, follow, max-snippet:-1, max-image-preview:large, max-video-preview:-1\" \/>\n<link rel=\"canonical\" href=\"https:\/\/www.promusicsmallorca.org\/es\/catalogo-promusics\/jaime-castillo\/\" \/>\n<meta property=\"og:locale\" content=\"es_ES\" \/>\n<meta property=\"og:type\" content=\"article\" \/>\n<meta property=\"og:title\" content=\"Jaime Castillo M\u00fasica Viva - ProM\u00fasics Mallorca\" \/>\n<meta property=\"og:description\" content=\"Jaime Castillo: Voz y Guitarra\" \/>\n<meta property=\"og:url\" content=\"https:\/\/www.promusicsmallorca.org\/es\/catalogo-promusics\/jaime-castillo\/\" \/>\n<meta property=\"og:site_name\" content=\"ProM\u00fasics Mallorca\" \/>\n<meta property=\"article:publisher\" content=\"https:\/\/www.facebook.com\/promusicsmallorca\" \/>\n<meta property=\"article:modified_time\" content=\"2022-05-03T16:47:54+00:00\" \/>\n<meta property=\"og:image\" content=\"https:\/\/i0.wp.com\/www.promusicsmallorca.org\/wp-content\/uploads\/2021\/02\/Foto5-e1612979737529.jpg?fit=167%2C250&#038;ssl=1\" \/>\n\t<meta property=\"og:image:width\" content=\"167\" \/>\n\t<meta property=\"og:image:height\" content=\"250\" \/>\n<meta name=\"twitter:card\" content=\"summary_large_image\" \/>\n<script type=\"application\/ld+json\" class=\"yoast-schema-graph\">{\"@context\":\"https:\/\/schema.org\",\"@graph\":[{\"@type\":\"Organization\",\"@id\":\"https:\/\/www.promusicsmallorca.org\/#organization\",\"name\":\"ProM\\u00fasics Mallorca\",\"url\":\"https:\/\/www.promusicsmallorca.org\/\",\"sameAs\":[\"https:\/\/www.facebook.com\/promusicsmallorca\",\"https:\/\/www.instagram.com\/promusicsmallorca\/\",\"https:\/\/www.youtube.com\/channel\/UCWwttYA4JPovS2RZiGlHgpA\"],\"logo\":{\"@type\":\"ImageObject\",\"@id\":\"https:\/\/www.promusicsmallorca.org\/#logo\",\"inLanguage\":\"es\",\"url\":\"https:\/\/i0.wp.com\/www.promusicsmallorca.org\/wp-content\/uploads\/2021\/02\/image0.png?fit=10224%2C7725&ssl=1\",\"width\":10224,\"height\":7725,\"caption\":\"ProM\\u00fasics Mallorca\"},\"image\":{\"@id\":\"https:\/\/www.promusicsmallorca.org\/#logo\"}},{\"@type\":\"WebSite\",\"@id\":\"https:\/\/www.promusicsmallorca.org\/#website\",\"url\":\"https:\/\/www.promusicsmallorca.org\/\",\"name\":\"ProM\\u00fasics Mallorca\",\"description\":\"Associaci\\u00f3 de Professionals de la M\\u00fasica de Mallorca\",\"publisher\":{\"@id\":\"https:\/\/www.promusicsmallorca.org\/#organization\"},\"potentialAction\":[{\"@type\":\"SearchAction\",\"target\":\"https:\/\/www.promusicsmallorca.org\/?s={search_term_string}\",\"query-input\":\"required name=search_term_string\"}],\"inLanguage\":\"es\"},{\"@type\":\"ImageObject\",\"@id\":\"https:\/\/www.promusicsmallorca.org\/es\/catalogo-promusics\/jaime-castillo\/#primaryimage\",\"inLanguage\":\"es\",\"url\":\"https:\/\/i0.wp.com\/www.promusicsmallorca.org\/wp-content\/uploads\/2021\/02\/Foto5-e1612979737529.jpg?fit=167%2C250&ssl=1\",\"width\":167,\"height\":250},{\"@type\":\"WebPage\",\"@id\":\"https:\/\/www.promusicsmallorca.org\/es\/catalogo-promusics\/jaime-castillo\/#webpage\",\"url\":\"https:\/\/www.promusicsmallorca.org\/es\/catalogo-promusics\/jaime-castillo\/\",\"name\":\"Jaime Castillo M\\u00fasica Viva - ProM\\u00fasics Mallorca\",\"isPartOf\":{\"@id\":\"https:\/\/www.promusicsmallorca.org\/#website\"},\"primaryImageOfPage\":{\"@id\":\"https:\/\/www.promusicsmallorca.org\/es\/catalogo-promusics\/jaime-castillo\/#primaryimage\"},\"datePublished\":\"2021-02-10T17:56:14+00:00\",\"dateModified\":\"2022-05-03T16:47:54+00:00\",\"inLanguage\":\"es\",\"potentialAction\":[{\"@type\":\"ReadAction\",\"target\":[\"https:\/\/www.promusicsmallorca.org\/es\/catalogo-promusics\/jaime-castillo\/\"]}]}]}<\/script>\n<!-- \/ Yoast SEO Premium plugin. -->","jetpack_sharing_enabled":true,"_links":{"self":[{"href":"https:\/\/www.promusicsmallorca.org\/es\/wp-json\/wp\/v2\/product\/2237"}],"collection":[{"href":"https:\/\/www.promusicsmallorca.org\/es\/wp-json\/wp\/v2\/product"}],"about":[{"href":"https:\/\/www.promusicsmallorca.org\/es\/wp-json\/wp\/v2\/types\/product"}],"wp:featuredmedia":[{"embeddable":true,"href":"https:\/\/www.promusicsmallorca.org\/es\/wp-json\/wp\/v2\/media\/2240"}],"wp:attachment":[{"href":"https:\/\/www.promusicsmallorca.org\/es\/wp-json\/wp\/v2\/media?parent=2237"}],"wp:term":[{"taxonomy":"product_cat","embeddable":true,"href":"https:\/\/www.promusicsmallorca.org\/es\/wp-json\/wp\/v2\/product_cat?post=2237"},{"taxonomy":"product_tag","embeddable":true,"href":"https:\/\/www.promusicsmallorca.org\/es\/wp-json\/wp\/v2\/product_tag?post=2237"}],"curies":[{"name":"wp","href":"https:\/\/api.w.org\/{rel}","templated":true}]}}

Jaime Castillo Música Viva

<p>Tres décadas por Europa en escenarios diversos. Voz-Guitarra y buena programación latina. Sonido competente. Cuenta con Autocaravana para traslados.</p>
<pre style="text-align: center;"><a href="https://www.youtube.com/watch?v=x_hX95ydwaA" target="_blank" rel="noopener">https://www.youtube.com/watch?v=x_hX95ydwaA</a>
<a href="https://www.youtube.com/channel/UCGp7dREMlXGDPDUzEqkdhNA" target="_blank" rel="noopener">https://www.youtube.com/channel/UCGp7dREMlXGDPDUzEqkdhNA</a>
<a href="https://www.youtube.com/watch?v=qC7pD7qCv5I" target="_blank" rel="noopener">https://www.youtube.com/watch?v=qC7pD7qCv5I</a></pre>
<p style="text-align: right;">Jaime Castillo: 646167019 / <a href="mailto:jaimecastillo.musicaviva@gmail.com" target="_blank" rel="noopener">jaimecastillo.musicaviva@gmail.com</a></p>

<!-- This site is optimized with the Yoast SEO Premium plugin v15.7 - https://yoast.com/wordpress/plugins/seo/ -->
<title>Jaime Castillo Música Viva - ProMúsics Mallorca</title>
<meta name="robots" content="index, follow, max-snippet:-1, max-image-preview:large, max-video-preview:-1" />
<link rel="canonical" href="https://www.promusicsmallorca.org/es/catalogo-promusics/jaime-castillo/" />
<meta property="og:locale" content="es_ES" />
<meta property="og:type" content="article" />
<meta property="og:title" content="Jaime Castillo Música Viva - ProMúsics Mallorca" />
<meta property="og:description" content="Jaime Castillo: Voz y Guitarra" />
<meta property="og:url" content="https://www.promusicsmallorca.org/es/catalogo-promusics/jaime-castillo/" />
<meta property="og:site_name" content="ProMúsics Mallorca" />
<meta property="article:publisher" content="https://www.facebook.com/promusicsmallorca" />
<meta property="article:modified_time" content="2022-05-03T16:47:54+00:00" />
<meta property="og:image" content="https://i0.wp.com/www.promusicsmallorca.org/wp-content/uploads/2021/02/Foto5-e1612979737529.jpg?fit=167%2C250&#038;ssl=1" />
	<meta property="og:image:width" content="167" />
	<meta property="og:image:height" content="250" />
<meta name="twitter:card" content="summary_large_image" />
<script type="application/ld+json" class="yoast-schema-graph">{"@context":"https://schema.org","@graph":[{"@type":"Organization","@id":"https://www.promusicsmallorca.org/#organization","name":"ProM\u00fasics Mallorca","url":"https://www.promusicsmallorca.org/","sameAs":["https://www.facebook.com/promusicsmallorca","https://www.instagram.com/promusicsmallorca/","https://www.youtube.com/channel/UCWwttYA4JPovS2RZiGlHgpA"],"logo":{"@type":"ImageObject","@id":"https://www.promusicsmallorca.org/#logo","inLanguage":"es","url":"https://i0.wp.com/www.promusicsmallorca.org/wp-content/uploads/2021/02/image0.png?fit=10224%2C7725&ssl=1","width":10224,"height":7725,"caption":"ProM\u00fasics Mallorca"},"image":{"@id":"https://www.promusicsmallorca.org/#logo"}},{"@type":"WebSite","@id":"https://www.promusicsmallorca.org/#website","url":"https://www.promusicsmallorca.org/","name":"ProM\u00fasics Mallorca","description":"Associaci\u00f3 de Professionals de la M\u00fasica de Mallorca","publisher":{"@id":"https://www.promusicsmallorca.org/#organization"},"potentialAction":[{"@type":"SearchAction","target":"https://www.promusicsmallorca.org/?s={search_term_string}","query-input":"required name=search_term_string"}],"inLanguage":"es"},{"@type":"ImageObject","@id":"https://www.promusicsmallorca.org/es/catalogo-promusics/jaime-castillo/#primaryimage","inLanguage":"es","url":"https://i0.wp.com/www.promusicsmallorca.org/wp-content/uploads/2021/02/Foto5-e1612979737529.jpg?fit=167%2C250&ssl=1","width":167,"height":250},{"@type":"WebPage","@id":"https://www.promusicsmallorca.org/es/catalogo-promusics/jaime-castillo/#webpage","url":"https://www.promusicsmallorca.org/es/catalogo-promusics/jaime-castillo/","name":"Jaime Castillo M\u00fasica Viva - ProM\u00fasics Mallorca","isPartOf":{"@id":"https://www.promusicsmallorca.org/#website"},"primaryImageOfPage":{"@id":"https://www.promusicsmallorca.org/es/catalogo-promusics/jaime-castillo/#primaryimage"},"datePublished":"2021-02-10T17:56:14+00:00","dateModified":"2022-05-03T16:47:54+00:00","inLanguage":"es","potentialAction":[{"@type":"ReadAction","target":["https://www.promusicsmallorca.org/es/catalogo-promusics/jaime-castillo/"]}]}]}</script>
<!-- / Yoast SEO Premium plugin. -->
