{"id":2233,"date":"2021-02-10T17:41:34","date_gmt":"2021-02-10T17:41:34","guid":{"rendered":"https:\/\/www.promusicsmallorca.org\/?post_type=product&#038;p=2233"},"modified":"2022-05-03T16:47:24","modified_gmt":"2022-05-03T16:47:24","slug":"cool-vibes","status":"publish","type":"product","link":"https:\/\/www.promusicsmallorca.org\/es\/catalogo-promusics\/cool-vibes\/","title":{"rendered":"Cool Vibes"},"content":{"rendered":"<p>D\u00fao de reciente formaci\u00f3n y amplio repertorio, ideal tanto para amenizaciones tranquilas como para fiestas y animaci\u00f3n. M\u00fasica en castellano y en ingl\u00e9s. Ella Fitzgerald, Stevie Wonder, Elvis Presley, Sinatra, Kylie Minogue, Michael Jackson, Jarabe de Palo, Sabina, Melendi, Sting, Amy Winehouse, David Guetta, Tom Jobim, Alicia Keys, Moloko, Shania Twain, Katie Perry o Rihanna son algunos de los artistas que forman la banda sonora de nuestras actuaciones.<\/p>\n<pre style=\"text-align: center;\"><a href=\"https:\/\/www.youtube.com\/watch?v=9N_ska3F-lM\" target=\"_blank\" rel=\"noopener\">https:\/\/www.youtube.com\/watch?v=9N_ska3F-lM<\/a><\/pre>\n<p style=\"text-align: right;\">Jes\u00fas Iglesias: 637626120 \/ <a href=\"mailto:Jeis77@hotmail.com\" target=\"_blank\" rel=\"noopener\">Jeis77@hotmail.com<\/a><\/p>\n","protected":false},"excerpt":{"rendered":"<p style=\"text-align: center;\">Jes\u00fas Iglesias Sotelo &#8211; Bajo y voz<br \/>\nKaren Peric\u00e1s &#8211; Voz<\/p>\n","protected":false},"featured_media":2234,"template":"","meta":{"_et_pb_use_builder":"","_et_pb_old_content":"","_et_gb_content_width":""},"product_cat":[143,96,44,84],"product_tag":[91],"yoast_head":"<!-- This site is optimized with the Yoast SEO Premium plugin v15.7 - https:\/\/yoast.com\/wordpress\/plugins\/seo\/ -->\n<title>Cool Vibes - ProM\u00fasics Mallorca<\/title>\n<meta name=\"robots\" content=\"index, follow, max-snippet:-1, max-image-preview:large, max-video-preview:-1\" \/>\n<link rel=\"canonical\" href=\"https:\/\/www.promusicsmallorca.org\/es\/catalogo-promusics\/cool-vibes\/\" \/>\n<meta property=\"og:locale\" content=\"es_ES\" \/>\n<meta property=\"og:type\" content=\"article\" \/>\n<meta property=\"og:title\" content=\"Cool Vibes - ProM\u00fasics Mallorca\" \/>\n<meta property=\"og:description\" content=\"Jes\u00fas Iglesias Sotelo - Bajo y voz Karen Peric\u00e1s - Voz\" \/>\n<meta property=\"og:url\" content=\"https:\/\/www.promusicsmallorca.org\/es\/catalogo-promusics\/cool-vibes\/\" \/>\n<meta property=\"og:site_name\" content=\"ProM\u00fasics Mallorca\" \/>\n<meta property=\"article:publisher\" content=\"https:\/\/www.facebook.com\/promusicsmallorca\" \/>\n<meta property=\"article:modified_time\" content=\"2022-05-03T16:47:24+00:00\" \/>\n<meta property=\"og:image\" content=\"https:\/\/i0.wp.com\/www.promusicsmallorca.org\/wp-content\/uploads\/2021\/02\/Parapromusics-scaled-e1612978862893.jpg?fit=374%2C250&#038;ssl=1\" \/>\n\t<meta property=\"og:image:width\" content=\"374\" \/>\n\t<meta property=\"og:image:height\" content=\"250\" \/>\n<meta name=\"twitter:card\" content=\"summary_large_image\" \/>\n<script type=\"application\/ld+json\" class=\"yoast-schema-graph\">{\"@context\":\"https:\/\/schema.org\",\"@graph\":[{\"@type\":\"Organization\",\"@id\":\"https:\/\/www.promusicsmallorca.org\/#organization\",\"name\":\"ProM\\u00fasics Mallorca\",\"url\":\"https:\/\/www.promusicsmallorca.org\/\",\"sameAs\":[\"https:\/\/www.facebook.com\/promusicsmallorca\",\"https:\/\/www.instagram.com\/promusicsmallorca\/\",\"https:\/\/www.youtube.com\/channel\/UCWwttYA4JPovS2RZiGlHgpA\"],\"logo\":{\"@type\":\"ImageObject\",\"@id\":\"https:\/\/www.promusicsmallorca.org\/#logo\",\"inLanguage\":\"es\",\"url\":\"https:\/\/i0.wp.com\/www.promusicsmallorca.org\/wp-content\/uploads\/2021\/02\/image0.png?fit=10224%2C7725&ssl=1\",\"width\":10224,\"height\":7725,\"caption\":\"ProM\\u00fasics Mallorca\"},\"image\":{\"@id\":\"https:\/\/www.promusicsmallorca.org\/#logo\"}},{\"@type\":\"WebSite\",\"@id\":\"https:\/\/www.promusicsmallorca.org\/#website\",\"url\":\"https:\/\/www.promusicsmallorca.org\/\",\"name\":\"ProM\\u00fasics Mallorca\",\"description\":\"Associaci\\u00f3 de Professionals de la M\\u00fasica de Mallorca\",\"publisher\":{\"@id\":\"https:\/\/www.promusicsmallorca.org\/#organization\"},\"potentialAction\":[{\"@type\":\"SearchAction\",\"target\":\"https:\/\/www.promusicsmallorca.org\/?s={search_term_string}\",\"query-input\":\"required name=search_term_string\"}],\"inLanguage\":\"es\"},{\"@type\":\"ImageObject\",\"@id\":\"https:\/\/www.promusicsmallorca.org\/es\/catalogo-promusics\/cool-vibes\/#primaryimage\",\"inLanguage\":\"es\",\"url\":\"https:\/\/i0.wp.com\/www.promusicsmallorca.org\/wp-content\/uploads\/2021\/02\/Parapromusics-scaled-e1612978862893.jpg?fit=374%2C250&ssl=1\",\"width\":374,\"height\":250},{\"@type\":\"WebPage\",\"@id\":\"https:\/\/www.promusicsmallorca.org\/es\/catalogo-promusics\/cool-vibes\/#webpage\",\"url\":\"https:\/\/www.promusicsmallorca.org\/es\/catalogo-promusics\/cool-vibes\/\",\"name\":\"Cool Vibes - ProM\\u00fasics Mallorca\",\"isPartOf\":{\"@id\":\"https:\/\/www.promusicsmallorca.org\/#website\"},\"primaryImageOfPage\":{\"@id\":\"https:\/\/www.promusicsmallorca.org\/es\/catalogo-promusics\/cool-vibes\/#primaryimage\"},\"datePublished\":\"2021-02-10T17:41:34+00:00\",\"dateModified\":\"2022-05-03T16:47:24+00:00\",\"inLanguage\":\"es\",\"potentialAction\":[{\"@type\":\"ReadAction\",\"target\":[\"https:\/\/www.promusicsmallorca.org\/es\/catalogo-promusics\/cool-vibes\/\"]}]}]}<\/script>\n<!-- \/ Yoast SEO Premium plugin. -->","jetpack_sharing_enabled":true,"_links":{"self":[{"href":"https:\/\/www.promusicsmallorca.org\/es\/wp-json\/wp\/v2\/product\/2233"}],"collection":[{"href":"https:\/\/www.promusicsmallorca.org\/es\/wp-json\/wp\/v2\/product"}],"about":[{"href":"https:\/\/www.promusicsmallorca.org\/es\/wp-json\/wp\/v2\/types\/product"}],"wp:featuredmedia":[{"embeddable":true,"href":"https:\/\/www.promusicsmallorca.org\/es\/wp-json\/wp\/v2\/media\/2234"}],"wp:attachment":[{"href":"https:\/\/www.promusicsmallorca.org\/es\/wp-json\/wp\/v2\/media?parent=2233"}],"wp:term":[{"taxonomy":"product_cat","embeddable":true,"href":"https:\/\/www.promusicsmallorca.org\/es\/wp-json\/wp\/v2\/product_cat?post=2233"},{"taxonomy":"product_tag","embeddable":true,"href":"https:\/\/www.promusicsmallorca.org\/es\/wp-json\/wp\/v2\/product_tag?post=2233"}],"curies":[{"name":"wp","href":"https:\/\/api.w.org\/{rel}","templated":true}]}}

<p>Dúo de reciente formación y amplio repertorio, ideal tanto para amenizaciones tranquilas como para fiestas y animación. Música en castellano y en inglés. Ella Fitzgerald, Stevie Wonder, Elvis Presley, Sinatra, Kylie Minogue, Michael Jackson, Jarabe de Palo, Sabina, Melendi, Sting, Amy Winehouse, David Guetta, Tom Jobim, Alicia Keys, Moloko, Shania Twain, Katie Perry o Rihanna son algunos de los artistas que forman la banda sonora de nuestras actuaciones.</p>
<pre style="text-align: center;"><a href="https://www.youtube.com/watch?v=9N_ska3F-lM" target="_blank" rel="noopener">https://www.youtube.com/watch?v=9N_ska3F-lM</a></pre>
<p style="text-align: right;">Jesús Iglesias: 637626120 / <a href="mailto:Jeis77@hotmail.com" target="_blank" rel="noopener">Jeis77@hotmail.com</a></p>

<p style="text-align: center;">Jesús Iglesias Sotelo &#8211; Bajo y voz<br />
Karen Pericás &#8211; Voz</p>

<!-- This site is optimized with the Yoast SEO Premium plugin v15.7 - https://yoast.com/wordpress/plugins/seo/ -->
<title>Cool Vibes - ProMúsics Mallorca</title>
<meta name="robots" content="index, follow, max-snippet:-1, max-image-preview:large, max-video-preview:-1" />
<link rel="canonical" href="https://www.promusicsmallorca.org/es/catalogo-promusics/cool-vibes/" />
<meta property="og:locale" content="es_ES" />
<meta property="og:type" content="article" />
<meta property="og:title" content="Cool Vibes - ProMúsics Mallorca" />
<meta property="og:description" content="Jesús Iglesias Sotelo - Bajo y voz Karen Pericás - Voz" />
<meta property="og:url" content="https://www.promusicsmallorca.org/es/catalogo-promusics/cool-vibes/" />
<meta property="og:site_name" content="ProMúsics Mallorca" />
<meta property="article:publisher" content="https://www.facebook.com/promusicsmallorca" />
<meta property="article:modified_time" content="2022-05-03T16:47:24+00:00" />
<meta property="og:image" content="https://i0.wp.com/www.promusicsmallorca.org/wp-content/uploads/2021/02/Parapromusics-scaled-e1612978862893.jpg?fit=374%2C250&#038;ssl=1" />
	<meta property="og:image:width" content="374" />
	<meta property="og:image:height" content="250" />
<meta name="twitter:card" content="summary_large_image" />
<script type="application/ld+json" class="yoast-schema-graph">{"@context":"https://schema.org","@graph":[{"@type":"Organization","@id":"https://www.promusicsmallorca.org/#organization","name":"ProM\u00fasics Mallorca","url":"https://www.promusicsmallorca.org/","sameAs":["https://www.facebook.com/promusicsmallorca","https://www.instagram.com/promusicsmallorca/","https://www.youtube.com/channel/UCWwttYA4JPovS2RZiGlHgpA"],"logo":{"@type":"ImageObject","@id":"https://www.promusicsmallorca.org/#logo","inLanguage":"es","url":"https://i0.wp.com/www.promusicsmallorca.org/wp-content/uploads/2021/02/image0.png?fit=10224%2C7725&ssl=1","width":10224,"height":7725,"caption":"ProM\u00fasics Mallorca"},"image":{"@id":"https://www.promusicsmallorca.org/#logo"}},{"@type":"WebSite","@id":"https://www.promusicsmallorca.org/#website","url":"https://www.promusicsmallorca.org/","name":"ProM\u00fasics Mallorca","description":"Associaci\u00f3 de Professionals de la M\u00fasica de Mallorca","publisher":{"@id":"https://www.promusicsmallorca.org/#organization"},"potentialAction":[{"@type":"SearchAction","target":"https://www.promusicsmallorca.org/?s={search_term_string}","query-input":"required name=search_term_string"}],"inLanguage":"es"},{"@type":"ImageObject","@id":"https://www.promusicsmallorca.org/es/catalogo-promusics/cool-vibes/#primaryimage","inLanguage":"es","url":"https://i0.wp.com/www.promusicsmallorca.org/wp-content/uploads/2021/02/Parapromusics-scaled-e1612978862893.jpg?fit=374%2C250&ssl=1","width":374,"height":250},{"@type":"WebPage","@id":"https://www.promusicsmallorca.org/es/catalogo-promusics/cool-vibes/#webpage","url":"https://www.promusicsmallorca.org/es/catalogo-promusics/cool-vibes/","name":"Cool Vibes - ProM\u00fasics Mallorca","isPartOf":{"@id":"https://www.promusicsmallorca.org/#website"},"primaryImageOfPage":{"@id":"https://www.promusicsmallorca.org/es/catalogo-promusics/cool-vibes/#primaryimage"},"datePublished":"2021-02-10T17:41:34+00:00","dateModified":"2022-05-03T16:47:24+00:00","inLanguage":"es","potentialAction":[{"@type":"ReadAction","target":["https://www.promusicsmallorca.org/es/catalogo-promusics/cool-vibes/"]}]}]}</script>
<!-- / Yoast SEO Premium plugin. -->
