{"id":2220,"date":"2021-02-08T11:10:49","date_gmt":"2021-02-08T11:10:49","guid":{"rendered":"https:\/\/www.promusicsmallorca.org\/?post_type=product&#038;p=2220"},"modified":"2022-03-20T15:00:11","modified_gmt":"2022-03-20T15:00:11","slug":"toni-rissos-soler","status":"publish","type":"product","link":"https:\/\/www.promusicsmallorca.org\/es\/catalogo-promusics\/toni-rissos-soler\/","title":{"rendered":"Toni Rissos Soler"},"content":{"rendered":"<p>Canciones de autor inspiradas en la cultura mallorquina como base de su desarrollo. Tras una d\u00e9cada tocando en locales, fiestas privadas y patronales o colaboraciones en diversas iniciativas culturales como Lip dub\u2019s en Sineu y Ariany entre otras muchas, y, acompa\u00f1ado por infinidad de amigos m\u00fasicos, con los que ha ido creciendo profesionalmente como compositor. Nos presenta un repertorio personal y con car\u00e1cter isle\u00f1o por los cuatro costados. Posibilidad de contrataci\u00f3n en solitario o hasta 5 componentes.<\/p>\n<pre style=\"text-align: center;\"><a href=\"https:\/\/youtu.be\/1gx0C8l6ZRs\" target=\"_blank\" rel=\"noopener\">https:\/\/youtu.be\/1gx0C8l6ZRs<\/a>\r\n<a href=\"https:\/\/youtu.be\/vd0WVu9WBrc\" target=\"_blank\" rel=\"noopener\">https:\/\/youtu.be\/vd0WVu9WBrc<\/a><\/pre>\n<p style=\"text-align: right;\">Toni Soler: 627 409 604 \/ <a href=\"mailto:tonicanostra@gmail.com\" target=\"_blank\" rel=\"noopener\">tonicanostra@gmail.com<\/a><\/p>\n","protected":false},"excerpt":{"rendered":"<p>Toni Soler, Guitarra y Voz<\/p>\n","protected":false},"featured_media":2221,"template":"","meta":{"_et_pb_use_builder":"","_et_pb_old_content":"","_et_gb_content_width":""},"product_cat":[75,65],"product_tag":[101],"yoast_head":"<!-- This site is optimized with the Yoast SEO Premium plugin v15.7 - https:\/\/yoast.com\/wordpress\/plugins\/seo\/ -->\n<title>Toni Rissos Soler - ProM\u00fasics Mallorca<\/title>\n<meta name=\"robots\" content=\"index, follow, max-snippet:-1, max-image-preview:large, max-video-preview:-1\" \/>\n<link rel=\"canonical\" href=\"https:\/\/www.promusicsmallorca.org\/es\/catalogo-promusics\/toni-rissos-soler\/\" \/>\n<meta property=\"og:locale\" content=\"es_ES\" \/>\n<meta property=\"og:type\" content=\"article\" \/>\n<meta property=\"og:title\" content=\"Toni Rissos Soler - ProM\u00fasics Mallorca\" \/>\n<meta property=\"og:description\" content=\"Toni Soler, Guitarra y Voz\" \/>\n<meta property=\"og:url\" content=\"https:\/\/www.promusicsmallorca.org\/es\/catalogo-promusics\/toni-rissos-soler\/\" \/>\n<meta property=\"og:site_name\" content=\"ProM\u00fasics Mallorca\" \/>\n<meta property=\"article:publisher\" content=\"https:\/\/www.facebook.com\/promusicsmallorca\" \/>\n<meta property=\"article:modified_time\" content=\"2022-03-20T15:00:11+00:00\" \/>\n<meta property=\"og:image\" content=\"https:\/\/i0.wp.com\/www.promusicsmallorca.org\/wp-content\/uploads\/2021\/02\/PosterToniRissos-scaled-e1612782636905.jpg?fit=177%2C250&#038;ssl=1\" \/>\n\t<meta property=\"og:image:width\" content=\"177\" \/>\n\t<meta property=\"og:image:height\" content=\"250\" \/>\n<meta name=\"twitter:card\" content=\"summary_large_image\" \/>\n<meta name=\"twitter:label1\" content=\"Tiempo de lectura\">\n\t<meta name=\"twitter:data1\" content=\"1 minuto\">\n<script type=\"application\/ld+json\" class=\"yoast-schema-graph\">{\"@context\":\"https:\/\/schema.org\",\"@graph\":[{\"@type\":\"Organization\",\"@id\":\"https:\/\/www.promusicsmallorca.org\/#organization\",\"name\":\"ProM\\u00fasics Mallorca\",\"url\":\"https:\/\/www.promusicsmallorca.org\/\",\"sameAs\":[\"https:\/\/www.facebook.com\/promusicsmallorca\",\"https:\/\/www.instagram.com\/promusicsmallorca\/\",\"https:\/\/www.youtube.com\/channel\/UCWwttYA4JPovS2RZiGlHgpA\"],\"logo\":{\"@type\":\"ImageObject\",\"@id\":\"https:\/\/www.promusicsmallorca.org\/#logo\",\"inLanguage\":\"es\",\"url\":\"https:\/\/i0.wp.com\/www.promusicsmallorca.org\/wp-content\/uploads\/2021\/02\/image0.png?fit=10224%2C7725&ssl=1\",\"width\":10224,\"height\":7725,\"caption\":\"ProM\\u00fasics Mallorca\"},\"image\":{\"@id\":\"https:\/\/www.promusicsmallorca.org\/#logo\"}},{\"@type\":\"WebSite\",\"@id\":\"https:\/\/www.promusicsmallorca.org\/#website\",\"url\":\"https:\/\/www.promusicsmallorca.org\/\",\"name\":\"ProM\\u00fasics Mallorca\",\"description\":\"Associaci\\u00f3 de Professionals de la M\\u00fasica de Mallorca\",\"publisher\":{\"@id\":\"https:\/\/www.promusicsmallorca.org\/#organization\"},\"potentialAction\":[{\"@type\":\"SearchAction\",\"target\":\"https:\/\/www.promusicsmallorca.org\/?s={search_term_string}\",\"query-input\":\"required name=search_term_string\"}],\"inLanguage\":\"es\"},{\"@type\":\"ImageObject\",\"@id\":\"https:\/\/www.promusicsmallorca.org\/es\/catalogo-promusics\/toni-rissos-soler\/#primaryimage\",\"inLanguage\":\"es\",\"url\":\"https:\/\/i0.wp.com\/www.promusicsmallorca.org\/wp-content\/uploads\/2021\/02\/PosterToniRissos-scaled-e1612782636905.jpg?fit=177%2C250&ssl=1\",\"width\":177,\"height\":250},{\"@type\":\"WebPage\",\"@id\":\"https:\/\/www.promusicsmallorca.org\/es\/catalogo-promusics\/toni-rissos-soler\/#webpage\",\"url\":\"https:\/\/www.promusicsmallorca.org\/es\/catalogo-promusics\/toni-rissos-soler\/\",\"name\":\"Toni Rissos Soler - ProM\\u00fasics Mallorca\",\"isPartOf\":{\"@id\":\"https:\/\/www.promusicsmallorca.org\/#website\"},\"primaryImageOfPage\":{\"@id\":\"https:\/\/www.promusicsmallorca.org\/es\/catalogo-promusics\/toni-rissos-soler\/#primaryimage\"},\"datePublished\":\"2021-02-08T11:10:49+00:00\",\"dateModified\":\"2022-03-20T15:00:11+00:00\",\"inLanguage\":\"es\",\"potentialAction\":[{\"@type\":\"ReadAction\",\"target\":[\"https:\/\/www.promusicsmallorca.org\/es\/catalogo-promusics\/toni-rissos-soler\/\"]}]}]}<\/script>\n<!-- \/ Yoast SEO Premium plugin. -->","jetpack_sharing_enabled":true,"_links":{"self":[{"href":"https:\/\/www.promusicsmallorca.org\/es\/wp-json\/wp\/v2\/product\/2220"}],"collection":[{"href":"https:\/\/www.promusicsmallorca.org\/es\/wp-json\/wp\/v2\/product"}],"about":[{"href":"https:\/\/www.promusicsmallorca.org\/es\/wp-json\/wp\/v2\/types\/product"}],"wp:featuredmedia":[{"embeddable":true,"href":"https:\/\/www.promusicsmallorca.org\/es\/wp-json\/wp\/v2\/media\/2221"}],"wp:attachment":[{"href":"https:\/\/www.promusicsmallorca.org\/es\/wp-json\/wp\/v2\/media?parent=2220"}],"wp:term":[{"taxonomy":"product_cat","embeddable":true,"href":"https:\/\/www.promusicsmallorca.org\/es\/wp-json\/wp\/v2\/product_cat?post=2220"},{"taxonomy":"product_tag","embeddable":true,"href":"https:\/\/www.promusicsmallorca.org\/es\/wp-json\/wp\/v2\/product_tag?post=2220"}],"curies":[{"name":"wp","href":"https:\/\/api.w.org\/{rel}","templated":true}]}}

<p>Canciones de autor inspiradas en la cultura mallorquina como base de su desarrollo. Tras una década tocando en locales, fiestas privadas y patronales o colaboraciones en diversas iniciativas culturales como Lip dub’s en Sineu y Ariany entre otras muchas, y, acompañado por infinidad de amigos músicos, con los que ha ido creciendo profesionalmente como compositor. Nos presenta un repertorio personal y con carácter isleño por los cuatro costados. Posibilidad de contratación en solitario o hasta 5 componentes.</p>
<pre style="text-align: center;"><a href="https://youtu.be/1gx0C8l6ZRs" target="_blank" rel="noopener">https://youtu.be/1gx0C8l6ZRs</a>
<a href="https://youtu.be/vd0WVu9WBrc" target="_blank" rel="noopener">https://youtu.be/vd0WVu9WBrc</a></pre>
<p style="text-align: right;">Toni Soler: 627 409 604 / <a href="mailto:tonicanostra@gmail.com" target="_blank" rel="noopener">tonicanostra@gmail.com</a></p>

<!-- This site is optimized with the Yoast SEO Premium plugin v15.7 - https://yoast.com/wordpress/plugins/seo/ -->
<title>Toni Rissos Soler - ProMúsics Mallorca</title>
<meta name="robots" content="index, follow, max-snippet:-1, max-image-preview:large, max-video-preview:-1" />
<link rel="canonical" href="https://www.promusicsmallorca.org/es/catalogo-promusics/toni-rissos-soler/" />
<meta property="og:locale" content="es_ES" />
<meta property="og:type" content="article" />
<meta property="og:title" content="Toni Rissos Soler - ProMúsics Mallorca" />
<meta property="og:description" content="Toni Soler, Guitarra y Voz" />
<meta property="og:url" content="https://www.promusicsmallorca.org/es/catalogo-promusics/toni-rissos-soler/" />
<meta property="og:site_name" content="ProMúsics Mallorca" />
<meta property="article:publisher" content="https://www.facebook.com/promusicsmallorca" />
<meta property="article:modified_time" content="2022-03-20T15:00:11+00:00" />
<meta property="og:image" content="https://i0.wp.com/www.promusicsmallorca.org/wp-content/uploads/2021/02/PosterToniRissos-scaled-e1612782636905.jpg?fit=177%2C250&#038;ssl=1" />
	<meta property="og:image:width" content="177" />
	<meta property="og:image:height" content="250" />
<meta name="twitter:card" content="summary_large_image" />
<meta name="twitter:label1" content="Tiempo de lectura">
	<meta name="twitter:data1" content="1 minuto">
<script type="application/ld+json" class="yoast-schema-graph">{"@context":"https://schema.org","@graph":[{"@type":"Organization","@id":"https://www.promusicsmallorca.org/#organization","name":"ProM\u00fasics Mallorca","url":"https://www.promusicsmallorca.org/","sameAs":["https://www.facebook.com/promusicsmallorca","https://www.instagram.com/promusicsmallorca/","https://www.youtube.com/channel/UCWwttYA4JPovS2RZiGlHgpA"],"logo":{"@type":"ImageObject","@id":"https://www.promusicsmallorca.org/#logo","inLanguage":"es","url":"https://i0.wp.com/www.promusicsmallorca.org/wp-content/uploads/2021/02/image0.png?fit=10224%2C7725&ssl=1","width":10224,"height":7725,"caption":"ProM\u00fasics Mallorca"},"image":{"@id":"https://www.promusicsmallorca.org/#logo"}},{"@type":"WebSite","@id":"https://www.promusicsmallorca.org/#website","url":"https://www.promusicsmallorca.org/","name":"ProM\u00fasics Mallorca","description":"Associaci\u00f3 de Professionals de la M\u00fasica de Mallorca","publisher":{"@id":"https://www.promusicsmallorca.org/#organization"},"potentialAction":[{"@type":"SearchAction","target":"https://www.promusicsmallorca.org/?s={search_term_string}","query-input":"required name=search_term_string"}],"inLanguage":"es"},{"@type":"ImageObject","@id":"https://www.promusicsmallorca.org/es/catalogo-promusics/toni-rissos-soler/#primaryimage","inLanguage":"es","url":"https://i0.wp.com/www.promusicsmallorca.org/wp-content/uploads/2021/02/PosterToniRissos-scaled-e1612782636905.jpg?fit=177%2C250&ssl=1","width":177,"height":250},{"@type":"WebPage","@id":"https://www.promusicsmallorca.org/es/catalogo-promusics/toni-rissos-soler/#webpage","url":"https://www.promusicsmallorca.org/es/catalogo-promusics/toni-rissos-soler/","name":"Toni Rissos Soler - ProM\u00fasics Mallorca","isPartOf":{"@id":"https://www.promusicsmallorca.org/#website"},"primaryImageOfPage":{"@id":"https://www.promusicsmallorca.org/es/catalogo-promusics/toni-rissos-soler/#primaryimage"},"datePublished":"2021-02-08T11:10:49+00:00","dateModified":"2022-03-20T15:00:11+00:00","inLanguage":"es","potentialAction":[{"@type":"ReadAction","target":["https://www.promusicsmallorca.org/es/catalogo-promusics/toni-rissos-soler/"]}]}]}</script>
<!-- / Yoast SEO Premium plugin. -->
