{"id":2107,"date":"2021-02-07T09:36:57","date_gmt":"2021-02-07T09:36:57","guid":{"rendered":"https:\/\/www.promusicsmallorca.org\/?post_type=product&#038;p=2107"},"modified":"2022-03-20T14:58:29","modified_gmt":"2022-03-20T14:58:29","slug":"sergi-selles-quintet","status":"publish","type":"product","link":"https:\/\/www.promusicsmallorca.org\/es\/catalogo-promusics\/sergi-selles-quintet\/","title":{"rendered":"Sergi Sell\u00e9s Quintet"},"content":{"rendered":"<p>Agrupaci\u00f3n nacida en 2013 fruto de las inquietudes expresivas del compositor para hacerlas llegar a todo el mundo, aunque no ha sido hasta en el 2017 cuando ha germinado la idea de mostrarlas al p\u00fablico. La l\u00ednea estil\u00edstica del grupo es una constante necesidad de innovar el jazz m\u00e1s tradicional que nos viene heredado, con los sonidos mediterr\u00e1neos resultantes de la mezcla entre las culturas que tuvieron lugar en la isla natal del compositor y de su innegable influencia cubana familiar. El estudio constante del jazz m\u00e1s actual, hecho a las ciudades de referencia mundial como son Nueva York, etc.<\/p>\n<pre style=\"text-align: center;\"><a href=\"https:\/\/www.youtube.com\/watch?v=Z5cv0vvfSXY\" target=\"_blank\" rel=\"noopener\">https:\/\/www.youtube.com\/watch?v=Z5cv0vvfSXY<\/a>\r\n<a href=\"https:\/\/www.youtube.com\/watch?v=Qv3RGrUsEcA\" target=\"_blank\" rel=\"noopener\">https:\/\/www.youtube.com\/watch?v=Qv3RGrUsEcA<\/a><\/pre>\n<p style=\"text-align: right;\">Sergi Selles: 696162749 \/ <a href=\"mailto:sergipiano@gmail.com\" target=\"_blank\" rel=\"noopener\">sergipiano@gmail.com<\/a><\/p>\n","protected":false},"excerpt":{"rendered":"<p style=\"text-align: center;\">Sergi Sell\u00e9s &#8211; piano<br \/>\nRuben Garc\u00eda &#8211; bater\u00eda<br \/>\nJerome Jirin &#8211; saxo<br \/>\nAlain S\u00e1nchez &#8211; contrabajo<br \/>\nNelson Bermudez &#8211; guitarra<\/p>\n","protected":false},"featured_media":2108,"template":"","meta":{"_et_pb_use_builder":"","_et_pb_old_content":"","_et_gb_content_width":""},"product_cat":[96],"product_tag":[92],"yoast_head":"<!-- This site is optimized with the Yoast SEO Premium plugin v15.7 - https:\/\/yoast.com\/wordpress\/plugins\/seo\/ -->\n<title>Sergi Sell\u00e9s Quintet - ProM\u00fasics Mallorca<\/title>\n<meta name=\"robots\" content=\"index, follow, max-snippet:-1, max-image-preview:large, max-video-preview:-1\" \/>\n<link rel=\"canonical\" href=\"https:\/\/www.promusicsmallorca.org\/es\/catalogo-promusics\/sergi-selles-quintet\/\" \/>\n<meta property=\"og:locale\" content=\"es_ES\" \/>\n<meta property=\"og:type\" content=\"article\" \/>\n<meta property=\"og:title\" content=\"Sergi Sell\u00e9s Quintet - ProM\u00fasics Mallorca\" \/>\n<meta property=\"og:description\" content=\"Sergi Sell\u00e9s - piano Ruben Garc\u00eda - bater\u00eda Jerome Jirin - saxo Alain S\u00e1nchez - contrabajo Nelson Bermudez - guitarra\" \/>\n<meta property=\"og:url\" content=\"https:\/\/www.promusicsmallorca.org\/es\/catalogo-promusics\/sergi-selles-quintet\/\" \/>\n<meta property=\"og:site_name\" content=\"ProM\u00fasics Mallorca\" \/>\n<meta property=\"article:publisher\" content=\"https:\/\/www.facebook.com\/promusicsmallorca\" \/>\n<meta property=\"article:modified_time\" content=\"2022-03-20T14:58:29+00:00\" \/>\n<meta property=\"og:image\" content=\"https:\/\/i0.wp.com\/www.promusicsmallorca.org\/wp-content\/uploads\/2021\/02\/IMG_4065-scaled-e1612690604430.jpg?fit=375%2C250&#038;ssl=1\" \/>\n\t<meta property=\"og:image:width\" content=\"375\" \/>\n\t<meta property=\"og:image:height\" content=\"250\" \/>\n<meta name=\"twitter:card\" content=\"summary_large_image\" \/>\n<meta name=\"twitter:label1\" content=\"Tiempo de lectura\">\n\t<meta name=\"twitter:data1\" content=\"1 minuto\">\n<script type=\"application\/ld+json\" class=\"yoast-schema-graph\">{\"@context\":\"https:\/\/schema.org\",\"@graph\":[{\"@type\":\"Organization\",\"@id\":\"https:\/\/www.promusicsmallorca.org\/#organization\",\"name\":\"ProM\\u00fasics Mallorca\",\"url\":\"https:\/\/www.promusicsmallorca.org\/\",\"sameAs\":[\"https:\/\/www.facebook.com\/promusicsmallorca\",\"https:\/\/www.instagram.com\/promusicsmallorca\/\",\"https:\/\/www.youtube.com\/channel\/UCWwttYA4JPovS2RZiGlHgpA\"],\"logo\":{\"@type\":\"ImageObject\",\"@id\":\"https:\/\/www.promusicsmallorca.org\/#logo\",\"inLanguage\":\"es\",\"url\":\"https:\/\/i0.wp.com\/www.promusicsmallorca.org\/wp-content\/uploads\/2021\/02\/image0.png?fit=10224%2C7725&ssl=1\",\"width\":10224,\"height\":7725,\"caption\":\"ProM\\u00fasics Mallorca\"},\"image\":{\"@id\":\"https:\/\/www.promusicsmallorca.org\/#logo\"}},{\"@type\":\"WebSite\",\"@id\":\"https:\/\/www.promusicsmallorca.org\/#website\",\"url\":\"https:\/\/www.promusicsmallorca.org\/\",\"name\":\"ProM\\u00fasics Mallorca\",\"description\":\"Associaci\\u00f3 de Professionals de la M\\u00fasica de Mallorca\",\"publisher\":{\"@id\":\"https:\/\/www.promusicsmallorca.org\/#organization\"},\"potentialAction\":[{\"@type\":\"SearchAction\",\"target\":\"https:\/\/www.promusicsmallorca.org\/?s={search_term_string}\",\"query-input\":\"required name=search_term_string\"}],\"inLanguage\":\"es\"},{\"@type\":\"ImageObject\",\"@id\":\"https:\/\/www.promusicsmallorca.org\/es\/catalogo-promusics\/sergi-selles-quintet\/#primaryimage\",\"inLanguage\":\"es\",\"url\":\"https:\/\/i0.wp.com\/www.promusicsmallorca.org\/wp-content\/uploads\/2021\/02\/IMG_4065-scaled-e1612690604430.jpg?fit=375%2C250&ssl=1\",\"width\":375,\"height\":250},{\"@type\":\"WebPage\",\"@id\":\"https:\/\/www.promusicsmallorca.org\/es\/catalogo-promusics\/sergi-selles-quintet\/#webpage\",\"url\":\"https:\/\/www.promusicsmallorca.org\/es\/catalogo-promusics\/sergi-selles-quintet\/\",\"name\":\"Sergi Sell\\u00e9s Quintet - ProM\\u00fasics Mallorca\",\"isPartOf\":{\"@id\":\"https:\/\/www.promusicsmallorca.org\/#website\"},\"primaryImageOfPage\":{\"@id\":\"https:\/\/www.promusicsmallorca.org\/es\/catalogo-promusics\/sergi-selles-quintet\/#primaryimage\"},\"datePublished\":\"2021-02-07T09:36:57+00:00\",\"dateModified\":\"2022-03-20T14:58:29+00:00\",\"inLanguage\":\"es\",\"potentialAction\":[{\"@type\":\"ReadAction\",\"target\":[\"https:\/\/www.promusicsmallorca.org\/es\/catalogo-promusics\/sergi-selles-quintet\/\"]}]}]}<\/script>\n<!-- \/ Yoast SEO Premium plugin. -->","jetpack_sharing_enabled":true,"_links":{"self":[{"href":"https:\/\/www.promusicsmallorca.org\/es\/wp-json\/wp\/v2\/product\/2107"}],"collection":[{"href":"https:\/\/www.promusicsmallorca.org\/es\/wp-json\/wp\/v2\/product"}],"about":[{"href":"https:\/\/www.promusicsmallorca.org\/es\/wp-json\/wp\/v2\/types\/product"}],"wp:featuredmedia":[{"embeddable":true,"href":"https:\/\/www.promusicsmallorca.org\/es\/wp-json\/wp\/v2\/media\/2108"}],"wp:attachment":[{"href":"https:\/\/www.promusicsmallorca.org\/es\/wp-json\/wp\/v2\/media?parent=2107"}],"wp:term":[{"taxonomy":"product_cat","embeddable":true,"href":"https:\/\/www.promusicsmallorca.org\/es\/wp-json\/wp\/v2\/product_cat?post=2107"},{"taxonomy":"product_tag","embeddable":true,"href":"https:\/\/www.promusicsmallorca.org\/es\/wp-json\/wp\/v2\/product_tag?post=2107"}],"curies":[{"name":"wp","href":"https:\/\/api.w.org\/{rel}","templated":true}]}}

Sergi Sellés Quintet

<p>Agrupación nacida en 2013 fruto de las inquietudes expresivas del compositor para hacerlas llegar a todo el mundo, aunque no ha sido hasta en el 2017 cuando ha germinado la idea de mostrarlas al público. La línea estilística del grupo es una constante necesidad de innovar el jazz más tradicional que nos viene heredado, con los sonidos mediterráneos resultantes de la mezcla entre las culturas que tuvieron lugar en la isla natal del compositor y de su innegable influencia cubana familiar. El estudio constante del jazz más actual, hecho a las ciudades de referencia mundial como son Nueva York, etc.</p>
<pre style="text-align: center;"><a href="https://www.youtube.com/watch?v=Z5cv0vvfSXY" target="_blank" rel="noopener">https://www.youtube.com/watch?v=Z5cv0vvfSXY</a>
<a href="https://www.youtube.com/watch?v=Qv3RGrUsEcA" target="_blank" rel="noopener">https://www.youtube.com/watch?v=Qv3RGrUsEcA</a></pre>
<p style="text-align: right;">Sergi Selles: 696162749 / <a href="mailto:sergipiano@gmail.com" target="_blank" rel="noopener">sergipiano@gmail.com</a></p>

<p style="text-align: center;">Sergi Sellés &#8211; piano<br />
Ruben García &#8211; batería<br />
Jerome Jirin &#8211; saxo<br />
Alain Sánchez &#8211; contrabajo<br />
Nelson Bermudez &#8211; guitarra</p>

<!-- This site is optimized with the Yoast SEO Premium plugin v15.7 - https://yoast.com/wordpress/plugins/seo/ -->
<title>Sergi Sellés Quintet - ProMúsics Mallorca</title>
<meta name="robots" content="index, follow, max-snippet:-1, max-image-preview:large, max-video-preview:-1" />
<link rel="canonical" href="https://www.promusicsmallorca.org/es/catalogo-promusics/sergi-selles-quintet/" />
<meta property="og:locale" content="es_ES" />
<meta property="og:type" content="article" />
<meta property="og:title" content="Sergi Sellés Quintet - ProMúsics Mallorca" />
<meta property="og:description" content="Sergi Sellés - piano Ruben García - batería Jerome Jirin - saxo Alain Sánchez - contrabajo Nelson Bermudez - guitarra" />
<meta property="og:url" content="https://www.promusicsmallorca.org/es/catalogo-promusics/sergi-selles-quintet/" />
<meta property="og:site_name" content="ProMúsics Mallorca" />
<meta property="article:publisher" content="https://www.facebook.com/promusicsmallorca" />
<meta property="article:modified_time" content="2022-03-20T14:58:29+00:00" />
<meta property="og:image" content="https://i0.wp.com/www.promusicsmallorca.org/wp-content/uploads/2021/02/IMG_4065-scaled-e1612690604430.jpg?fit=375%2C250&#038;ssl=1" />
	<meta property="og:image:width" content="375" />
	<meta property="og:image:height" content="250" />
<meta name="twitter:card" content="summary_large_image" />
<meta name="twitter:label1" content="Tiempo de lectura">
	<meta name="twitter:data1" content="1 minuto">
<script type="application/ld+json" class="yoast-schema-graph">{"@context":"https://schema.org","@graph":[{"@type":"Organization","@id":"https://www.promusicsmallorca.org/#organization","name":"ProM\u00fasics Mallorca","url":"https://www.promusicsmallorca.org/","sameAs":["https://www.facebook.com/promusicsmallorca","https://www.instagram.com/promusicsmallorca/","https://www.youtube.com/channel/UCWwttYA4JPovS2RZiGlHgpA"],"logo":{"@type":"ImageObject","@id":"https://www.promusicsmallorca.org/#logo","inLanguage":"es","url":"https://i0.wp.com/www.promusicsmallorca.org/wp-content/uploads/2021/02/image0.png?fit=10224%2C7725&ssl=1","width":10224,"height":7725,"caption":"ProM\u00fasics Mallorca"},"image":{"@id":"https://www.promusicsmallorca.org/#logo"}},{"@type":"WebSite","@id":"https://www.promusicsmallorca.org/#website","url":"https://www.promusicsmallorca.org/","name":"ProM\u00fasics Mallorca","description":"Associaci\u00f3 de Professionals de la M\u00fasica de Mallorca","publisher":{"@id":"https://www.promusicsmallorca.org/#organization"},"potentialAction":[{"@type":"SearchAction","target":"https://www.promusicsmallorca.org/?s={search_term_string}","query-input":"required name=search_term_string"}],"inLanguage":"es"},{"@type":"ImageObject","@id":"https://www.promusicsmallorca.org/es/catalogo-promusics/sergi-selles-quintet/#primaryimage","inLanguage":"es","url":"https://i0.wp.com/www.promusicsmallorca.org/wp-content/uploads/2021/02/IMG_4065-scaled-e1612690604430.jpg?fit=375%2C250&ssl=1","width":375,"height":250},{"@type":"WebPage","@id":"https://www.promusicsmallorca.org/es/catalogo-promusics/sergi-selles-quintet/#webpage","url":"https://www.promusicsmallorca.org/es/catalogo-promusics/sergi-selles-quintet/","name":"Sergi Sell\u00e9s Quintet - ProM\u00fasics Mallorca","isPartOf":{"@id":"https://www.promusicsmallorca.org/#website"},"primaryImageOfPage":{"@id":"https://www.promusicsmallorca.org/es/catalogo-promusics/sergi-selles-quintet/#primaryimage"},"datePublished":"2021-02-07T09:36:57+00:00","dateModified":"2022-03-20T14:58:29+00:00","inLanguage":"es","potentialAction":[{"@type":"ReadAction","target":["https://www.promusicsmallorca.org/es/catalogo-promusics/sergi-selles-quintet/"]}]}]}</script>
<!-- / Yoast SEO Premium plugin. -->
