{"id":2009,"date":"2021-02-06T08:11:00","date_gmt":"2021-02-06T08:11:00","guid":{"rendered":"https:\/\/www.promusicsmallorca.org\/?post_type=product&#038;p=2009"},"modified":"2022-03-20T17:37:16","modified_gmt":"2022-03-20T17:37:16","slug":"enric-pastor-co","status":"publish","type":"product","link":"https:\/\/www.promusicsmallorca.org\/es\/catalogo-promusics\/enric-pastor-co\/","title":{"rendered":"Enric Pastor &#038; Co"},"content":{"rendered":"<p>A lo largo de su trayectoria, Enric Pastor, compagina su labor como profesor de viol\u00edn en el Conservatorio de Mallorca con proyectos musicales de estilos diversos . Adem\u00e1s de formaciones de m\u00fasica cl\u00e1sica, ha trabajado el Jazz manouche, el tango, el flamenco, las m\u00fasicas del mundo y el blue grass . La fusi\u00f3n en el Jazz se ha diversificado en muchas corrientes en las que como elemento com\u00fan siempre se encuentra la improvisaci\u00f3n, es as\u00ed que las composiciones de Enric reflejan todas sus experiencias sonoras, encontramos elementos tanto de la m\u00fasica cl\u00e1sica, como de las m\u00fasicas del mundo, la m\u00fasica minimalista, el pop , el rock\u2026 Su primer trabajo discogr\u00e1fico titulado \u00abCanvis\u00bb en 2014 es el comienzo de una nueva etapa compositiva personal, su segundo trabajo \u00abMoments\u00bb editado en 2021 y galardonado con el Premi Enderrock 2021 de la m\u00fasica Balear al mejor disco de Jazz por votaci\u00f3n popular, es el camino hacia un estilo propio y un cuarteto ya consolidado. Le acompa\u00f1an al piano Sergi Sell\u00e9s, al contrabajo Wojtek Sobolewski, y a la bater\u00eda Jaume Ginard.<\/p>\n<pre style=\"text-align: center;\"><a href=\"https:\/\/enricpastorandco.es\/\" target=\"_blank\" rel=\"noopener\">https:\/\/enricpastorandco.es\/<\/a>\r\n<a href=\"https:\/\/open.spotify.com\/artist\/3rPAaMk3Mat0q8FPdXPNtd?si=MeKc6_6vQIOFY8iBpvUGRA\" target=\"_blank\" rel=\"noopener\">https:\/\/open.spotify.com\/artist\/3rPAaMk3Mat0q8FPdXPNtd?si=MeKc6_6vQIOFY8iBpvUGRA<\/a>\r\n<a href=\"https:\/\/www.facebook.com\/enricpastorandco\" target=\"_blank\" rel=\"noopener\">https:\/\/www.facebook.com\/enricpastorandco<\/a><\/pre>\n<p style=\"text-align: right;\">Enric: 616624717 \/ <a href=\"mailto:pastorsoude@hotmail.com\" target=\"_blank\" rel=\"noopener\">pastorsoude@hotmail.com<\/a><\/p>\n","protected":false},"excerpt":{"rendered":"<p style=\"text-align: center;\">Enric Pastor: Viol\u00edn<br \/>\nSergi Sell\u00e9s: Piano<br \/>\nWojtek Sobolewsky: Bajo<br \/>\nJaume Ginard: Bater\u00eda<\/p>\n","protected":false},"featured_media":3625,"template":"","meta":{"_et_pb_use_builder":"","_et_pb_old_content":"","_et_gb_content_width":""},"product_cat":[120,96],"product_tag":[72],"yoast_head":"<!-- This site is optimized with the Yoast SEO Premium plugin v15.7 - https:\/\/yoast.com\/wordpress\/plugins\/seo\/ -->\n<title>Enric Pastor &amp; Co - ProM\u00fasics Mallorca<\/title>\n<meta name=\"robots\" content=\"index, follow, max-snippet:-1, max-image-preview:large, max-video-preview:-1\" \/>\n<link rel=\"canonical\" href=\"https:\/\/www.promusicsmallorca.org\/es\/catalogo-promusics\/enric-pastor-co\/\" \/>\n<meta property=\"og:locale\" content=\"es_ES\" \/>\n<meta property=\"og:type\" content=\"article\" \/>\n<meta property=\"og:title\" content=\"Enric Pastor &amp; Co - ProM\u00fasics Mallorca\" \/>\n<meta property=\"og:description\" content=\"Enric Pastor: Viol\u00edn Sergi Sell\u00e9s: Piano Wojtek Sobolewsky: Bajo Jaume Ginard: Bater\u00eda\" \/>\n<meta property=\"og:url\" content=\"https:\/\/www.promusicsmallorca.org\/es\/catalogo-promusics\/enric-pastor-co\/\" \/>\n<meta property=\"og:site_name\" content=\"ProM\u00fasics Mallorca\" \/>\n<meta property=\"article:publisher\" content=\"https:\/\/www.facebook.com\/promusicsmallorca\" \/>\n<meta property=\"article:modified_time\" content=\"2022-03-20T17:37:16+00:00\" \/>\n<meta property=\"og:image\" content=\"https:\/\/i0.wp.com\/www.promusicsmallorca.org\/wp-content\/uploads\/2021\/02\/4E474D45-E7F1-4FE1-B0F9-E2A0A33A54D5.jpeg?fit=1600%2C1066&#038;ssl=1\" \/>\n\t<meta property=\"og:image:width\" content=\"1600\" \/>\n\t<meta property=\"og:image:height\" content=\"1066\" \/>\n<meta name=\"twitter:card\" content=\"summary_large_image\" \/>\n<meta name=\"twitter:label1\" content=\"Tiempo de lectura\">\n\t<meta name=\"twitter:data1\" content=\"1 minuto\">\n<script type=\"application\/ld+json\" class=\"yoast-schema-graph\">{\"@context\":\"https:\/\/schema.org\",\"@graph\":[{\"@type\":\"Organization\",\"@id\":\"https:\/\/www.promusicsmallorca.org\/#organization\",\"name\":\"ProM\\u00fasics Mallorca\",\"url\":\"https:\/\/www.promusicsmallorca.org\/\",\"sameAs\":[\"https:\/\/www.facebook.com\/promusicsmallorca\",\"https:\/\/www.instagram.com\/promusicsmallorca\/\",\"https:\/\/www.youtube.com\/channel\/UCWwttYA4JPovS2RZiGlHgpA\"],\"logo\":{\"@type\":\"ImageObject\",\"@id\":\"https:\/\/www.promusicsmallorca.org\/#logo\",\"inLanguage\":\"es\",\"url\":\"https:\/\/i0.wp.com\/www.promusicsmallorca.org\/wp-content\/uploads\/2021\/02\/image0.png?fit=10224%2C7725&ssl=1\",\"width\":10224,\"height\":7725,\"caption\":\"ProM\\u00fasics Mallorca\"},\"image\":{\"@id\":\"https:\/\/www.promusicsmallorca.org\/#logo\"}},{\"@type\":\"WebSite\",\"@id\":\"https:\/\/www.promusicsmallorca.org\/#website\",\"url\":\"https:\/\/www.promusicsmallorca.org\/\",\"name\":\"ProM\\u00fasics Mallorca\",\"description\":\"Associaci\\u00f3 de Professionals de la M\\u00fasica de Mallorca\",\"publisher\":{\"@id\":\"https:\/\/www.promusicsmallorca.org\/#organization\"},\"potentialAction\":[{\"@type\":\"SearchAction\",\"target\":\"https:\/\/www.promusicsmallorca.org\/?s={search_term_string}\",\"query-input\":\"required name=search_term_string\"}],\"inLanguage\":\"es\"},{\"@type\":\"ImageObject\",\"@id\":\"https:\/\/www.promusicsmallorca.org\/es\/catalogo-promusics\/enric-pastor-co\/#primaryimage\",\"inLanguage\":\"es\",\"url\":\"https:\/\/i0.wp.com\/www.promusicsmallorca.org\/wp-content\/uploads\/2021\/02\/4E474D45-E7F1-4FE1-B0F9-E2A0A33A54D5.jpeg?fit=1600%2C1066&ssl=1\",\"width\":1600,\"height\":1066},{\"@type\":\"WebPage\",\"@id\":\"https:\/\/www.promusicsmallorca.org\/es\/catalogo-promusics\/enric-pastor-co\/#webpage\",\"url\":\"https:\/\/www.promusicsmallorca.org\/es\/catalogo-promusics\/enric-pastor-co\/\",\"name\":\"Enric Pastor & Co - ProM\\u00fasics Mallorca\",\"isPartOf\":{\"@id\":\"https:\/\/www.promusicsmallorca.org\/#website\"},\"primaryImageOfPage\":{\"@id\":\"https:\/\/www.promusicsmallorca.org\/es\/catalogo-promusics\/enric-pastor-co\/#primaryimage\"},\"datePublished\":\"2021-02-06T08:11:00+00:00\",\"dateModified\":\"2022-03-20T17:37:16+00:00\",\"inLanguage\":\"es\",\"potentialAction\":[{\"@type\":\"ReadAction\",\"target\":[\"https:\/\/www.promusicsmallorca.org\/es\/catalogo-promusics\/enric-pastor-co\/\"]}]}]}<\/script>\n<!-- \/ Yoast SEO Premium plugin. -->","jetpack_sharing_enabled":true,"_links":{"self":[{"href":"https:\/\/www.promusicsmallorca.org\/es\/wp-json\/wp\/v2\/product\/2009"}],"collection":[{"href":"https:\/\/www.promusicsmallorca.org\/es\/wp-json\/wp\/v2\/product"}],"about":[{"href":"https:\/\/www.promusicsmallorca.org\/es\/wp-json\/wp\/v2\/types\/product"}],"wp:featuredmedia":[{"embeddable":true,"href":"https:\/\/www.promusicsmallorca.org\/es\/wp-json\/wp\/v2\/media\/3625"}],"wp:attachment":[{"href":"https:\/\/www.promusicsmallorca.org\/es\/wp-json\/wp\/v2\/media?parent=2009"}],"wp:term":[{"taxonomy":"product_cat","embeddable":true,"href":"https:\/\/www.promusicsmallorca.org\/es\/wp-json\/wp\/v2\/product_cat?post=2009"},{"taxonomy":"product_tag","embeddable":true,"href":"https:\/\/www.promusicsmallorca.org\/es\/wp-json\/wp\/v2\/product_tag?post=2009"}],"curies":[{"name":"wp","href":"https:\/\/api.w.org\/{rel}","templated":true}]}}

<p>A lo largo de su trayectoria, Enric Pastor, compagina su labor como profesor de violín en el Conservatorio de Mallorca con proyectos musicales de estilos diversos . Además de formaciones de música clásica, ha trabajado el Jazz manouche, el tango, el flamenco, las músicas del mundo y el blue grass . La fusión en el Jazz se ha diversificado en muchas corrientes en las que como elemento común siempre se encuentra la improvisación, es así que las composiciones de Enric reflejan todas sus experiencias sonoras, encontramos elementos tanto de la música clásica, como de las músicas del mundo, la música minimalista, el pop , el rock… Su primer trabajo discográfico titulado «Canvis» en 2014 es el comienzo de una nueva etapa compositiva personal, su segundo trabajo «Moments» editado en 2021 y galardonado con el Premi Enderrock 2021 de la música Balear al mejor disco de Jazz por votación popular, es el camino hacia un estilo propio y un cuarteto ya consolidado. Le acompañan al piano Sergi Sellés, al contrabajo Wojtek Sobolewski, y a la batería Jaume Ginard.</p>
<pre style="text-align: center;"><a href="https://enricpastorandco.es/" target="_blank" rel="noopener">https://enricpastorandco.es/</a>
<a href="https://open.spotify.com/artist/3rPAaMk3Mat0q8FPdXPNtd?si=MeKc6_6vQIOFY8iBpvUGRA" target="_blank" rel="noopener">https://open.spotify.com/artist/3rPAaMk3Mat0q8FPdXPNtd?si=MeKc6_6vQIOFY8iBpvUGRA</a>
<a href="https://www.facebook.com/enricpastorandco" target="_blank" rel="noopener">https://www.facebook.com/enricpastorandco</a></pre>
<p style="text-align: right;">Enric: 616624717 / <a href="mailto:pastorsoude@hotmail.com" target="_blank" rel="noopener">pastorsoude@hotmail.com</a></p>

<p style="text-align: center;">Enric Pastor: Violín<br />
Sergi Sellés: Piano<br />
Wojtek Sobolewsky: Bajo<br />
Jaume Ginard: Batería</p>

<!-- This site is optimized with the Yoast SEO Premium plugin v15.7 - https://yoast.com/wordpress/plugins/seo/ -->
<title>Enric Pastor &amp; Co - ProMúsics Mallorca</title>
<meta name="robots" content="index, follow, max-snippet:-1, max-image-preview:large, max-video-preview:-1" />
<link rel="canonical" href="https://www.promusicsmallorca.org/es/catalogo-promusics/enric-pastor-co/" />
<meta property="og:locale" content="es_ES" />
<meta property="og:type" content="article" />
<meta property="og:title" content="Enric Pastor &amp; Co - ProMúsics Mallorca" />
<meta property="og:description" content="Enric Pastor: Violín Sergi Sellés: Piano Wojtek Sobolewsky: Bajo Jaume Ginard: Batería" />
<meta property="og:url" content="https://www.promusicsmallorca.org/es/catalogo-promusics/enric-pastor-co/" />
<meta property="og:site_name" content="ProMúsics Mallorca" />
<meta property="article:publisher" content="https://www.facebook.com/promusicsmallorca" />
<meta property="article:modified_time" content="2022-03-20T17:37:16+00:00" />
<meta property="og:image" content="https://i0.wp.com/www.promusicsmallorca.org/wp-content/uploads/2021/02/4E474D45-E7F1-4FE1-B0F9-E2A0A33A54D5.jpeg?fit=1600%2C1066&#038;ssl=1" />
	<meta property="og:image:width" content="1600" />
	<meta property="og:image:height" content="1066" />
<meta name="twitter:card" content="summary_large_image" />
<meta name="twitter:label1" content="Tiempo de lectura">
	<meta name="twitter:data1" content="1 minuto">
<script type="application/ld+json" class="yoast-schema-graph">{"@context":"https://schema.org","@graph":[{"@type":"Organization","@id":"https://www.promusicsmallorca.org/#organization","name":"ProM\u00fasics Mallorca","url":"https://www.promusicsmallorca.org/","sameAs":["https://www.facebook.com/promusicsmallorca","https://www.instagram.com/promusicsmallorca/","https://www.youtube.com/channel/UCWwttYA4JPovS2RZiGlHgpA"],"logo":{"@type":"ImageObject","@id":"https://www.promusicsmallorca.org/#logo","inLanguage":"es","url":"https://i0.wp.com/www.promusicsmallorca.org/wp-content/uploads/2021/02/image0.png?fit=10224%2C7725&ssl=1","width":10224,"height":7725,"caption":"ProM\u00fasics Mallorca"},"image":{"@id":"https://www.promusicsmallorca.org/#logo"}},{"@type":"WebSite","@id":"https://www.promusicsmallorca.org/#website","url":"https://www.promusicsmallorca.org/","name":"ProM\u00fasics Mallorca","description":"Associaci\u00f3 de Professionals de la M\u00fasica de Mallorca","publisher":{"@id":"https://www.promusicsmallorca.org/#organization"},"potentialAction":[{"@type":"SearchAction","target":"https://www.promusicsmallorca.org/?s={search_term_string}","query-input":"required name=search_term_string"}],"inLanguage":"es"},{"@type":"ImageObject","@id":"https://www.promusicsmallorca.org/es/catalogo-promusics/enric-pastor-co/#primaryimage","inLanguage":"es","url":"https://i0.wp.com/www.promusicsmallorca.org/wp-content/uploads/2021/02/4E474D45-E7F1-4FE1-B0F9-E2A0A33A54D5.jpeg?fit=1600%2C1066&ssl=1","width":1600,"height":1066},{"@type":"WebPage","@id":"https://www.promusicsmallorca.org/es/catalogo-promusics/enric-pastor-co/#webpage","url":"https://www.promusicsmallorca.org/es/catalogo-promusics/enric-pastor-co/","name":"Enric Pastor & Co - ProM\u00fasics Mallorca","isPartOf":{"@id":"https://www.promusicsmallorca.org/#website"},"primaryImageOfPage":{"@id":"https://www.promusicsmallorca.org/es/catalogo-promusics/enric-pastor-co/#primaryimage"},"datePublished":"2021-02-06T08:11:00+00:00","dateModified":"2022-03-20T17:37:16+00:00","inLanguage":"es","potentialAction":[{"@type":"ReadAction","target":["https://www.promusicsmallorca.org/es/catalogo-promusics/enric-pastor-co/"]}]}]}</script>
<!-- / Yoast SEO Premium plugin. -->
