{"id":1917,"date":"2021-02-04T14:33:50","date_gmt":"2021-02-04T14:33:50","guid":{"rendered":"https:\/\/www.promusicsmallorca.org\/?post_type=product&#038;p=1917"},"modified":"2022-03-24T08:08:17","modified_gmt":"2022-03-24T08:08:17","slug":"ameyal","status":"publish","type":"product","link":"https:\/\/www.promusicsmallorca.org\/es\/catalogo-promusics\/ameyal\/","title":{"rendered":"Ameyal"},"content":{"rendered":"<p>Somos una agrupaci\u00f3n que ha comenzado a trabajar en diciembre del 2018. Hemos realizado un per\u00edodo de afianzamiento como tal, de conectar entre nosotros como artistas y con este estilo de m\u00fasica, lo que significa para nosotros y lo que queremos comunicar. El estrecho v\u00ednculo entre culturas, y la indiscutible similitud entre dichas culturas.Trabajamos un repertorio de versiones de world music en el que hacemos un recorrido musical por Latinoam\u00e9rica, \u00c1frica, Espa\u00f1a, etc. Construimos una recopilaci\u00f3n de canciones que tengan ra\u00edz, una conexi\u00f3n evidente con diferentes lugares del mundo.<\/p>\n<pre style=\"text-align: center;\"><a href=\"https:\/\/www.youtube.com\/watch?v=zun56BYqtVM\">https:\/\/www.youtube.com\/watch?v=zun56BYqtVM<\/a>\r\n<a href=\"https:\/\/www.instagram.com\/ameyalmusica\/\">https:\/\/www.instagram.com\/ameyalmusica\/<\/a><\/pre>\n<p style=\"text-align: right;\">Paola: 661 031522 \/ <a href=\"mailto:ameyalmusica@gmail.com\">ameyalmusica@gmail.com<\/a><\/p>\n","protected":false},"excerpt":{"rendered":"<p style=\"text-align: center;\">Alex Xela: guitarras, charango y coros<br \/>\nAlan Diaco: bajo y coros<br \/>\nFacundo Gauto: bater\u00eda y coros<br \/>\nPaola Guajardo Filz: Voz, shakers<\/p>\n","protected":false},"featured_media":3921,"template":"","meta":{"_et_pb_use_builder":"","_et_pb_old_content":"","_et_gb_content_width":""},"product_cat":[88],"product_tag":[72],"yoast_head":"<!-- This site is optimized with the Yoast SEO Premium plugin v15.7 - https:\/\/yoast.com\/wordpress\/plugins\/seo\/ -->\n<title>Ameyal - ProM\u00fasics Mallorca<\/title>\n<meta name=\"robots\" content=\"index, follow, max-snippet:-1, max-image-preview:large, max-video-preview:-1\" \/>\n<link rel=\"canonical\" href=\"https:\/\/www.promusicsmallorca.org\/es\/catalogo-promusics\/ameyal\/\" \/>\n<meta property=\"og:locale\" content=\"es_ES\" \/>\n<meta property=\"og:type\" content=\"article\" \/>\n<meta property=\"og:title\" content=\"Ameyal - ProM\u00fasics Mallorca\" \/>\n<meta property=\"og:description\" content=\"Alex Xela: guitarras, charango y coros Alan Diaco: bajo y coros Facundo Gauto: bater\u00eda y coros Paola Guajardo Filz: Voz, shakers\" \/>\n<meta property=\"og:url\" content=\"https:\/\/www.promusicsmallorca.org\/es\/catalogo-promusics\/ameyal\/\" \/>\n<meta property=\"og:site_name\" content=\"ProM\u00fasics Mallorca\" \/>\n<meta property=\"article:publisher\" content=\"https:\/\/www.facebook.com\/promusicsmallorca\" \/>\n<meta property=\"article:modified_time\" content=\"2022-03-24T08:08:17+00:00\" \/>\n<meta property=\"og:image\" content=\"https:\/\/i0.wp.com\/www.promusicsmallorca.org\/wp-content\/uploads\/2021\/02\/foto-ameyal-concierto-biniamar.jpg?fit=1131%2C1600&#038;ssl=1\" \/>\n\t<meta property=\"og:image:width\" content=\"1131\" \/>\n\t<meta property=\"og:image:height\" content=\"1600\" \/>\n<meta name=\"twitter:card\" content=\"summary_large_image\" \/>\n<meta name=\"twitter:label1\" content=\"Tiempo de lectura\">\n\t<meta name=\"twitter:data1\" content=\"1 minuto\">\n<script type=\"application\/ld+json\" class=\"yoast-schema-graph\">{\"@context\":\"https:\/\/schema.org\",\"@graph\":[{\"@type\":\"Organization\",\"@id\":\"https:\/\/www.promusicsmallorca.org\/#organization\",\"name\":\"ProM\\u00fasics Mallorca\",\"url\":\"https:\/\/www.promusicsmallorca.org\/\",\"sameAs\":[\"https:\/\/www.facebook.com\/promusicsmallorca\",\"https:\/\/www.instagram.com\/promusicsmallorca\/\",\"https:\/\/www.youtube.com\/channel\/UCWwttYA4JPovS2RZiGlHgpA\"],\"logo\":{\"@type\":\"ImageObject\",\"@id\":\"https:\/\/www.promusicsmallorca.org\/#logo\",\"inLanguage\":\"es\",\"url\":\"https:\/\/i0.wp.com\/www.promusicsmallorca.org\/wp-content\/uploads\/2021\/02\/image0.png?fit=10224%2C7725&ssl=1\",\"width\":10224,\"height\":7725,\"caption\":\"ProM\\u00fasics Mallorca\"},\"image\":{\"@id\":\"https:\/\/www.promusicsmallorca.org\/#logo\"}},{\"@type\":\"WebSite\",\"@id\":\"https:\/\/www.promusicsmallorca.org\/#website\",\"url\":\"https:\/\/www.promusicsmallorca.org\/\",\"name\":\"ProM\\u00fasics Mallorca\",\"description\":\"Associaci\\u00f3 de Professionals de la M\\u00fasica de Mallorca\",\"publisher\":{\"@id\":\"https:\/\/www.promusicsmallorca.org\/#organization\"},\"potentialAction\":[{\"@type\":\"SearchAction\",\"target\":\"https:\/\/www.promusicsmallorca.org\/?s={search_term_string}\",\"query-input\":\"required name=search_term_string\"}],\"inLanguage\":\"es\"},{\"@type\":\"ImageObject\",\"@id\":\"https:\/\/www.promusicsmallorca.org\/es\/catalogo-promusics\/ameyal\/#primaryimage\",\"inLanguage\":\"es\",\"url\":\"https:\/\/i0.wp.com\/www.promusicsmallorca.org\/wp-content\/uploads\/2021\/02\/foto-ameyal-concierto-biniamar.jpg?fit=1131%2C1600&ssl=1\",\"width\":1131,\"height\":1600},{\"@type\":\"WebPage\",\"@id\":\"https:\/\/www.promusicsmallorca.org\/es\/catalogo-promusics\/ameyal\/#webpage\",\"url\":\"https:\/\/www.promusicsmallorca.org\/es\/catalogo-promusics\/ameyal\/\",\"name\":\"Ameyal - ProM\\u00fasics Mallorca\",\"isPartOf\":{\"@id\":\"https:\/\/www.promusicsmallorca.org\/#website\"},\"primaryImageOfPage\":{\"@id\":\"https:\/\/www.promusicsmallorca.org\/es\/catalogo-promusics\/ameyal\/#primaryimage\"},\"datePublished\":\"2021-02-04T14:33:50+00:00\",\"dateModified\":\"2022-03-24T08:08:17+00:00\",\"inLanguage\":\"es\",\"potentialAction\":[{\"@type\":\"ReadAction\",\"target\":[\"https:\/\/www.promusicsmallorca.org\/es\/catalogo-promusics\/ameyal\/\"]}]}]}<\/script>\n<!-- \/ Yoast SEO Premium plugin. -->","jetpack_sharing_enabled":true,"_links":{"self":[{"href":"https:\/\/www.promusicsmallorca.org\/es\/wp-json\/wp\/v2\/product\/1917"}],"collection":[{"href":"https:\/\/www.promusicsmallorca.org\/es\/wp-json\/wp\/v2\/product"}],"about":[{"href":"https:\/\/www.promusicsmallorca.org\/es\/wp-json\/wp\/v2\/types\/product"}],"wp:featuredmedia":[{"embeddable":true,"href":"https:\/\/www.promusicsmallorca.org\/es\/wp-json\/wp\/v2\/media\/3921"}],"wp:attachment":[{"href":"https:\/\/www.promusicsmallorca.org\/es\/wp-json\/wp\/v2\/media?parent=1917"}],"wp:term":[{"taxonomy":"product_cat","embeddable":true,"href":"https:\/\/www.promusicsmallorca.org\/es\/wp-json\/wp\/v2\/product_cat?post=1917"},{"taxonomy":"product_tag","embeddable":true,"href":"https:\/\/www.promusicsmallorca.org\/es\/wp-json\/wp\/v2\/product_tag?post=1917"}],"curies":[{"name":"wp","href":"https:\/\/api.w.org\/{rel}","templated":true}]}}

<p>Somos una agrupación que ha comenzado a trabajar en diciembre del 2018. Hemos realizado un período de afianzamiento como tal, de conectar entre nosotros como artistas y con este estilo de música, lo que significa para nosotros y lo que queremos comunicar. El estrecho vínculo entre culturas, y la indiscutible similitud entre dichas culturas.Trabajamos un repertorio de versiones de world music en el que hacemos un recorrido musical por Latinoamérica, África, España, etc. Construimos una recopilación de canciones que tengan raíz, una conexión evidente con diferentes lugares del mundo.</p>
<pre style="text-align: center;"><a href="https://www.youtube.com/watch?v=zun56BYqtVM">https://www.youtube.com/watch?v=zun56BYqtVM</a>
<a href="https://www.instagram.com/ameyalmusica/">https://www.instagram.com/ameyalmusica/</a></pre>
<p style="text-align: right;">Paola: 661 031522 / <a href="mailto:ameyalmusica@gmail.com">ameyalmusica@gmail.com</a></p>

<p style="text-align: center;">Alex Xela: guitarras, charango y coros<br />
Alan Diaco: bajo y coros<br />
Facundo Gauto: batería y coros<br />
Paola Guajardo Filz: Voz, shakers</p>

<!-- This site is optimized with the Yoast SEO Premium plugin v15.7 - https://yoast.com/wordpress/plugins/seo/ -->
<title>Ameyal - ProMúsics Mallorca</title>
<meta name="robots" content="index, follow, max-snippet:-1, max-image-preview:large, max-video-preview:-1" />
<link rel="canonical" href="https://www.promusicsmallorca.org/es/catalogo-promusics/ameyal/" />
<meta property="og:locale" content="es_ES" />
<meta property="og:type" content="article" />
<meta property="og:title" content="Ameyal - ProMúsics Mallorca" />
<meta property="og:description" content="Alex Xela: guitarras, charango y coros Alan Diaco: bajo y coros Facundo Gauto: batería y coros Paola Guajardo Filz: Voz, shakers" />
<meta property="og:url" content="https://www.promusicsmallorca.org/es/catalogo-promusics/ameyal/" />
<meta property="og:site_name" content="ProMúsics Mallorca" />
<meta property="article:publisher" content="https://www.facebook.com/promusicsmallorca" />
<meta property="article:modified_time" content="2022-03-24T08:08:17+00:00" />
<meta property="og:image" content="https://i0.wp.com/www.promusicsmallorca.org/wp-content/uploads/2021/02/foto-ameyal-concierto-biniamar.jpg?fit=1131%2C1600&#038;ssl=1" />
	<meta property="og:image:width" content="1131" />
	<meta property="og:image:height" content="1600" />
<meta name="twitter:card" content="summary_large_image" />
<meta name="twitter:label1" content="Tiempo de lectura">
	<meta name="twitter:data1" content="1 minuto">
<script type="application/ld+json" class="yoast-schema-graph">{"@context":"https://schema.org","@graph":[{"@type":"Organization","@id":"https://www.promusicsmallorca.org/#organization","name":"ProM\u00fasics Mallorca","url":"https://www.promusicsmallorca.org/","sameAs":["https://www.facebook.com/promusicsmallorca","https://www.instagram.com/promusicsmallorca/","https://www.youtube.com/channel/UCWwttYA4JPovS2RZiGlHgpA"],"logo":{"@type":"ImageObject","@id":"https://www.promusicsmallorca.org/#logo","inLanguage":"es","url":"https://i0.wp.com/www.promusicsmallorca.org/wp-content/uploads/2021/02/image0.png?fit=10224%2C7725&ssl=1","width":10224,"height":7725,"caption":"ProM\u00fasics Mallorca"},"image":{"@id":"https://www.promusicsmallorca.org/#logo"}},{"@type":"WebSite","@id":"https://www.promusicsmallorca.org/#website","url":"https://www.promusicsmallorca.org/","name":"ProM\u00fasics Mallorca","description":"Associaci\u00f3 de Professionals de la M\u00fasica de Mallorca","publisher":{"@id":"https://www.promusicsmallorca.org/#organization"},"potentialAction":[{"@type":"SearchAction","target":"https://www.promusicsmallorca.org/?s={search_term_string}","query-input":"required name=search_term_string"}],"inLanguage":"es"},{"@type":"ImageObject","@id":"https://www.promusicsmallorca.org/es/catalogo-promusics/ameyal/#primaryimage","inLanguage":"es","url":"https://i0.wp.com/www.promusicsmallorca.org/wp-content/uploads/2021/02/foto-ameyal-concierto-biniamar.jpg?fit=1131%2C1600&ssl=1","width":1131,"height":1600},{"@type":"WebPage","@id":"https://www.promusicsmallorca.org/es/catalogo-promusics/ameyal/#webpage","url":"https://www.promusicsmallorca.org/es/catalogo-promusics/ameyal/","name":"Ameyal - ProM\u00fasics Mallorca","isPartOf":{"@id":"https://www.promusicsmallorca.org/#website"},"primaryImageOfPage":{"@id":"https://www.promusicsmallorca.org/es/catalogo-promusics/ameyal/#primaryimage"},"datePublished":"2021-02-04T14:33:50+00:00","dateModified":"2022-03-24T08:08:17+00:00","inLanguage":"es","potentialAction":[{"@type":"ReadAction","target":["https://www.promusicsmallorca.org/es/catalogo-promusics/ameyal/"]}]}]}</script>
<!-- / Yoast SEO Premium plugin. -->
